[Mon Jul 14 05:02:15.876424 2025] [autoindex:error] [pid 473:tid 473] [client 192.168.144.1:45444] AH01276: Cannot serve directory /var/www/html/: No matching DirectoryIndex (index.html,index.php) found, and server-generated directory index forbidden by Options directive
[Mon Jul 14 08:45:26.484015 2025] [php:error] [pid 475:tid 475] [client 192.168.144.1:39690] PHP Fatal error: Uncaught Error: Class "Doctrine\\Migrations\\AbstractMigration" not found in /var/www/html/migrations/Version20230315092742.php:13\nStack trace:\n#0 {main}\n thrown in /var/www/html/migrations/Version20230315092742.php on line 13
[Mon Jul 14 11:28:29.474483 2025] [php:error] [pid 369:tid 369] [client 192.168.144.1:54608] script '/var/www/html/info.php' not found or unable to stat
[Mon Jul 14 11:28:29.489341 2025] [php:error] [pid 369:tid 369] [client 192.168.144.1:54608] script '/var/www/html/phpinfo.php' not found or unable to stat
[Mon Jul 14 12:49:22.132287 2025] [autoindex:error] [pid 479:tid 479] [client 192.168.144.1:59560] AH01276: Cannot serve directory /var/www/html/: No matching DirectoryIndex (index.html,index.php) found, and server-generated directory index forbidden by Options directive
[Mon Jul 14 16:24:45.316807 2025] [autoindex:error] [pid 473:tid 473] [client 192.168.144.1:42010] AH01276: Cannot serve directory /var/www/html/: No matching DirectoryIndex (index.html,index.php) found, and server-generated directory index forbidden by Options directive
[Mon Jul 14 16:50:34.410430 2025] [autoindex:error] [pid 477:tid 477] [client 192.168.144.1:52660] AH01276: Cannot serve directory /var/www/html/: No matching DirectoryIndex (index.html,index.php) found, and server-generated directory index forbidden by Options directive
[Mon Jul 14 21:26:35.695421 2025] [autoindex:error] [pid 469:tid 469] [client 192.168.144.1:38826] AH01276: Cannot serve directory /var/www/html/: No matching DirectoryIndex (index.html,index.php) found, and server-generated directory index forbidden by Options directive, referer: http://api-data.test.mairie.cartelmatic.com/
[Tue Jul 15 00:43:13.403050 2025] [autoindex:error] [pid 469:tid 469] [client 192.168.144.1:53998] AH01276: Cannot serve directory /var/www/html/: No matching DirectoryIndex (index.html,index.php) found, and server-generated directory index forbidden by Options directive
[Tue Jul 15 01:01:40.077903 2025] [autoindex:error] [pid 369:tid 369] [client 192.168.144.1:39878] AH01276: Cannot serve directory /var/www/html/: No matching DirectoryIndex (index.html,index.php) found, and server-generated directory index forbidden by Options directive
[Tue Jul 15 01:32:57.582547 2025] [php:error] [pid 479:tid 479] [client 192.168.144.1:34614] PHP Fatal error: Uncaught Error: Class "Doctrine\\Migrations\\AbstractMigration" not found in /var/www/html/migrations/Version20230317145208.php:13\nStack trace:\n#0 {main}\n thrown in /var/www/html/migrations/Version20230317145208.php on line 13
[Tue Jul 15 04:04:44.135812 2025] [autoindex:error] [pid 467:tid 467] [client 192.168.144.1:51636] AH01276: Cannot serve directory /var/www/html/: No matching DirectoryIndex (index.html,index.php) found, and server-generated directory index forbidden by Options directive
[Tue Jul 15 04:05:08.270536 2025] [autoindex:error] [pid 457:tid 457] [client 192.168.144.1:36984] AH01276: Cannot serve directory /var/www/html/: No matching DirectoryIndex (index.html,index.php) found, and server-generated directory index forbidden by Options directive
[Tue Jul 15 05:53:04.643227 2025] [php:error] [pid 479:tid 479] [client 192.168.144.1:58384] PHP Fatal error: Uncaught Error: Class "Doctrine\\Migrations\\AbstractMigration" not found in /var/www/html/migrations/Version20221006114940.php:13\nStack trace:\n#0 {main}\n thrown in /var/www/html/migrations/Version20221006114940.php on line 13
[Tue Jul 15 07:42:03.761944 2025] [php:error] [pid 477:tid 477] [client 192.168.144.1:51082] script '/var/www/html/config/aws.php' not found or unable to stat
[Tue Jul 15 07:42:03.824007 2025] [php:error] [pid 477:tid 477] [client 192.168.144.1:51082] script '/var/www/html/ses_config.php' not found or unable to stat
[Tue Jul 15 07:42:03.855591 2025] [php:error] [pid 477:tid 477] [client 192.168.144.1:51082] script '/var/www/html/sendgrid.php' not found or unable to stat
[Tue Jul 15 07:42:03.879837 2025] [php:error] [pid 477:tid 477] [client 192.168.144.1:51082] script '/var/www/html/config/sendgrid.php' not found or unable to stat
[Tue Jul 15 07:42:03.888603 2025] [php:error] [pid 477:tid 477] [client 192.168.144.1:51082] script '/var/www/html/config/sendinblue.php' not found or unable to stat
[Tue Jul 15 07:42:03.955039 2025] [php:error] [pid 477:tid 477] [client 192.168.144.1:51082] script '/var/www/html/config/mailer.php' not found or unable to stat
[Tue Jul 15 07:42:03.962616 2025] [php:error] [pid 477:tid 477] [client 192.168.144.1:51082] script '/var/www/html/mailer_config.php' not found or unable to stat
[Tue Jul 15 07:42:03.985874 2025] [php:error] [pid 477:tid 477] [client 192.168.144.1:51082] script '/var/www/html/config/smtp.php' not found or unable to stat
[Tue Jul 15 07:42:04.039265 2025] [php:error] [pid 477:tid 477] [client 192.168.144.1:51082] script '/var/www/html/config.php.bak' not found or unable to stat
[Tue Jul 15 07:42:04.549478 2025] [php:error] [pid 477:tid 477] [client 192.168.144.1:51082] script '/var/www/html/config/database.php' not found or unable to stat
[Tue Jul 15 07:42:04.557426 2025] [php:error] [pid 477:tid 477] [client 192.168.144.1:51082] script '/var/www/html/config/mail.php' not found or unable to stat
[Tue Jul 15 07:42:04.564983 2025] [php:error] [pid 477:tid 477] [client 192.168.144.1:51082] script '/var/www/html/config/services.php' not found or unable to stat
[Tue Jul 15 07:42:04.609873 2025] [php:error] [pid 477:tid 477] [client 192.168.144.1:51082] script '/var/www/html/mail.php' not found or unable to stat
[Tue Jul 15 07:42:04.617439 2025] [php:error] [pid 477:tid 477] [client 192.168.144.1:51082] script '/var/www/html/mail-config.php' not found or unable to stat
[Tue Jul 15 07:42:04.627080 2025] [php:error] [pid 477:tid 477] [client 192.168.144.1:51082] script '/var/www/html/login.old.php' not found or unable to stat
[Tue Jul 15 07:42:04.634831 2025] [php:error] [pid 477:tid 477] [client 192.168.144.1:51082] script '/var/www/html/login.bak.php' not found or unable to stat
[Tue Jul 15 07:42:04.645097 2025] [php:error] [pid 477:tid 477] [client 192.168.144.1:51082] script '/var/www/html/index.old.php' not found or unable to stat
[Tue Jul 15 07:42:04.652554 2025] [php:error] [pid 477:tid 477] [client 192.168.144.1:51082] script '/var/www/html/index.bak.php' not found or unable to stat
[Tue Jul 15 07:42:04.660262 2025] [php:error] [pid 477:tid 477] [client 192.168.144.1:51082] script '/var/www/html/setup.php' not found or unable to stat
[Tue Jul 15 07:42:04.667709 2025] [php:error] [pid 477:tid 477] [client 192.168.144.1:51082] script '/var/www/html/init.php' not found or unable to stat
[Tue Jul 15 08:09:13.410896 2025] [autoindex:error] [pid 469:tid 469] [client 192.168.144.1:46282] AH01276: Cannot serve directory /var/www/html/: No matching DirectoryIndex (index.html,index.php) found, and server-generated directory index forbidden by Options directive
[Tue Jul 15 10:57:38.955053 2025] [autoindex:error] [pid 475:tid 475] [client 192.168.144.1:40250] AH01276: Cannot serve directory /var/www/html/: No matching DirectoryIndex (index.html,index.php) found, and server-generated directory index forbidden by Options directive
[Tue Jul 15 10:57:39.446834 2025] [php:error] [pid 475:tid 475] [client 192.168.144.1:40250] script '/var/www/html/xmlrpc.php' not found or unable to stat
[Tue Jul 15 15:12:22.352575 2025] [autoindex:error] [pid 369:tid 369] [client 192.168.144.1:54944] AH01276: Cannot serve directory /var/www/html/: No matching DirectoryIndex (index.html,index.php) found, and server-generated directory index forbidden by Options directive
[Tue Jul 15 15:44:07.115276 2025] [autoindex:error] [pid 477:tid 477] [client 192.168.144.1:39184] AH01276: Cannot serve directory /var/www/html/: No matching DirectoryIndex (index.html,index.php) found, and server-generated directory index forbidden by Options directive
[Tue Jul 15 16:18:01.864829 2025] [php:error] [pid 549:tid 549] [client 192.168.144.1:46586] script '/var/www/html/xmlrpc.php' not found or unable to stat, referer: https://aorticvalvestudy.heart-valve-surgery.com//wp-login.php
[Tue Jul 15 22:09:38.145317 2025] [autoindex:error] [pid 369:tid 369] [client 192.168.144.1:55858] AH01276: Cannot serve directory /var/www/html/: No matching DirectoryIndex (index.html,index.php) found, and server-generated directory index forbidden by Options directive
[Wed Jul 16 01:13:22.144078 2025] [autoindex:error] [pid 457:tid 457] [client 192.168.144.1:45244] AH01276: Cannot serve directory /var/www/html/: No matching DirectoryIndex (index.html,index.php) found, and server-generated directory index forbidden by Options directive
[Wed Jul 16 03:36:18.528292 2025] [autoindex:error] [pid 475:tid 475] [client 192.168.144.1:37030] AH01276: Cannot serve directory /var/www/html/: No matching DirectoryIndex (index.html,index.php) found, and server-generated directory index forbidden by Options directive
[Wed Jul 16 03:36:20.503537 2025] [php:error] [pid 475:tid 475] [client 192.168.144.1:37030] script '/var/www/html/xmlrpc.php' not found or unable to stat
[Wed Jul 16 04:16:21.743850 2025] [autoindex:error] [pid 549:tid 549] [client 192.168.144.1:52936] AH01276: Cannot serve directory /var/www/html/: No matching DirectoryIndex (index.html,index.php) found, and server-generated directory index forbidden by Options directive
[Wed Jul 16 05:24:58.197295 2025] [autoindex:error] [pid 369:tid 369] [client 192.168.144.1:38046] AH01276: Cannot serve directory /var/www/html/: No matching DirectoryIndex (index.html,index.php) found, and server-generated directory index forbidden by Options directive
[Wed Jul 16 05:25:01.798317 2025] [autoindex:error] [pid 369:tid 369] [client 192.168.144.1:38046] AH01276: Cannot serve directory /var/www/html/: No matching DirectoryIndex (index.html,index.php) found, and server-generated directory index forbidden by Options directive
[Wed Jul 16 05:25:06.142288 2025] [negotiation:error] [pid 369:tid 369] [client 192.168.144.1:38046] AH00690: no acceptable variant: /usr/share/httpd/error/HTTP_NOT_FOUND.html.var
[Wed Jul 16 05:25:13.063075 2025] [php:error] [pid 369:tid 369] [client 192.168.144.1:38046] script '/var/www/html/info.php' not found or unable to stat
[Wed Jul 16 05:25:13.684480 2025] [autoindex:error] [pid 369:tid 369] [client 192.168.144.1:38046] AH01276: Cannot serve directory /var/www/html/: No matching DirectoryIndex (index.html,index.php) found, and server-generated directory index forbidden by Options directive
[Wed Jul 16 11:28:13.530821 2025] [autoindex:error] [pid 457:tid 457] [client 192.168.144.1:52018] AH01276: Cannot serve directory /var/www/html/: No matching DirectoryIndex (index.html,index.php) found, and server-generated directory index forbidden by Options directive
[Wed Jul 16 12:48:00.318165 2025] [autoindex:error] [pid 473:tid 473] [client 192.168.144.1:34124] AH01276: Cannot serve directory /var/www/html/: No matching DirectoryIndex (index.html,index.php) found, and server-generated directory index forbidden by Options directive, referer: http://api-data.test.mairie.cartelmatic.com
[Wed Jul 16 15:22:24.297205 2025] [autoindex:error] [pid 477:tid 477] [client 192.168.144.1:53742] AH01276: Cannot serve directory /var/www/html/: No matching DirectoryIndex (index.html,index.php) found, and server-generated directory index forbidden by Options directive
[Wed Jul 16 15:23:19.371276 2025] [autoindex:error] [pid 477:tid 477] [client 192.168.144.1:53742] AH01276: Cannot serve directory /var/www/html/: No matching DirectoryIndex (index.html,index.php) found, and server-generated directory index forbidden by Options directive
[Wed Jul 16 15:23:23.708832 2025] [core:error] [pid 477:tid 477] [client 192.168.144.1:53742] AH10244: invalid URI path (/cgi-bin/../../../../../../../../../../bin/sh)
[Wed Jul 16 15:23:32.218490 2025] [authz_core:error] [pid 469:tid 469] [client 192.168.144.1:37612] AH01630: client denied by server configuration: /var/www/cgi-bin
[Wed Jul 16 22:45:22.165882 2025] [autoindex:error] [pid 549:tid 549] [client 192.168.144.1:43146] AH01276: Cannot serve directory /var/www/html/src/: No matching DirectoryIndex (index.html,index.php) found, and server-generated directory index forbidden by Options directive
[Thu Jul 17 00:12:18.214034 2025] [autoindex:error] [pid 467:tid 467] [client 192.168.144.1:41584] AH01276: Cannot serve directory /var/www/html/: No matching DirectoryIndex (index.html,index.php) found, and server-generated directory index forbidden by Options directive, referer: http://api-data.test.mairie.cartelmatic.com
[Thu Jul 17 17:56:44.741194 2025] [autoindex:error] [pid 477:tid 477] [client 192.168.144.1:52154] AH01276: Cannot serve directory /var/www/html/: No matching DirectoryIndex (index.html,index.php) found, and server-generated directory index forbidden by Options directive
[Thu Jul 17 18:41:23.534721 2025] [autoindex:error] [pid 469:tid 469] [client 192.168.144.1:43962] AH01276: Cannot serve directory /var/www/html/: No matching DirectoryIndex (index.html,index.php) found, and server-generated directory index forbidden by Options directive
[Thu Jul 17 18:41:24.416437 2025] [php:error] [pid 469:tid 469] [client 192.168.144.1:43962] script '/var/www/html/xmlrpc.php' not found or unable to stat
[Thu Jul 17 20:38:56.611448 2025] [autoindex:error] [pid 475:tid 475] [client 192.168.144.1:55008] AH01276: Cannot serve directory /var/www/html/: No matching DirectoryIndex (index.html,index.php) found, and server-generated directory index forbidden by Options directive, referer: http://api-data.test.mairie.cartelmatic.com
[Fri Jul 18 00:33:21.323080 2025] [autoindex:error] [pid 471:tid 471] [client 192.168.144.1:35610] AH01276: Cannot serve directory /var/www/html/: No matching DirectoryIndex (index.html,index.php) found, and server-generated directory index forbidden by Options directive
[Fri Jul 18 06:43:31.318836 2025] [php:error] [pid 477:tid 477] [client 192.168.144.1:52244] script '/var/www/html/webshell.php' not found or unable to stat
[Fri Jul 18 06:56:09.569826 2025] [php:error] [pid 469:tid 469] [client 192.168.144.1:49982] script '/var/www/html/shell.php' not found or unable to stat
[Fri Jul 18 12:41:16.425295 2025] [autoindex:error] [pid 549:tid 549] [client 192.168.144.1:47136] AH01276: Cannot serve directory /var/www/html/: No matching DirectoryIndex (index.html,index.php) found, and server-generated directory index forbidden by Options directive
[Fri Jul 18 12:41:20.184463 2025] [autoindex:error] [pid 549:tid 549] [client 192.168.144.1:47136] AH01276: Cannot serve directory /var/www/html/: No matching DirectoryIndex (index.html,index.php) found, and server-generated directory index forbidden by Options directive
[Fri Jul 18 12:41:24.605490 2025] [negotiation:error] [pid 549:tid 549] [client 192.168.144.1:47136] AH00690: no acceptable variant: /usr/share/httpd/error/HTTP_NOT_FOUND.html.var
[Fri Jul 18 12:41:31.568796 2025] [php:error] [pid 549:tid 549] [client 192.168.144.1:47136] script '/var/www/html/info.php' not found or unable to stat
[Fri Jul 18 12:41:32.187449 2025] [autoindex:error] [pid 549:tid 549] [client 192.168.144.1:47136] AH01276: Cannot serve directory /var/www/html/: No matching DirectoryIndex (index.html,index.php) found, and server-generated directory index forbidden by Options directive
[Fri Jul 18 13:55:50.971077 2025] [autoindex:error] [pid 471:tid 471] [client 192.168.144.1:39930] AH01276: Cannot serve directory /var/www/html/: No matching DirectoryIndex (index.html,index.php) found, and server-generated directory index forbidden by Options directive
[Fri Jul 18 18:48:17.975721 2025] [autoindex:error] [pid 369:tid 369] [client 192.168.144.1:40154] AH01276: Cannot serve directory /var/www/html/: No matching DirectoryIndex (index.html,index.php) found, and server-generated directory index forbidden by Options directive
[Fri Jul 18 18:48:38.176385 2025] [autoindex:error] [pid 457:tid 457] [client 192.168.144.1:50286] AH01276: Cannot serve directory /var/www/html/: No matching DirectoryIndex (index.html,index.php) found, and server-generated directory index forbidden by Options directive, referer: https://alwasl.gymrobo.com/phpmyadmin/
[Fri Jul 18 18:48:38.825443 2025] [php:error] [pid 457:tid 457] [client 192.168.144.1:50286] script '/var/www/html/adminer.php' not found or unable to stat
[Fri Jul 18 18:48:39.586622 2025] [autoindex:error] [pid 457:tid 457] [client 192.168.144.1:50286] AH01276: Cannot serve directory /var/www/html/: No matching DirectoryIndex (index.html,index.php) found, and server-generated directory index forbidden by Options directive
[Fri Jul 18 20:38:10.141914 2025] [autoindex:error] [pid 477:tid 477] [client 192.168.144.1:45844] AH01276: Cannot serve directory /var/www/html/config/packages/: No matching DirectoryIndex (index.html,index.php) found, and server-generated directory index forbidden by Options directive
[Fri Jul 18 21:01:41.134574 2025] [autoindex:error] [pid 469:tid 469] [client 192.168.144.1:52640] AH01276: Cannot serve directory /var/www/html/: No matching DirectoryIndex (index.html,index.php) found, and server-generated directory index forbidden by Options directive, referer: http://51.91.105.102:80/
[Sat Jul 19 04:31:18.462716 2025] [php:error] [pid 369:tid 369] [client 192.168.144.1:54234] script '/var/www/html/info.php' not found or unable to stat
[Sat Jul 19 04:31:18.501582 2025] [php:error] [pid 369:tid 369] [client 192.168.144.1:54234] script '/var/www/html/phpinfo.php' not found or unable to stat
[Sat Jul 19 04:31:18.591003 2025] [php:error] [pid 369:tid 369] [client 192.168.144.1:54234] script '/var/www/html/server-info.php' not found or unable to stat
[Sat Jul 19 04:31:18.654264 2025] [php:error] [pid 369:tid 369] [client 192.168.144.1:54234] script '/var/www/html/wp-config.php.bak' not found or unable to stat
[Sat Jul 19 05:22:51.784649 2025] [php:error] [pid 467:tid 467] [client 192.168.144.1:52180] PHP Fatal error: Uncaught Error: Class "Doctrine\\Migrations\\AbstractMigration" not found in /var/www/html/migrations/Version20221006114940.php:13\nStack trace:\n#0 {main}\n thrown in /var/www/html/migrations/Version20221006114940.php on line 13
[Sat Jul 19 10:04:47.697763 2025] [autoindex:error] [pid 477:tid 477] [client 192.168.144.1:59030] AH01276: Cannot serve directory /var/www/html/: No matching DirectoryIndex (index.html,index.php) found, and server-generated directory index forbidden by Options directive
[Sat Jul 19 10:04:50.003890 2025] [autoindex:error] [pid 477:tid 477] [client 192.168.144.1:59030] AH01276: Cannot serve directory /var/www/html/: No matching DirectoryIndex (index.html,index.php) found, and server-generated directory index forbidden by Options directive
[Sat Jul 19 10:04:52.809878 2025] [negotiation:error] [pid 477:tid 477] [client 192.168.144.1:59030] AH00690: no acceptable variant: /usr/share/httpd/error/HTTP_NOT_FOUND.html.var
[Sat Jul 19 10:04:57.158831 2025] [php:error] [pid 477:tid 477] [client 192.168.144.1:59030] script '/var/www/html/info.php' not found or unable to stat
[Sat Jul 19 10:04:57.558407 2025] [autoindex:error] [pid 477:tid 477] [client 192.168.144.1:59030] AH01276: Cannot serve directory /var/www/html/: No matching DirectoryIndex (index.html,index.php) found, and server-generated directory index forbidden by Options directive
[Sun Jul 20 04:05:31.976303 2025] [autoindex:error] [pid 469:tid 469] [client 192.168.144.1:36792] AH01276: Cannot serve directory /var/www/html/: No matching DirectoryIndex (index.html,index.php) found, and server-generated directory index forbidden by Options directive, referer: http://api-data.test.mairie.cartelmatic.com/
[Sun Jul 20 09:53:53.877708 2025] [autoindex:error] [pid 471:tid 471] [client 192.168.144.1:42708] AH01276: Cannot serve directory /var/www/html/: No matching DirectoryIndex (index.html,index.php) found, and server-generated directory index forbidden by Options directive
[Sun Jul 20 09:53:56.130027 2025] [autoindex:error] [pid 471:tid 471] [client 192.168.144.1:42708] AH01276: Cannot serve directory /var/www/html/: No matching DirectoryIndex (index.html,index.php) found, and server-generated directory index forbidden by Options directive
[Sun Jul 20 09:53:58.846082 2025] [negotiation:error] [pid 471:tid 471] [client 192.168.144.1:42708] AH00690: no acceptable variant: /usr/share/httpd/error/HTTP_NOT_FOUND.html.var
[Sun Jul 20 09:54:03.056228 2025] [php:error] [pid 471:tid 471] [client 192.168.144.1:42708] script '/var/www/html/info.php' not found or unable to stat
[Sun Jul 20 09:54:03.449779 2025] [autoindex:error] [pid 471:tid 471] [client 192.168.144.1:42708] AH01276: Cannot serve directory /var/www/html/: No matching DirectoryIndex (index.html,index.php) found, and server-generated directory index forbidden by Options directive
[Sun Jul 20 12:20:25.985036 2025] [php:error] [pid 467:tid 467] [client 192.168.144.1:51652] PHP Fatal error: Uncaught Error: Class "Doctrine\\Migrations\\AbstractMigration" not found in /var/www/html/migrations/Version20221006114940.php:13\nStack trace:\n#0 {main}\n thrown in /var/www/html/migrations/Version20221006114940.php on line 13
[Sun Jul 20 13:48:12.551397 2025] [autoindex:error] [pid 473:tid 473] [client 192.168.144.1:36208] AH01276: Cannot serve directory /var/www/html/: No matching DirectoryIndex (index.html,index.php) found, and server-generated directory index forbidden by Options directive
[Sun Jul 20 22:03:26.777199 2025] [autoindex:error] [pid 475:tid 475] [client 192.168.144.1:53612] AH01276: Cannot serve directory /var/www/html/: No matching DirectoryIndex (index.html,index.php) found, and server-generated directory index forbidden by Options directive
[Sun Jul 20 22:03:28.678422 2025] [autoindex:error] [pid 475:tid 475] [client 192.168.144.1:53612] AH01276: Cannot serve directory /var/www/html/: No matching DirectoryIndex (index.html,index.php) found, and server-generated directory index forbidden by Options directive
[Sun Jul 20 22:03:30.992973 2025] [negotiation:error] [pid 475:tid 475] [client 192.168.144.1:53612] AH00690: no acceptable variant: /usr/share/httpd/error/HTTP_NOT_FOUND.html.var
[Sun Jul 20 22:03:34.589197 2025] [php:error] [pid 475:tid 475] [client 192.168.144.1:53612] script '/var/www/html/info.php' not found or unable to stat
[Sun Jul 20 22:03:34.920143 2025] [autoindex:error] [pid 475:tid 475] [client 192.168.144.1:53612] AH01276: Cannot serve directory /var/www/html/: No matching DirectoryIndex (index.html,index.php) found, and server-generated directory index forbidden by Options directive
[Mon Jul 21 05:07:37.654237 2025] [autoindex:error] [pid 471:tid 471] [client 192.168.144.1:43144] AH01276: Cannot serve directory /var/www/html/: No matching DirectoryIndex (index.html,index.php) found, and server-generated directory index forbidden by Options directive
[Mon Jul 21 05:07:58.723850 2025] [autoindex:error] [pid 467:tid 467] [client 192.168.144.1:49712] AH01276: Cannot serve directory /var/www/html/: No matching DirectoryIndex (index.html,index.php) found, and server-generated directory index forbidden by Options directive, referer: https://app.learnit.how/phpmyadmin/
[Mon Jul 21 05:07:59.188028 2025] [php:error] [pid 467:tid 467] [client 192.168.144.1:49712] script '/var/www/html/adminer.php' not found or unable to stat
[Mon Jul 21 05:07:59.576364 2025] [autoindex:error] [pid 467:tid 467] [client 192.168.144.1:49712] AH01276: Cannot serve directory /var/www/html/: No matching DirectoryIndex (index.html,index.php) found, and server-generated directory index forbidden by Options directive
[Mon Jul 21 11:10:24.990005 2025] [autoindex:error] [pid 479:tid 479] [client 192.168.144.1:54452] AH01276: Cannot serve directory /var/www/html/: No matching DirectoryIndex (index.html,index.php) found, and server-generated directory index forbidden by Options directive
[Mon Jul 21 12:42:23.170953 2025] [autoindex:error] [pid 473:tid 473] [client 192.168.144.1:60480] AH01276: Cannot serve directory /var/www/html/: No matching DirectoryIndex (index.html,index.php) found, and server-generated directory index forbidden by Options directive
[Mon Jul 21 14:12:51.807815 2025] [autoindex:error] [pid 477:tid 477] [client 192.168.144.1:56574] AH01276: Cannot serve directory /var/www/html/: No matching DirectoryIndex (index.html,index.php) found, and server-generated directory index forbidden by Options directive
[Mon Jul 21 14:12:53.314667 2025] [autoindex:error] [pid 477:tid 477] [client 192.168.144.1:56574] AH01276: Cannot serve directory /var/www/html/: No matching DirectoryIndex (index.html,index.php) found, and server-generated directory index forbidden by Options directive
[Mon Jul 21 18:20:08.388995 2025] [autoindex:error] [pid 469:tid 469] [client 192.168.144.1:49134] AH01276: Cannot serve directory /var/www/html/: No matching DirectoryIndex (index.html,index.php) found, and server-generated directory index forbidden by Options directive
[Mon Jul 21 22:35:04.721470 2025] [autoindex:error] [pid 549:tid 549] [client 192.168.144.1:44958] AH01276: Cannot serve directory /var/www/html/: No matching DirectoryIndex (index.html,index.php) found, and server-generated directory index forbidden by Options directive
[Tue Jul 22 01:38:36.112816 2025] [autoindex:error] [pid 457:tid 457] [client 192.168.144.1:34702] AH01276: Cannot serve directory /var/www/html/: No matching DirectoryIndex (index.html,index.php) found, and server-generated directory index forbidden by Options directive
[Tue Jul 22 04:46:00.066969 2025] [autoindex:error] [pid 477:tid 477] [client 192.168.144.1:40942] AH01276: Cannot serve directory /var/www/html/: No matching DirectoryIndex (index.html,index.php) found, and server-generated directory index forbidden by Options directive, referer: http://api-data.test.mairie.cartelmatic.com
[Tue Jul 22 11:28:09.395496 2025] [php:error] [pid 475:tid 475] [client 192.168.144.1:42678] PHP Fatal error: Uncaught Error: Class "Doctrine\\Migrations\\AbstractMigration" not found in /var/www/html/migrations/Version20230315092742.php:13\nStack trace:\n#0 {main}\n thrown in /var/www/html/migrations/Version20230315092742.php on line 13
[Tue Jul 22 11:57:37.192615 2025] [autoindex:error] [pid 549:tid 549] [client 192.168.144.1:46808] AH01276: Cannot serve directory /var/www/html/: No matching DirectoryIndex (index.html,index.php) found, and server-generated directory index forbidden by Options directive
[Tue Jul 22 12:44:13.002671 2025] [php:error] [pid 471:tid 471] [client 192.168.144.1:33212] PHP Fatal error: Uncaught Error: Class "Doctrine\\Migrations\\AbstractMigration" not found in /var/www/html/migrations/Version20220621142513.php:13\nStack trace:\n#0 {main}\n thrown in /var/www/html/migrations/Version20220621142513.php on line 13
[Tue Jul 22 12:48:52.606048 2025] [autoindex:error] [pid 369:tid 369] [client 192.168.144.1:54080] AH01276: Cannot serve directory /var/www/html/: No matching DirectoryIndex (index.html,index.php) found, and server-generated directory index forbidden by Options directive
[Tue Jul 22 15:48:43.330458 2025] [autoindex:error] [pid 477:tid 477] [client 192.168.144.1:58002] AH01276: Cannot serve directory /var/www/html/: No matching DirectoryIndex (index.html,index.php) found, and server-generated directory index forbidden by Options directive
[Tue Jul 22 15:48:43.649736 2025] [autoindex:error] [pid 477:tid 477] [client 192.168.144.1:58002] AH01276: Cannot serve directory /var/www/html/: No matching DirectoryIndex (index.html,index.php) found, and server-generated directory index forbidden by Options directive
[Tue Jul 22 15:48:44.119284 2025] [negotiation:error] [pid 477:tid 477] [client 192.168.144.1:58002] AH00690: no acceptable variant: /usr/share/httpd/error/HTTP_NOT_FOUND.html.var
[Tue Jul 22 15:48:44.708902 2025] [php:error] [pid 477:tid 477] [client 192.168.144.1:58002] script '/var/www/html/info.php' not found or unable to stat
[Tue Jul 22 15:48:44.755295 2025] [autoindex:error] [pid 477:tid 477] [client 192.168.144.1:58002] AH01276: Cannot serve directory /var/www/html/: No matching DirectoryIndex (index.html,index.php) found, and server-generated directory index forbidden by Options directive
[Wed Jul 23 02:58:25.836077 2025] [autoindex:error] [pid 549:tid 549] [client 192.168.144.1:36016] AH01276: Cannot serve directory /var/www/html/: No matching DirectoryIndex (index.html,index.php) found, and server-generated directory index forbidden by Options directive
[Wed Jul 23 08:02:19.530113 2025] [autoindex:error] [pid 457:tid 457] [client 192.168.144.1:37334] AH01276: Cannot serve directory /var/www/html/: No matching DirectoryIndex (index.html,index.php) found, and server-generated directory index forbidden by Options directive
[Wed Jul 23 08:04:43.953013 2025] [autoindex:error] [pid 479:tid 479] [client 192.168.144.1:48420] AH01276: Cannot serve directory /var/www/html/: No matching DirectoryIndex (index.html,index.php) found, and server-generated directory index forbidden by Options directive
[Wed Jul 23 08:04:44.474424 2025] [autoindex:error] [pid 479:tid 479] [client 192.168.144.1:48420] AH01276: Cannot serve directory /var/www/html/: No matching DirectoryIndex (index.html,index.php) found, and server-generated directory index forbidden by Options directive
[Wed Jul 23 08:04:45.566453 2025] [negotiation:error] [pid 479:tid 479] [client 192.168.144.1:48420] AH00690: no acceptable variant: /usr/share/httpd/error/HTTP_NOT_FOUND.html.var
[Wed Jul 23 08:04:46.642346 2025] [php:error] [pid 479:tid 479] [client 192.168.144.1:48420] script '/var/www/html/info.php' not found or unable to stat
[Wed Jul 23 08:04:46.741998 2025] [autoindex:error] [pid 479:tid 479] [client 192.168.144.1:48420] AH01276: Cannot serve directory /var/www/html/: No matching DirectoryIndex (index.html,index.php) found, and server-generated directory index forbidden by Options directive
[Wed Jul 23 11:55:57.935679 2025] [autoindex:error] [pid 473:tid 473] [client 192.168.144.1:44234] AH01276: Cannot serve directory /var/www/html/templates/: No matching DirectoryIndex (index.html,index.php) found, and server-generated directory index forbidden by Options directive
[Wed Jul 23 12:30:13.369945 2025] [php:error] [pid 477:tid 477] [client 192.168.144.1:46262] script '/var/www/html/webshell.php' not found or unable to stat
[Wed Jul 23 12:32:05.984469 2025] [php:error] [pid 469:tid 469] [client 192.168.144.1:49908] script '/var/www/html/shell.php' not found or unable to stat
[Wed Jul 23 12:35:58.324653 2025] [php:error] [pid 475:tid 475] [client 192.168.144.1:44368] PHP Fatal error: Uncaught Error: Class "Doctrine\\Migrations\\AbstractMigration" not found in /var/www/html/migrations/Version20221006114940.php:13\nStack trace:\n#0 {main}\n thrown in /var/www/html/migrations/Version20221006114940.php on line 13
[Wed Jul 23 13:52:00.664622 2025] [php:error] [pid 369:tid 369] [client 192.168.144.1:43294] PHP Fatal error: Uncaught Error: Class "Doctrine\\Migrations\\AbstractMigration" not found in /var/www/html/migrations/Version20230315092742.php:13\nStack trace:\n#0 {main}\n thrown in /var/www/html/migrations/Version20230315092742.php on line 13
[Wed Jul 23 13:54:49.445685 2025] [autoindex:error] [pid 467:tid 467] [client 192.168.144.1:60854] AH01276: Cannot serve directory /var/www/html/: No matching DirectoryIndex (index.html,index.php) found, and server-generated directory index forbidden by Options directive
[Wed Jul 23 15:59:38.764453 2025] [autoindex:error] [pid 473:tid 473] [client 192.168.144.1:56890] AH01276: Cannot serve directory /var/www/html/: No matching DirectoryIndex (index.html,index.php) found, and server-generated directory index forbidden by Options directive
[Wed Jul 23 15:59:39.803694 2025] [php:error] [pid 473:tid 473] [client 192.168.144.1:56890] script '/var/www/html/phpinfo.php' not found or unable to stat
[Wed Jul 23 15:59:39.814297 2025] [php:error] [pid 473:tid 473] [client 192.168.144.1:56890] script '/var/www/html/test.php' not found or unable to stat
[Wed Jul 23 15:59:40.521881 2025] [autoindex:error] [pid 473:tid 473] [client 192.168.144.1:56890] AH01276: Cannot serve directory /var/www/html/config/: No matching DirectoryIndex (index.html,index.php) found, and server-generated directory index forbidden by Options directive
[Wed Jul 23 15:59:40.558892 2025] [php:error] [pid 473:tid 473] [client 192.168.144.1:56890] script '/var/www/html/app_dev.php' not found or unable to stat
[Wed Jul 23 15:59:40.576007 2025] [php:error] [pid 473:tid 473] [client 192.168.144.1:56890] script '/var/www/html/index.php' not found or unable to stat
[Wed Jul 23 15:59:41.495591 2025] [php:error] [pid 473:tid 473] [client 192.168.144.1:56890] script '/var/www/html/config/config.php' not found or unable to stat
[Wed Jul 23 15:59:41.506211 2025] [php:error] [pid 473:tid 473] [client 192.168.144.1:56890] script '/var/www/html/index.php' not found or unable to stat
[Wed Jul 23 15:59:42.750674 2025] [php:error] [pid 473:tid 473] [client 192.168.144.1:56890] script '/var/www/html/info.php' not found or unable to stat
[Wed Jul 23 15:59:44.723165 2025] [php:error] [pid 473:tid 473] [client 192.168.144.1:56890] script '/var/www/html/php_info.php' not found or unable to stat
[Wed Jul 23 15:59:44.742408 2025] [php:error] [pid 473:tid 473] [client 192.168.144.1:56890] script '/var/www/html/test2.php' not found or unable to stat
[Wed Jul 23 15:59:44.751528 2025] [autoindex:error] [pid 473:tid 473] [client 192.168.144.1:56890] AH01276: Cannot serve directory /var/www/html/: No matching DirectoryIndex (index.html,index.php) found, and server-generated directory index forbidden by Options directive
[Wed Jul 23 15:59:44.761022 2025] [php:error] [pid 473:tid 473] [client 192.168.144.1:56890] script '/var/www/html/test1.php' not found or unable to stat
[Wed Jul 23 15:59:46.690244 2025] [php:error] [pid 473:tid 473] [client 192.168.144.1:56890] script '/var/www/html/wp-config.php' not found or unable to stat
[Wed Jul 23 15:59:46.706887 2025] [php:error] [pid 473:tid 473] [client 192.168.144.1:56890] script '/var/www/html/frontend_dev.php' not found or unable to stat
[Wed Jul 23 15:59:46.736810 2025] [php:error] [pid 473:tid 473] [client 192.168.144.1:56890] script '/var/www/html/phpversion.php' not found or unable to stat
[Wed Jul 23 15:59:51.127594 2025] [php:error] [pid 473:tid 473] [client 192.168.144.1:56890] script '/var/www/html/config.php' not found or unable to stat
[Wed Jul 23 15:59:53.215482 2025] [php:error] [pid 473:tid 473] [client 192.168.144.1:56890] script '/var/www/html/php-info.php' not found or unable to stat
[Wed Jul 23 15:59:53.235424 2025] [autoindex:error] [pid 473:tid 473] [client 192.168.144.1:56890] AH01276: Cannot serve directory /var/www/html/: No matching DirectoryIndex (index.html,index.php) found, and server-generated directory index forbidden by Options directive
[Wed Jul 23 15:59:53.245117 2025] [autoindex:error] [pid 473:tid 473] [client 192.168.144.1:56890] AH01276: Cannot serve directory /var/www/html/: No matching DirectoryIndex (index.html,index.php) found, and server-generated directory index forbidden by Options directive
[Wed Jul 23 15:59:53.262025 2025] [php:error] [pid 473:tid 473] [client 192.168.144.1:56890] script '/var/www/html/php.php' not found or unable to stat
[Wed Jul 23 15:59:59.720969 2025] [php:error] [pid 477:tid 477] [client 192.168.144.1:40540] script '/var/www/html/config/app.php' not found or unable to stat
[Wed Jul 23 15:59:59.726099 2025] [php:error] [pid 477:tid 477] [client 192.168.144.1:40540] script '/var/www/html/config/database.php' not found or unable to stat
[Wed Jul 23 15:59:59.731241 2025] [php:error] [pid 477:tid 477] [client 192.168.144.1:40540] script '/var/www/html/config/mail.php' not found or unable to stat
[Wed Jul 23 15:59:59.736569 2025] [php:error] [pid 477:tid 477] [client 192.168.144.1:40540] script '/var/www/html/config/cache.php' not found or unable to stat
[Wed Jul 23 15:59:59.742068 2025] [php:error] [pid 477:tid 477] [client 192.168.144.1:40540] script '/var/www/html/config/queue.php' not found or unable to stat
[Wed Jul 23 15:59:59.750689 2025] [php:error] [pid 477:tid 477] [client 192.168.144.1:40540] script '/var/www/html/config/session.php' not found or unable to stat
[Wed Jul 23 15:59:59.781154 2025] [php:error] [pid 477:tid 477] [client 192.168.144.1:40540] script '/var/www/html/config/view.php' not found or unable to stat
[Wed Jul 23 15:59:59.788679 2025] [php:error] [pid 477:tid 477] [client 192.168.144.1:40540] script '/var/www/html/config/auth.php' not found or unable to stat
[Wed Jul 23 16:00:01.403615 2025] [php:error] [pid 477:tid 477] [client 192.168.144.1:40540] script '/var/www/html/config/filesystems.php' not found or unable to stat
[Wed Jul 23 16:00:01.413026 2025] [php:error] [pid 477:tid 477] [client 192.168.144.1:40540] script '/var/www/html/config/services.php' not found or unable to stat
[Wed Jul 23 16:00:13.361944 2025] [php:error] [pid 469:tid 469] [client 192.168.144.1:44226] script '/var/www/html/config/broadcasting.php' not found or unable to stat
[Wed Jul 23 16:00:15.550713 2025] [php:error] [pid 469:tid 469] [client 192.168.144.1:44226] script '/var/www/html/config/app_local.php' not found or unable to stat
[Wed Jul 23 16:00:54.664164 2025] [php:error] [pid 475:tid 475] [client 192.168.144.1:37028] script '/var/www/html/config/app.default.php' not found or unable to stat
[Wed Jul 23 16:00:54.672003 2025] [php:error] [pid 475:tid 475] [client 192.168.144.1:37028] script '/var/www/html/config/routes.php' not found or unable to stat
[Wed Jul 23 16:00:54.679657 2025] [php:error] [pid 475:tid 475] [client 192.168.144.1:37028] script '/var/www/html/config/paths.php' not found or unable to stat
[Wed Jul 23 16:00:54.687214 2025] [php:error] [pid 475:tid 475] [client 192.168.144.1:37028] script '/var/www/html/config/env.php' not found or unable to stat
[Wed Jul 23 16:00:54.694689 2025] [php:error] [pid 475:tid 475] [client 192.168.144.1:37028] script '/var/www/html/config/cli_bootstrap.php' not found or unable to stat
[Wed Jul 23 16:00:54.702588 2025] [php:error] [pid 475:tid 475] [client 192.168.144.1:37028] script '/var/www/html/config/requirements.php' not found or unable to stat
[Wed Jul 23 16:00:59.724294 2025] [php:error] [pid 475:tid 475] [client 192.168.144.1:37028] script '/var/www/html/config/application.config.php' not found or unable to stat
[Wed Jul 23 16:00:59.731823 2025] [php:error] [pid 475:tid 475] [client 192.168.144.1:37028] script '/var/www/html/config/module.config.php' not found or unable to stat
[Wed Jul 23 16:01:02.098360 2025] [php:error] [pid 475:tid 475] [client 192.168.144.1:37028] script '/var/www/html/config/database.config.php' not found or unable to stat
[Wed Jul 23 16:01:02.177620 2025] [php:error] [pid 475:tid 475] [client 192.168.144.1:37028] script '/var/www/html/config/development.config.php' not found or unable to stat
[Wed Jul 23 16:01:02.185728 2025] [php:error] [pid 475:tid 475] [client 192.168.144.1:37028] script '/var/www/html/config/production.config.php' not found or unable to stat
[Wed Jul 23 16:01:02.193263 2025] [php:error] [pid 475:tid 475] [client 192.168.144.1:37028] script '/var/www/html/config/test.config.php' not found or unable to stat
[Wed Jul 23 16:01:02.200991 2025] [php:error] [pid 475:tid 475] [client 192.168.144.1:37028] script '/var/www/html/config/security.config.php' not found or unable to stat
[Wed Jul 23 16:01:02.208244 2025] [php:error] [pid 475:tid 475] [client 192.168.144.1:37028] script '/var/www/html/config/acl.config.php' not found or unable to stat
[Wed Jul 23 16:01:14.320410 2025] [php:error] [pid 549:tid 549] [client 192.168.144.1:40396] script '/var/www/html/infophp.php' not found or unable to stat
[Wed Jul 23 16:01:14.325608 2025] [php:error] [pid 549:tid 549] [client 192.168.144.1:40396] script '/var/www/html/i.php' not found or unable to stat
[Wed Jul 23 16:01:16.178307 2025] [php:error] [pid 549:tid 549] [client 192.168.144.1:40396] script '/var/www/html/asdf.php' not found or unable to stat
[Wed Jul 23 16:01:16.187645 2025] [php:error] [pid 549:tid 549] [client 192.168.144.1:40396] script '/var/www/html/pinfo.php' not found or unable to stat
[Wed Jul 23 16:01:16.194892 2025] [php:error] [pid 549:tid 549] [client 192.168.144.1:40396] script '/var/www/html/time.php' not found or unable to stat
[Wed Jul 23 16:01:16.200933 2025] [php:error] [pid 549:tid 549] [client 192.168.144.1:40396] script '/var/www/html/temp.php' not found or unable to stat
[Wed Jul 23 16:01:16.206615 2025] [php:error] [pid 549:tid 549] [client 192.168.144.1:40396] script '/var/www/html/old_phpinfo.php' not found or unable to stat
[Wed Jul 23 16:01:16.212207 2025] [php:error] [pid 549:tid 549] [client 192.168.144.1:40396] script '/var/www/html/infos.php' not found or unable to stat
[Wed Jul 23 16:01:16.217891 2025] [php:error] [pid 549:tid 549] [client 192.168.144.1:40396] script '/var/www/html/linusadmin-phpinfo.php' not found or unable to stat
[Wed Jul 23 16:01:16.272760 2025] [php:error] [pid 549:tid 549] [client 192.168.144.1:40396] script '/var/www/html/phpinfos.php' not found or unable to stat
[Wed Jul 23 16:01:18.309541 2025] [autoindex:error] [pid 549:tid 549] [client 192.168.144.1:40396] AH01276: Cannot serve directory /var/www/html/: No matching DirectoryIndex (index.html,index.php) found, and server-generated directory index forbidden by Options directive
[Wed Jul 23 16:01:18.333470 2025] [autoindex:error] [pid 549:tid 549] [client 192.168.144.1:40396] AH01276: Cannot serve directory /var/www/html/: No matching DirectoryIndex (index.html,index.php) found, and server-generated directory index forbidden by Options directive
[Wed Jul 23 16:01:18.357241 2025] [php:error] [pid 549:tid 549] [client 192.168.144.1:40396] script '/var/www/html/wp-config.php.bak' not found or unable to stat
[Wed Jul 23 16:01:18.364568 2025] [php:error] [pid 549:tid 549] [client 192.168.144.1:40396] script '/var/www/html/.wp-config.php.swp' not found or unable to stat
[Wed Jul 23 16:01:18.372386 2025] [php:error] [pid 549:tid 549] [client 192.168.144.1:40396] script '/var/www/html/wp-config.php.old' not found or unable to stat
[Wed Jul 23 16:01:31.202489 2025] [php:error] [pid 471:tid 471] [client 192.168.144.1:36922] script '/var/www/html/config/sendgrid.php' not found or unable to stat
[Wed Jul 23 17:08:46.230752 2025] [php:error] [pid 369:tid 369] [client 192.168.144.1:53752] PHP Fatal error: Uncaught Error: Class "Doctrine\\Migrations\\AbstractMigration" not found in /var/www/html/migrations/Version20220621142513.php:13\nStack trace:\n#0 {main}\n thrown in /var/www/html/migrations/Version20220621142513.php on line 13
[Wed Jul 23 17:11:48.554990 2025] [autoindex:error] [pid 467:tid 467] [client 192.168.144.1:48584] AH01276: Cannot serve directory /var/www/html/: No matching DirectoryIndex (index.html,index.php) found, and server-generated directory index forbidden by Options directive
[Thu Jul 24 01:59:32.209007 2025] [autoindex:error] [pid 479:tid 479] [client 192.168.144.1:51294] AH01276: Cannot serve directory /var/www/html/: No matching DirectoryIndex (index.html,index.php) found, and server-generated directory index forbidden by Options directive
[Thu Jul 24 04:13:41.804569 2025] [autoindex:error] [pid 473:tid 473] [client 192.168.144.1:52444] AH01276: Cannot serve directory /var/www/html/src/: No matching DirectoryIndex (index.html,index.php) found, and server-generated directory index forbidden by Options directive
[Thu Jul 24 14:15:14.649934 2025] [autoindex:error] [pid 369:tid 369] [client 192.168.144.1:39552] AH01276: Cannot serve directory /var/www/html/: No matching DirectoryIndex (index.html,index.php) found, and server-generated directory index forbidden by Options directive
[Thu Jul 24 14:20:00.858576 2025] [autoindex:error] [pid 467:tid 467] [client 192.168.144.1:54786] AH01276: Cannot serve directory /var/www/html/: No matching DirectoryIndex (index.html,index.php) found, and server-generated directory index forbidden by Options directive
[Thu Jul 24 18:17:10.853278 2025] [php:error] [pid 457:tid 457] [client 192.168.144.1:60840] PHP Fatal error: Uncaught Error: Class "Doctrine\\Migrations\\AbstractMigration" not found in /var/www/html/migrations/Version20230317145208.php:13\nStack trace:\n#0 {main}\n thrown in /var/www/html/migrations/Version20230317145208.php on line 13
[Thu Jul 24 20:25:15.133505 2025] [autoindex:error] [pid 479:tid 479] [client 192.168.144.1:46148] AH01276: Cannot serve directory /var/www/html/: No matching DirectoryIndex (index.html,index.php) found, and server-generated directory index forbidden by Options directive
[Thu Jul 24 21:43:30.312380 2025] [autoindex:error] [pid 473:tid 473] [client 192.168.144.1:37582] AH01276: Cannot serve directory /var/www/html/: No matching DirectoryIndex (index.html,index.php) found, and server-generated directory index forbidden by Options directive, referer: http://api-data.test.mairie.cartelmatic.com
[Thu Jul 24 22:35:58.120255 2025] [autoindex:error] [pid 477:tid 477] [client 192.168.144.1:36178] AH01276: Cannot serve directory /var/www/html/: No matching DirectoryIndex (index.html,index.php) found, and server-generated directory index forbidden by Options directive
[Thu Jul 24 22:57:19.250778 2025] [autoindex:error] [pid 469:tid 469] [client 192.168.144.1:34010] AH01276: Cannot serve directory /var/www/html/templates/: No matching DirectoryIndex (index.html,index.php) found, and server-generated directory index forbidden by Options directive
[Fri Jul 25 01:45:41.355580 2025] [php:error] [pid 475:tid 475] [client 192.168.144.1:52018] script '/var/www/html/shell.php' not found or unable to stat
[Fri Jul 25 01:54:16.803302 2025] [php:error] [pid 549:tid 549] [client 192.168.144.1:54338] script '/var/www/html/webshell.php' not found or unable to stat
[Fri Jul 25 03:53:31.587625 2025] [autoindex:error] [pid 467:tid 467] [client 192.168.144.1:52308] AH01276: Cannot serve directory /var/www/html/src/: No matching DirectoryIndex (index.html,index.php) found, and server-generated directory index forbidden by Options directive
[Fri Jul 25 10:42:18.503754 2025] [autoindex:error] [pid 549:tid 549] [client 192.168.144.1:60676] AH01276: Cannot serve directory /var/www/html/: No matching DirectoryIndex (index.html,index.php) found, and server-generated directory index forbidden by Options directive
[Fri Jul 25 13:25:12.461667 2025] [autoindex:error] [pid 471:tid 471] [client 192.168.144.1:57204] AH01276: Cannot serve directory /var/www/html/: No matching DirectoryIndex (index.html,index.php) found, and server-generated directory index forbidden by Options directive
[Fri Jul 25 14:17:51.714893 2025] [php:error] [pid 369:tid 369] [client 192.168.144.1:35964] PHP Fatal error: Uncaught Error: Class "Doctrine\\Migrations\\AbstractMigration" not found in /var/www/html/migrations/Version20200122083814.php:13\nStack trace:\n#0 {main}\n thrown in /var/www/html/migrations/Version20200122083814.php on line 13
[Fri Jul 25 21:18:02.958251 2025] [autoindex:error] [pid 467:tid 467] [client 192.168.144.1:59250] AH01276: Cannot serve directory /var/www/html/src/: No matching DirectoryIndex (index.html,index.php) found, and server-generated directory index forbidden by Options directive
[Sat Jul 26 04:25:19.909093 2025] [autoindex:error] [pid 475:tid 475] [client 192.168.144.1:51510] AH01276: Cannot serve directory /var/www/html/: No matching DirectoryIndex (index.html,index.php) found, and server-generated directory index forbidden by Options directive
[Sat Jul 26 12:53:19.377171 2025] [autoindex:error] [pid 549:tid 549] [client 192.168.144.1:46442] AH01276: Cannot serve directory /var/www/html/: No matching DirectoryIndex (index.html,index.php) found, and server-generated directory index forbidden by Options directive
[Sat Jul 26 12:53:20.123237 2025] [autoindex:error] [pid 549:tid 549] [client 192.168.144.1:46442] AH01276: Cannot serve directory /var/www/html/: No matching DirectoryIndex (index.html,index.php) found, and server-generated directory index forbidden by Options directive
[Sat Jul 26 12:53:20.883336 2025] [negotiation:error] [pid 549:tid 549] [client 192.168.144.1:46442] AH00690: no acceptable variant: /usr/share/httpd/error/HTTP_NOT_FOUND.html.var
[Sat Jul 26 12:53:21.988031 2025] [php:error] [pid 549:tid 549] [client 192.168.144.1:46442] script '/var/www/html/info.php' not found or unable to stat
[Sat Jul 26 12:53:22.082049 2025] [autoindex:error] [pid 549:tid 549] [client 192.168.144.1:46442] AH01276: Cannot serve directory /var/www/html/: No matching DirectoryIndex (index.html,index.php) found, and server-generated directory index forbidden by Options directive
[Sun Jul 27 02:59:13.557587 2025] [autoindex:error] [pid 369:tid 369] [client 192.168.144.1:34952] AH01276: Cannot serve directory /var/www/html/: No matching DirectoryIndex (index.html,index.php) found, and server-generated directory index forbidden by Options directive
[Sun Jul 27 02:59:14.051991 2025] [autoindex:error] [pid 369:tid 369] [client 192.168.144.1:34952] AH01276: Cannot serve directory /var/www/html/: No matching DirectoryIndex (index.html,index.php) found, and server-generated directory index forbidden by Options directive
[Sun Jul 27 02:59:14.754614 2025] [negotiation:error] [pid 369:tid 369] [client 192.168.144.1:34952] AH00690: no acceptable variant: /usr/share/httpd/error/HTTP_NOT_FOUND.html.var
[Sun Jul 27 02:59:16.107512 2025] [php:error] [pid 369:tid 369] [client 192.168.144.1:34952] script '/var/www/html/info.php' not found or unable to stat
