[Tue Sep 23 01:50:10.048739 2025] [php:error] [pid 257:tid 257] [client 192.168.144.1:46216] PHP Fatal error: Uncaught Error: Class "Symfony\\Component\\PropertyAccess\\Exception\\AccessException" not found in /var/www/html/vendor/symfony/property-access/Exception/NoSuchPropertyException.php:19\nStack trace:\n#0 {main}\n thrown in /var/www/html/vendor/symfony/property-access/Exception/NoSuchPropertyException.php on line 19
[Tue Sep 23 01:59:22.908595 2025] [php:error] [pid 251:tid 251] [client 192.168.144.1:39076] PHP Fatal error: Uncaught Error: Class "Symfony\\Component\\PropertyAccess\\Exception\\AccessException" not found in /var/www/html/vendor/symfony/property-access/Exception/UninitializedPropertyException.php:19\nStack trace:\n#0 {main}\n thrown in /var/www/html/vendor/symfony/property-access/Exception/UninitializedPropertyException.php on line 19
[Tue Sep 23 01:59:49.347689 2025] [php:error] [pid 271:tid 271] [client 192.168.144.1:44160] PHP Fatal error: Uncaught Error: Call to undefined function Symfony\\Component\\HttpKernel\\EventListener\\trigger_deprecation() in /var/www/html/vendor/symfony/http-kernel/EventListener/AbstractTestSessionListener.php:22\nStack trace:\n#0 {main}\n thrown in /var/www/html/vendor/symfony/http-kernel/EventListener/AbstractTestSessionListener.php on line 22
[Tue Sep 23 04:37:11.147447 2025] [php:error] [pid 281:tid 281] [client 192.168.144.1:36310] PHP Fatal error: Uncaught Error: Interface "Symfony\\Component\\EventDispatcher\\EventSubscriberInterface" not found in /var/www/html/vendor/symfony/http-kernel/EventListener/DebugHandlersListener.php:32\nStack trace:\n#0 {main}\n thrown in /var/www/html/vendor/symfony/http-kernel/EventListener/DebugHandlersListener.php on line 32
[Tue Sep 23 04:38:34.982979 2025] [php:error] [pid 257:tid 257] [client 192.168.144.1:59886] PHP Fatal error: Uncaught Error: Class "Symfony\\Component\\PropertyAccess\\Exception\\RuntimeException" not found in /var/www/html/vendor/symfony/property-access/Exception/InvalidPropertyPathException.php:19\nStack trace:\n#0 {main}\n thrown in /var/www/html/vendor/symfony/property-access/Exception/InvalidPropertyPathException.php on line 19
[Tue Sep 23 04:39:25.240669 2025] [php:error] [pid 251:tid 251] [client 192.168.144.1:33926] PHP Fatal error: Uncaught Error: Interface "Symfony\\Component\\EventDispatcher\\EventSubscriberInterface" not found in /var/www/html/vendor/symfony/http-kernel/EventListener/ValidateRequestListener.php:25\nStack trace:\n#0 {main}\n thrown in /var/www/html/vendor/symfony/http-kernel/EventListener/ValidateRequestListener.php on line 25
[Tue Sep 23 04:40:26.528111 2025] [php:error] [pid 271:tid 271] [client 192.168.144.1:42278] PHP Fatal error: Uncaught Error: Interface "Symfony\\Component\\EventDispatcher\\EventSubscriberInterface" not found in /var/www/html/vendor/symfony/security-http/EventListener/SessionLogoutListener.php:24\nStack trace:\n#0 {main}\n thrown in /var/www/html/vendor/symfony/security-http/EventListener/SessionLogoutListener.php on line 24
[Tue Sep 23 04:41:30.765536 2025] [php:error] [pid 273:tid 273] [client 192.168.144.1:38788] PHP Fatal error: Uncaught Error: Interface "Symfony\\Component\\EventDispatcher\\EventSubscriberInterface" not found in /var/www/html/vendor/symfony/http-kernel/EventListener/StreamedResponseListener.php:27\nStack trace:\n#0 {main}\n thrown in /var/www/html/vendor/symfony/http-kernel/EventListener/StreamedResponseListener.php on line 27
[Tue Sep 23 04:42:32.207108 2025] [php:error] [pid 275:tid 275] [client 192.168.144.1:43796] PHP Fatal error: Uncaught Error: Class "Symfony\\Component\\PropertyAccess\\Exception\\RuntimeException" not found in /var/www/html/vendor/symfony/property-access/Exception/UnexpectedTypeException.php:21\nStack trace:\n#0 {main}\n thrown in /var/www/html/vendor/symfony/property-access/Exception/UnexpectedTypeException.php on line 21
[Tue Sep 23 04:43:32.565021 2025] [php:error] [pid 277:tid 277] [client 192.168.144.1:60092] PHP Fatal error: Uncaught Error: Interface "Symfony\\Component\\EventDispatcher\\EventSubscriberInterface" not found in /var/www/html/vendor/symfony/security-http/EventListener/UserCheckerListener.php:27\nStack trace:\n#0 {main}\n thrown in /var/www/html/vendor/symfony/security-http/EventListener/UserCheckerListener.php on line 27
[Tue Sep 23 04:45:35.961562 2025] [php:error] [pid 281:tid 281] [client 192.168.144.1:35058] PHP Fatal error: Uncaught Error: Interface "Symfony\\Contracts\\HttpClient\\Exception\\HttpExceptionInterface" not found in /var/www/html/vendor/symfony/http-client-contracts/Exception/ClientExceptionInterface.php:19\nStack trace:\n#0 {main}\n thrown in /var/www/html/vendor/symfony/http-client-contracts/Exception/ClientExceptionInterface.php on line 19
[Tue Sep 23 04:46:32.453035 2025] [php:error] [pid 257:tid 257] [client 192.168.144.1:52090] PHP Fatal error: Uncaught Error: Interface "Symfony\\Component\\EventDispatcher\\EventSubscriberInterface" not found in /var/www/html/vendor/symfony/http-kernel/EventListener/DisallowRobotsIndexingListener.php:23\nStack trace:\n#0 {main}\n thrown in /var/www/html/vendor/symfony/http-kernel/EventListener/DisallowRobotsIndexingListener.php on line 23
[Tue Sep 23 04:52:28.077161 2025] [php:error] [pid 281:tid 281] [client 192.168.144.1:36158] PHP Fatal error: Uncaught Error: Undefined constant "STDERR" in /var/www/html/vendor/doctrine/dbal/bin/doctrine-dbal.php:6\nStack trace:\n#0 {main}\n thrown in /var/www/html/vendor/doctrine/dbal/bin/doctrine-dbal.php on line 6
[Tue Sep 23 05:02:37.333791 2025] [php:error] [pid 281:tid 281] [client 192.168.144.1:42062] PHP Fatal error: Uncaught Error: Class "Symfony\\Component\\HttpKernel\\Kernel" not found in /var/www/html/src/Kernel.php:8\nStack trace:\n#0 {main}\n thrown in /var/www/html/src/Kernel.php on line 8
[Tue Sep 23 05:04:45.893567 2025] [php:error] [pid 275:tid 275] [client 192.168.144.1:52812] PHP Fatal error: Uncaught Error: Class "Symfony\\Component\\HttpKernel\\Kernel" not found in /var/www/html/src/Kernel.php:8\nStack trace:\n#0 {main}\n thrown in /var/www/html/src/Kernel.php on line 8
[Tue Sep 23 05:05:24.242363 2025] [php:error] [pid 257:tid 257] [client 192.168.144.1:44174] PHP Fatal error: Uncaught Error: Interface "Symfony\\Component\\Config\\FileLocatorInterface" not found in /var/www/html/vendor/symfony/config/FileLocator.php:21\nStack trace:\n#0 {main}\n thrown in /var/www/html/vendor/symfony/config/FileLocator.php on line 21
[Tue Sep 23 05:05:33.485797 2025] [php:error] [pid 251:tid 251] [client 192.168.144.1:60424] PHP Fatal error: Uncaught Error: Class "Doctrine\\Bundle\\DoctrineBundle\\Repository\\ServiceEntityRepository" not found in /var/www/html/src/Repository/SelectionRepository.php:16\nStack trace:\n#0 {main}\n thrown in /var/www/html/src/Repository/SelectionRepository.php on line 16
[Tue Sep 23 05:06:02.887866 2025] [php:warn] [pid 271:tid 271] [client 192.168.144.1:36912] PHP Warning: Undefined variable $docVersion in /var/www/html/vendor/symfony/http-kernel/Resources/welcome.html.php on line 71
[Tue Sep 23 05:06:02.887960 2025] [php:warn] [pid 271:tid 271] [client 192.168.144.1:36912] PHP Warning: Undefined variable $version in /var/www/html/vendor/symfony/http-kernel/Resources/welcome.html.php on line 80
[Tue Sep 23 05:06:02.887985 2025] [php:warn] [pid 271:tid 271] [client 192.168.144.1:36912] PHP Warning: Undefined variable $projectDir in /var/www/html/vendor/symfony/http-kernel/Resources/welcome.html.php on line 88
[Tue Sep 23 05:06:02.888007 2025] [php:warn] [pid 271:tid 271] [client 192.168.144.1:36912] PHP Warning: Undefined variable $docVersion in /var/www/html/vendor/symfony/http-kernel/Resources/welcome.html.php on line 101
[Tue Sep 23 05:06:02.888028 2025] [php:warn] [pid 271:tid 271] [client 192.168.144.1:36912] PHP Warning: Undefined variable $docVersion in /var/www/html/vendor/symfony/http-kernel/Resources/welcome.html.php on line 108
[Tue Sep 23 05:07:58.149776 2025] [php:error] [pid 275:tid 275] [client 192.168.144.1:43682] PHP Fatal error: Uncaught Error: Class "Doctrine\\Bundle\\DoctrineBundle\\Repository\\ServiceEntityRepository" not found in /var/www/html/src/Repository/AttributeRepository.php:32\nStack trace:\n#0 {main}\n thrown in /var/www/html/src/Repository/AttributeRepository.php on line 32
[Tue Sep 23 05:10:44.500652 2025] [php:error] [pid 281:tid 281] [client 192.168.144.1:41800] PHP Fatal error: Uncaught Error: Class "Doctrine\\Bundle\\DoctrineBundle\\Repository\\ServiceEntityRepository" not found in /var/www/html/src/Repository/ConditionRepository.php:15\nStack trace:\n#0 {main}\n thrown in /var/www/html/src/Repository/ConditionRepository.php on line 15
[Tue Sep 23 05:11:34.305387 2025] [php:error] [pid 257:tid 257] [client 192.168.144.1:41316] PHP Fatal error: Uncaught Error: Class "Doctrine\\Bundle\\DoctrineBundle\\Repository\\ServiceEntityRepository" not found in /var/www/html/src/Repository/ItineraryRepository.php:13\nStack trace:\n#0 {main}\n thrown in /var/www/html/src/Repository/ItineraryRepository.php on line 13
[Tue Sep 23 05:16:14.366092 2025] [php:error] [pid 277:tid 277] [client 192.168.144.1:40206] PHP Fatal error: Uncaught Error: Interface "Symfony\\Component\\PropertyAccess\\Exception\\ExceptionInterface" not found in /var/www/html/vendor/symfony/property-access/Exception/InvalidArgumentException.php:19\nStack trace:\n#0 {main}\n thrown in /var/www/html/vendor/symfony/property-access/Exception/InvalidArgumentException.php on line 19
[Tue Sep 23 05:20:33.983891 2025] [php:error] [pid 271:tid 271] [client 192.168.144.1:40726] PHP Fatal error: Uncaught LogicException: The "Symfony\\Component\\Security\\Core\\Authorization\\ExpressionLanguage" class requires the "ExpressionLanguage" component. Try running "composer require symfony/expression-language". in /var/www/html/vendor/symfony/security-core/Authorization/ExpressionLanguage.php:18\nStack trace:\n#0 {main}\n thrown in /var/www/html/vendor/symfony/security-core/Authorization/ExpressionLanguage.php on line 18
[Tue Sep 23 05:21:15.663475 2025] [php:error] [pid 273:tid 273] [client 192.168.144.1:54538] PHP Fatal error: Uncaught Error: Class "Symfony\\Component\\HttpKernel\\Exception\\HttpException" not found in /var/www/html/vendor/symfony/http-kernel/Exception/TooManyRequestsHttpException.php:19\nStack trace:\n#0 {main}\n thrown in /var/www/html/vendor/symfony/http-kernel/Exception/TooManyRequestsHttpException.php on line 19
[Tue Sep 23 05:22:17.860805 2025] [php:error] [pid 275:tid 275] [client 192.168.144.1:34386] PHP Fatal error: Uncaught Error: Interface "Symfony\\Component\\DependencyInjection\\Compiler\\CompilerPassInterface" not found in /var/www/html/vendor/symfony/event-dispatcher/DependencyInjection/RegisterListenersPass.php:26\nStack trace:\n#0 {main}\n thrown in /var/www/html/vendor/symfony/event-dispatcher/DependencyInjection/RegisterListenersPass.php on line 26
[Tue Sep 23 05:23:23.236376 2025] [php:error] [pid 277:tid 277] [client 192.168.144.1:57454] PHP Fatal error: Uncaught Error: Interface "Symfony\\Component\\EventDispatcher\\EventSubscriberInterface" not found in /var/www/html/vendor/symfony/web-profiler-bundle/EventListener/WebDebugToolbarListener.php:38\nStack trace:\n#0 {main}\n thrown in /var/www/html/vendor/symfony/web-profiler-bundle/EventListener/WebDebugToolbarListener.php on line 38
[Tue Sep 23 05:26:29.484264 2025] [php:error] [pid 257:tid 257] [client 192.168.144.1:47672] PHP Fatal error: Uncaught Error: Class "Symfony\\Component\\HttpKernel\\Fragment\\FragmentHandler" not found in /var/www/html/vendor/symfony/http-kernel/DependencyInjection/LazyLoadingFragmentHandler.php:23\nStack trace:\n#0 {main}\n thrown in /var/www/html/vendor/symfony/http-kernel/DependencyInjection/LazyLoadingFragmentHandler.php on line 23
[Tue Sep 23 05:29:24.395645 2025] [php:error] [pid 273:tid 273] [client 192.168.144.1:54026] PHP Fatal error: Uncaught Error: Interface "Symfony\\Component\\Security\\Core\\Authorization\\AccessDecisionManagerInterface" not found in /var/www/html/vendor/symfony/security-core/Authorization/TraceableAccessDecisionManager.php:25\nStack trace:\n#0 {main}\n thrown in /var/www/html/vendor/symfony/security-core/Authorization/TraceableAccessDecisionManager.php on line 25
[Tue Sep 23 05:32:14.869936 2025] [php:error] [pid 279:tid 279] [client 192.168.144.1:59074] PHP Fatal error: Uncaught Error: Interface "Symfony\\Component\\PropertyAccess\\PropertyPathInterface" not found in /var/www/html/vendor/symfony/property-access/PropertyPath.php:25\nStack trace:\n#0 {main}\n thrown in /var/www/html/vendor/symfony/property-access/PropertyPath.php on line 25
[Tue Sep 23 05:35:06.101949 2025] [php:error] [pid 251:tid 251] [client 192.168.144.1:44986] PHP Fatal error: Uncaught Error: Call to undefined function Symfony\\Component\\Security\\Http\\Logout\\trigger_deprecation() in /var/www/html/vendor/symfony/security-http/Logout/CookieClearingLogoutHandler.php:19\nStack trace:\n#0 {main}\n thrown in /var/www/html/vendor/symfony/security-http/Logout/CookieClearingLogoutHandler.php on line 19
[Tue Sep 23 05:35:56.517134 2025] [php:error] [pid 271:tid 271] [client 192.168.144.1:55906] PHP Fatal error: Uncaught Error: Class "Symfony\\Component\\HttpKernel\\Fragment\\RoutableFragmentRenderer" not found in /var/www/html/vendor/symfony/http-kernel/Fragment/HIncludeFragmentRenderer.php:25\nStack trace:\n#0 {main}\n thrown in /var/www/html/vendor/symfony/http-kernel/Fragment/HIncludeFragmentRenderer.php on line 25
[Tue Sep 23 05:39:46.279051 2025] [php:error] [pid 279:tid 279] [client 192.168.144.1:58484] PHP Fatal error: Uncaught Error: Class "Symfony\\Component\\HttpKernel\\Fragment\\RoutableFragmentRenderer" not found in /var/www/html/vendor/symfony/http-kernel/Fragment/InlineFragmentRenderer.php:28\nStack trace:\n#0 {main}\n thrown in /var/www/html/vendor/symfony/http-kernel/Fragment/InlineFragmentRenderer.php on line 28
[Tue Sep 23 05:40:32.169161 2025] [php:error] [pid 281:tid 281] [client 192.168.144.1:52340] PHP Fatal error: Uncaught Error: Interface "Symfony\\Component\\HttpKernel\\Fragment\\FragmentRendererInterface" not found in /var/www/html/vendor/symfony/http-kernel/Fragment/RoutableFragmentRenderer.php:23\nStack trace:\n#0 {main}\n thrown in /var/www/html/vendor/symfony/http-kernel/Fragment/RoutableFragmentRenderer.php on line 23
[Tue Sep 23 05:41:37.056482 2025] [php:error] [pid 257:tid 257] [client 192.168.144.1:55304] PHP Fatal error: Uncaught Error: Interface "Symfony\\Component\\HttpKernel\\Fragment\\FragmentUriGeneratorInterface" not found in /var/www/html/vendor/symfony/http-kernel/Fragment/FragmentUriGenerator.php:25\nStack trace:\n#0 {main}\n thrown in /var/www/html/vendor/symfony/http-kernel/Fragment/FragmentUriGenerator.php on line 25
[Tue Sep 23 05:44:37.537093 2025] [php:error] [pid 273:tid 273] [client 192.168.144.1:51524] PHP Fatal error: Uncaught Error: Class "Symfony\\Component\\HttpKernel\\Fragment\\RoutableFragmentRenderer" not found in /var/www/html/vendor/symfony/http-kernel/Fragment/AbstractSurrogateFragmentRenderer.php:25\nStack trace:\n#0 {main}\n thrown in /var/www/html/vendor/symfony/http-kernel/Fragment/AbstractSurrogateFragmentRenderer.php on line 25
[Tue Sep 23 05:45:28.972576 2025] [php:error] [pid 277:tid 277] [client 192.168.144.1:42168] PHP Fatal error: Uncaught Error: Class "Symfony\\Component\\DependencyInjection\\Exception\\RuntimeException" not found in /var/www/html/vendor/symfony/dependency-injection/Exception/ParameterCircularReferenceException.php:19\nStack trace:\n#0 {main}\n thrown in /var/www/html/vendor/symfony/dependency-injection/Exception/ParameterCircularReferenceException.php on line 19
[Tue Sep 23 05:46:30.736993 2025] [php:error] [pid 279:tid 279] [client 192.168.144.1:53264] PHP Fatal error: Uncaught Error: Class "Symfony\\Component\\DependencyInjection\\Exception\\InvalidArgumentException" not found in /var/www/html/vendor/symfony/dependency-injection/Exception/ParameterNotFoundException.php:21\nStack trace:\n#0 {main}\n thrown in /var/www/html/vendor/symfony/dependency-injection/Exception/ParameterNotFoundException.php on line 21
[Tue Sep 23 05:47:32.635439 2025] [php:error] [pid 281:tid 281] [client 192.168.144.1:34414] PHP Fatal error: Uncaught Error: Class "Symfony\\Component\\DependencyInjection\\Exception\\InvalidArgumentException" not found in /var/www/html/vendor/symfony/dependency-injection/Exception/InvalidParameterTypeException.php:20\nStack trace:\n#0 {main}\n thrown in /var/www/html/vendor/symfony/dependency-injection/Exception/InvalidParameterTypeException.php on line 20
[Tue Sep 23 05:48:37.377751 2025] [php:error] [pid 257:tid 257] [client 192.168.144.1:46500] PHP Fatal error: Uncaught Error: Interface "Symfony\\Component\\DependencyInjection\\Exception\\ExceptionInterface" not found in /var/www/html/vendor/symfony/dependency-injection/Exception/LogicException.php:17\nStack trace:\n#0 {main}\n thrown in /var/www/html/vendor/symfony/dependency-injection/Exception/LogicException.php on line 17
[Tue Sep 23 05:49:42.533625 2025] [php:error] [pid 251:tid 251] [client 192.168.144.1:55186] PHP Fatal error: Uncaught Error: Class "Symfony\\Component\\DependencyInjection\\Exception\\RuntimeException" not found in /var/www/html/vendor/symfony/dependency-injection/Exception/AutowiringFailedException.php:17\nStack trace:\n#0 {main}\n thrown in /var/www/html/vendor/symfony/dependency-injection/Exception/AutowiringFailedException.php on line 17
[Tue Sep 23 05:51:50.969902 2025] [php:error] [pid 273:tid 273] [client 192.168.144.1:42616] PHP Fatal error: Uncaught Error: Class "Symfony\\Component\\DependencyInjection\\Exception\\RuntimeException" not found in /var/www/html/vendor/symfony/dependency-injection/Exception/ServiceCircularReferenceException.php:19\nStack trace:\n#0 {main}\n thrown in /var/www/html/vendor/symfony/dependency-injection/Exception/ServiceCircularReferenceException.php on line 19
[Tue Sep 23 05:52:44.929139 2025] [php:error] [pid 275:tid 275] [client 192.168.144.1:53224] PHP Fatal error: Uncaught Error: Interface "Symfony\\Component\\DependencyInjection\\Exception\\ExceptionInterface" not found in /var/www/html/vendor/symfony/dependency-injection/Exception/InvalidArgumentException.php:19\nStack trace:\n#0 {main}\n thrown in /var/www/html/vendor/symfony/dependency-injection/Exception/InvalidArgumentException.php on line 19
[Tue Sep 23 05:54:56.409398 2025] [php:error] [pid 279:tid 279] [client 192.168.144.1:52704] PHP Fatal error: Uncaught Error: Interface "Symfony\\Component\\DependencyInjection\\Exception\\ExceptionInterface" not found in /var/www/html/vendor/symfony/dependency-injection/Exception/BadMethodCallException.php:17\nStack trace:\n#0 {main}\n thrown in /var/www/html/vendor/symfony/dependency-injection/Exception/BadMethodCallException.php on line 17
[Tue Sep 23 05:55:55.559165 2025] [php:error] [pid 281:tid 281] [client 192.168.144.1:39510] PHP Fatal error: Uncaught Error: Interface "Symfony\\Component\\DependencyInjection\\Exception\\ExceptionInterface" not found in /var/www/html/vendor/symfony/dependency-injection/Exception/OutOfBoundsException.php:17\nStack trace:\n#0 {main}\n thrown in /var/www/html/vendor/symfony/dependency-injection/Exception/OutOfBoundsException.php on line 17
[Tue Sep 23 05:58:04.542431 2025] [php:error] [pid 251:tid 251] [client 192.168.144.1:35920] PHP Fatal error: Uncaught Error: Class "Symfony\\Component\\DependencyInjection\\Exception\\InvalidArgumentException" not found in /var/www/html/vendor/symfony/dependency-injection/Exception/ServiceNotFoundException.php:21\nStack trace:\n#0 {main}\n thrown in /var/www/html/vendor/symfony/dependency-injection/Exception/ServiceNotFoundException.php on line 21
[Tue Sep 23 05:58:59.322892 2025] [php:error] [pid 271:tid 271] [client 192.168.144.1:56744] PHP Fatal error: Uncaught Error: Class "Symfony\\Component\\DependencyInjection\\Exception\\InvalidArgumentException" not found in /var/www/html/vendor/symfony/dependency-injection/Exception/EnvParameterException.php:19\nStack trace:\n#0 {main}\n thrown in /var/www/html/vendor/symfony/dependency-injection/Exception/EnvParameterException.php on line 19
[Tue Sep 23 06:03:36.620447 2025] [php:error] [pid 281:tid 281] [client 192.168.144.1:46274] PHP Fatal error: Uncaught Error: Class "Symfony\\Component\\DependencyInjection\\Exception\\InvalidArgumentException" not found in /var/www/html/vendor/symfony/dependency-injection/Exception/EnvNotFoundException.php:19\nStack trace:\n#0 {main}\n thrown in /var/www/html/vendor/symfony/dependency-injection/Exception/EnvNotFoundException.php on line 19
[Tue Sep 23 06:04:16.555388 2025] [php:error] [pid 257:tid 257] [client 192.168.144.1:37094] PHP Fatal error: Uncaught Error: Interface "Symfony\\Component\\DependencyInjection\\Exception\\ExceptionInterface" not found in /var/www/html/vendor/symfony/dependency-injection/Exception/RuntimeException.php:19\nStack trace:\n#0 {main}\n thrown in /var/www/html/vendor/symfony/dependency-injection/Exception/RuntimeException.php on line 19
[Tue Sep 23 06:07:17.253480 2025] [php:error] [pid 273:tid 273] [client 192.168.144.1:33428] PHP Fatal error: Uncaught Error: Interface "Symfony\\Component\\EventDispatcher\\EventSubscriberInterface" not found in /var/www/html/vendor/symfony/doctrine-bridge/Messenger/DoctrineClearEntityManagerWorkerSubscriber.php:24\nStack trace:\n#0 {main}\n thrown in /var/www/html/vendor/symfony/doctrine-bridge/Messenger/DoctrineClearEntityManagerWorkerSubscriber.php on line 24
[Tue Sep 23 06:12:24.960013 2025] [php:error] [pid 251:tid 251] [client 192.168.144.1:58110] PHP Fatal error: Uncaught Error: Interface "Symfony\\Component\\DependencyInjection\\Compiler\\CompilerPassInterface" not found in /var/www/html/vendor/symfony/http-kernel/DependencyInjection/FragmentRendererPass.php:26\nStack trace:\n#0 {main}\n thrown in /var/www/html/vendor/symfony/http-kernel/DependencyInjection/FragmentRendererPass.php on line 26
[Tue Sep 23 06:15:51.059027 2025] [php:error] [pid 277:tid 277] [client 192.168.144.1:45278] PHP Fatal error: Uncaught Error: Class "Twig\\Extension\\AbstractExtension" not found in /var/www/html/vendor/symfony/twig-bridge/Extension/LogoutUrlExtension.php:23\nStack trace:\n#0 {main}\n thrown in /var/www/html/vendor/symfony/twig-bridge/Extension/LogoutUrlExtension.php on line 23
[Tue Sep 23 06:16:38.331519 2025] [php:error] [pid 281:tid 281] [client 192.168.144.1:46074] PHP Fatal error: Uncaught Error: Class "Symfony\\Component\\HttpKernel\\DataCollector\\DataCollector" not found in /var/www/html/vendor/symfony/http-kernel/DataCollector/ConfigDataCollector.php:25\nStack trace:\n#0 {main}\n thrown in /var/www/html/vendor/symfony/http-kernel/DataCollector/ConfigDataCollector.php on line 25
[Tue Sep 23 06:17:42.538472 2025] [php:error] [pid 257:tid 257] [client 192.168.144.1:34006] PHP Fatal error: Uncaught Error: Class "Twig\\TokenParser\\AbstractTokenParser" not found in /var/www/html/vendor/symfony/twig-bridge/TokenParser/TransTokenParser.php:28\nStack trace:\n#0 {main}\n thrown in /var/www/html/vendor/symfony/twig-bridge/TokenParser/TransTokenParser.php on line 28
[Tue Sep 23 06:18:46.405585 2025] [php:error] [pid 251:tid 251] [client 192.168.144.1:46050] PHP Fatal error: Uncaught Error: Interface "Symfony\\Contracts\\Service\\ServiceSubscriberInterface" not found in /var/www/html/vendor/symfony/framework-bundle/Controller/AbstractController.php:57\nStack trace:\n#0 {main}\n thrown in /var/www/html/vendor/symfony/framework-bundle/Controller/AbstractController.php on line 57
[Tue Sep 23 06:20:52.597538 2025] [php:error] [pid 273:tid 273] [client 192.168.144.1:44282] PHP Fatal error: Uncaught Error: Interface "Symfony\\Component\\HttpKernel\\CacheWarmer\\CacheWarmerInterface" not found in /var/www/html/vendor/symfony/framework-bundle/CacheWarmer/RouterCacheWarmer.php:27\nStack trace:\n#0 {main}\n thrown in /var/www/html/vendor/symfony/framework-bundle/CacheWarmer/RouterCacheWarmer.php on line 27
[Tue Sep 23 06:21:51.683192 2025] [php:error] [pid 275:tid 275] [client 192.168.144.1:55874] PHP Fatal error: Uncaught Error: Class "App\\Entity\\PointOfInterest" not found in /var/www/html/src/Entity/EventCalendar.php:29\nStack trace:\n#0 {main}\n thrown in /var/www/html/src/Entity/EventCalendar.php on line 29
[Tue Sep 23 06:22:54.782992 2025] [php:error] [pid 277:tid 277] [client 192.168.144.1:45892] PHP Fatal error: Uncaught Error: Class "Twig\\TokenParser\\AbstractTokenParser" not found in /var/www/html/vendor/symfony/twig-bridge/TokenParser/FormThemeTokenParser.php:25\nStack trace:\n#0 {main}\n thrown in /var/www/html/vendor/symfony/twig-bridge/TokenParser/FormThemeTokenParser.php on line 25
[Tue Sep 23 06:27:58.343772 2025] [php:error] [pid 281:tid 281] [client 192.168.144.1:39116] PHP Fatal error: Uncaught Error: Class "Symfony\\Component\\Asset\\Package" not found in /var/www/html/vendor/symfony/asset/PathPackage.php:27\nStack trace:\n#0 {main}\n thrown in /var/www/html/vendor/symfony/asset/PathPackage.php on line 27
[Tue Sep 23 06:30:00.282732 2025] [php:error] [pid 251:tid 251] [client 192.168.144.1:43142] PHP Fatal error: Uncaught Error: Class "Symfony\\Component\\HttpKernel\\DataCollector\\DataCollector" not found in /var/www/html/vendor/symfony/http-kernel/DataCollector/AjaxDataCollector.php:22\nStack trace:\n#0 {main}\n thrown in /var/www/html/vendor/symfony/http-kernel/DataCollector/AjaxDataCollector.php on line 22
[Tue Sep 23 06:31:44.573275 2025] [php:error] [pid 271:tid 271] [client 192.168.144.1:48966] PHP Fatal error: Uncaught Error: Class "Symfony\\Component\\HttpKernel\\DataCollector\\DataCollector" not found in /var/www/html/vendor/symfony/http-kernel/DataCollector/RequestDataCollector.php:32\nStack trace:\n#0 {main}\n thrown in /var/www/html/vendor/symfony/http-kernel/DataCollector/RequestDataCollector.php on line 32
[Tue Sep 23 06:35:59.215886 2025] [php:error] [pid 277:tid 277] [client 192.168.144.1:41488] PHP Fatal error: Uncaught Error: Class "Symfony\\Component\\DependencyInjection\\Compiler\\AbstractRecursivePass" not found in /var/www/html/vendor/symfony/dependency-injection/Compiler/RemoveUnusedDefinitionsPass.php:23\nStack trace:\n#0 {main}\n thrown in /var/www/html/vendor/symfony/dependency-injection/Compiler/RemoveUnusedDefinitionsPass.php on line 23
[Tue Sep 23 06:40:29.658268 2025] [php:error] [pid 281:tid 281] [client 192.168.144.1:60128] PHP Fatal error: Uncaught Error: Interface "Symfony\\Component\\Security\\Csrf\\TokenStorage\\ClearableTokenStorageInterface" not found in /var/www/html/vendor/symfony/security-csrf/TokenStorage/SessionTokenStorage.php:27\nStack trace:\n#0 {main}\n thrown in /var/www/html/vendor/symfony/security-csrf/TokenStorage/SessionTokenStorage.php on line 27
[Tue Sep 23 06:48:12.470786 2025] [php:error] [pid 271:tid 271] [client 192.168.144.1:34618] PHP Fatal error: Uncaught Error: Interface "Symfony\\Component\\Config\\Resource\\ResourceInterface" not found in /var/www/html/vendor/symfony/dependency-injection/Config/ContainerParametersResource.php:23\nStack trace:\n#0 {main}\n thrown in /var/www/html/vendor/symfony/dependency-injection/Config/ContainerParametersResource.php on line 23
[Tue Sep 23 06:52:25.243757 2025] [php:error] [pid 275:tid 275] [client 192.168.144.1:48240] PHP Fatal error: Uncaught Error: Class "Symfony\\Component\\HttpKernel\\DataCollector\\DataCollector" not found in /var/www/html/vendor/symfony/http-kernel/DataCollector/TimeDataCollector.php:25\nStack trace:\n#0 {main}\n thrown in /var/www/html/vendor/symfony/http-kernel/DataCollector/TimeDataCollector.php on line 25
[Tue Sep 23 06:55:49.371231 2025] [php:error] [pid 279:tid 279] [client 192.168.144.1:41504] PHP Fatal error: Uncaught Error: Class "Symfony\\Component\\DependencyInjection\\Compiler\\AbstractRecursivePass" not found in /var/www/html/vendor/symfony/dependency-injection/Compiler/ResolveChildDefinitionsPass.php:28\nStack trace:\n#0 {main}\n thrown in /var/www/html/vendor/symfony/dependency-injection/Compiler/ResolveChildDefinitionsPass.php on line 28
[Tue Sep 23 06:58:20.308879 2025] [php:error] [pid 257:tid 257] [client 192.168.144.1:33688] PHP Fatal error: Uncaught Error: Interface "Symfony\\Component\\DependencyInjection\\Compiler\\CompilerPassInterface" not found in /var/www/html/vendor/symfony/dependency-injection/Compiler/CheckDefinitionValidityPass.php:31\nStack trace:\n#0 {main}\n thrown in /var/www/html/vendor/symfony/dependency-injection/Compiler/CheckDefinitionValidityPass.php on line 31
[Tue Sep 23 07:10:14.653980 2025] [php:error] [pid 277:tid 277] [client 192.168.144.1:39664] PHP Fatal error: Uncaught Error: Class "Symfony\\Component\\Asset\\Package" not found in /var/www/html/vendor/symfony/asset/UrlPackage.php:36\nStack trace:\n#0 {main}\n thrown in /var/www/html/vendor/symfony/asset/UrlPackage.php on line 36
[Tue Sep 23 07:15:37.588594 2025] [php:error] [pid 257:tid 257] [client 192.168.144.1:41448] PHP Fatal error: Uncaught Error: Interface "Symfony\\Component\\Security\\Http\\LoginLink\\LoginLinkHandlerInterface" not found in /var/www/html/vendor/symfony/security-http/LoginLink/LoginLinkHandler.php:29\nStack trace:\n#0 {main}\n thrown in /var/www/html/vendor/symfony/security-http/LoginLink/LoginLinkHandler.php on line 29
[Tue Sep 23 07:28:25.316647 2025] [php:error] [pid 277:tid 277] [client 192.168.144.1:54478] PHP Fatal error: Uncaught Error: Class "Symfony\\Component\\DependencyInjection\\Compiler\\AbstractRecursivePass" not found in /var/www/html/vendor/symfony/dependency-injection/Compiler/CheckTypeDeclarationsPass.php:42\nStack trace:\n#0 {main}\n thrown in /var/www/html/vendor/symfony/dependency-injection/Compiler/CheckTypeDeclarationsPass.php on line 42
[Tue Sep 23 07:30:41.903091 2025] [php:error] [pid 279:tid 279] [client 192.168.144.1:45186] PHP Fatal error: Uncaught Error: Interface "Symfony\\Component\\DependencyInjection\\Compiler\\CompilerPassInterface" not found in /var/www/html/vendor/symfony/mime/DependencyInjection/AddMimeTypeGuesserPass.php:23\nStack trace:\n#0 {main}\n thrown in /var/www/html/vendor/symfony/mime/DependencyInjection/AddMimeTypeGuesserPass.php on line 23
[Tue Sep 23 07:39:07.393629 2025] [php:error] [pid 271:tid 271] [client 192.168.144.1:35298] PHP Fatal error: Uncaught Error: Class "Symfony\\Component\\Routing\\Loader\\AnnotationClassLoader" not found in /var/www/html/vendor/symfony/framework-bundle/Routing/AnnotatedRouteControllerLoader.php:23\nStack trace:\n#0 {main}\n thrown in /var/www/html/vendor/symfony/framework-bundle/Routing/AnnotatedRouteControllerLoader.php on line 23
[Tue Sep 23 07:48:06.496540 2025] [php:error] [pid 277:tid 277] [client 192.168.144.1:55076] PHP Fatal error: Uncaught Error: Interface "Symfony\\Component\\Serializer\\NameConverter\\AdvancedNameConverterInterface" not found in /var/www/html/vendor/symfony/serializer/NameConverter/MetadataAwareNameConverter.php:20\nStack trace:\n#0 {main}\n thrown in /var/www/html/vendor/symfony/serializer/NameConverter/MetadataAwareNameConverter.php on line 20
[Tue Sep 23 08:02:14.234409 2025] [php:error] [pid 251:tid 251] [client 192.168.144.1:57566] PHP Fatal error: Uncaught Error: Interface "Symfony\\Component\\Serializer\\NameConverter\\NameConverterInterface" not found in /var/www/html/vendor/symfony/serializer/NameConverter/AdvancedNameConverterInterface.php:19\nStack trace:\n#0 {main}\n thrown in /var/www/html/vendor/symfony/serializer/NameConverter/AdvancedNameConverterInterface.php on line 19
[Tue Sep 23 08:13:22.256450 2025] [php:error] [pid 273:tid 273] [client 192.168.144.1:45126] PHP Fatal error: Uncaught Error: Class "Symfony\\Component\\DependencyInjection\\Dumper\\Dumper" not found in /var/www/html/vendor/symfony/dependency-injection/Dumper/GraphvizDumper.php:31\nStack trace:\n#0 {main}\n thrown in /var/www/html/vendor/symfony/dependency-injection/Dumper/GraphvizDumper.php on line 31
[Tue Sep 23 08:21:00.117060 2025] [php:error] [pid 275:tid 275] [client 192.168.144.1:33020] PHP Fatal error: Uncaught Error: Interface "Symfony\\Component\\Serializer\\NameConverter\\NameConverterInterface" not found in /var/www/html/vendor/symfony/serializer/NameConverter/CamelCaseToSnakeCaseNameConverter.php:19\nStack trace:\n#0 {main}\n thrown in /var/www/html/vendor/symfony/serializer/NameConverter/CamelCaseToSnakeCaseNameConverter.php on line 19
[Tue Sep 23 10:50:54.428509 2025] [php:error] [pid 275:tid 275] [client 192.168.144.1:38676] PHP Fatal error: Uncaught Error: Interface "Symfony\\Component\\EventDispatcher\\EventSubscriberInterface" not found in /var/www/html/vendor/symfony/monolog-bridge/Processor/ConsoleCommandProcessor.php:24\nStack trace:\n#0 {main}\n thrown in /var/www/html/vendor/symfony/monolog-bridge/Processor/ConsoleCommandProcessor.php on line 24
[Tue Sep 23 12:51:02.941813 2025] [php:error] [pid 281:tid 281] [client 192.168.144.1:34456] PHP Fatal error: Uncaught Error: Class "Symfony\\Component\\Translation\\Command\\XliffLintCommand" not found in /var/www/html/vendor/symfony/framework-bundle/Command/XliffLintCommand.php:25\nStack trace:\n#0 {main}\n thrown in /var/www/html/vendor/symfony/framework-bundle/Command/XliffLintCommand.php on line 25
[Tue Sep 23 15:18:09.285496 2025] [php:error] [pid 271:tid 271] [client 192.168.144.1:48906] PHP Fatal error: Uncaught Error: Class "Symfony\\Bridge\\Monolog\\Processor\\AbstractTokenProcessor" not found in /var/www/html/vendor/symfony/monolog-bridge/Processor/SwitchUserTokenProcessor.php:22\nStack trace:\n#0 {main}\n thrown in /var/www/html/vendor/symfony/monolog-bridge/Processor/SwitchUserTokenProcessor.php on line 22
[Tue Sep 23 16:01:39.460567 2025] [php:error] [pid 281:tid 281] [client 192.168.144.1:35166] PHP Fatal error: Uncaught Error: Call to undefined function Symfony\\Component\\Security\\Http\\Firewall\\trigger_deprecation() in /var/www/html/vendor/symfony/security-http/Firewall/AbstractAuthenticationListener.php:34\nStack trace:\n#0 {main}\n thrown in /var/www/html/vendor/symfony/security-http/Firewall/AbstractAuthenticationListener.php on line 34
[Tue Sep 23 16:02:22.149982 2025] [php:error] [pid 257:tid 257] [client 192.168.144.1:33570] PHP Fatal error: Uncaught Error: Call to undefined function Symfony\\Component\\Security\\Http\\Firewall\\trigger_deprecation() in /var/www/html/vendor/symfony/security-http/Firewall/RemoteUserAuthenticationListener.php:21\nStack trace:\n#0 {main}\n thrown in /var/www/html/vendor/symfony/security-http/Firewall/RemoteUserAuthenticationListener.php on line 21
[Tue Sep 23 16:04:21.303135 2025] [php:error] [pid 271:tid 271] [client 192.168.144.1:47738] PHP Fatal error: Uncaught Error: Interface "Monolog\\Formatter\\FormatterInterface" not found in /var/www/html/vendor/symfony/monolog-bridge/Formatter/VarDumperFormatter.php:20\nStack trace:\n#0 {main}\n thrown in /var/www/html/vendor/symfony/monolog-bridge/Formatter/VarDumperFormatter.php on line 20
[Tue Sep 23 16:05:20.220066 2025] [php:error] [pid 273:tid 273] [client 192.168.144.1:46666] PHP Fatal error: Uncaught Error: Call to undefined function Symfony\\Component\\Security\\Http\\Firewall\\trigger_deprecation() in /var/www/html/vendor/symfony/security-http/Firewall/AbstractPreAuthenticatedListener.php:28\nStack trace:\n#0 {main}\n thrown in /var/www/html/vendor/symfony/security-http/Firewall/AbstractPreAuthenticatedListener.php on line 28
[Tue Sep 23 16:06:20.557851 2025] [php:error] [pid 275:tid 275] [client 192.168.144.1:57960] PHP Fatal error: Uncaught Error: Interface "Monolog\\Formatter\\FormatterInterface" not found in /var/www/html/vendor/symfony/monolog-bridge/Formatter/ConsoleFormatter.php:28\nStack trace:\n#0 {main}\n thrown in /var/www/html/vendor/symfony/monolog-bridge/Formatter/ConsoleFormatter.php on line 28
[Tue Sep 23 16:10:12.770172 2025] [php:error] [pid 257:tid 257] [client 192.168.144.1:51190] PHP Fatal error: Uncaught Error: Class "Symfony\\Component\\Serializer\\Exception\\InvalidArgumentException" not found in /var/www/html/vendor/symfony/serializer/Exception/UnsupportedException.php:19\nStack trace:\n#0 {main}\n thrown in /var/www/html/vendor/symfony/serializer/Exception/UnsupportedException.php on line 19
[Tue Sep 23 16:10:59.517338 2025] [php:error] [pid 251:tid 251] [client 192.168.144.1:53374] PHP Fatal error: Uncaught Error: Class "Symfony\\Component\\Serializer\\Exception\\RuntimeException" not found in /var/www/html/vendor/symfony/serializer/Exception/ExtraAttributesException.php:19\nStack trace:\n#0 {main}\n thrown in /var/www/html/vendor/symfony/serializer/Exception/ExtraAttributesException.php on line 19
[Tue Sep 23 16:11:59.401469 2025] [php:error] [pid 271:tid 271] [client 192.168.144.1:48282] PHP Fatal error: Uncaught Error: Class "Symfony\\Component\\Serializer\\Exception\\RuntimeException" not found in /var/www/html/vendor/symfony/serializer/Exception/CircularReferenceException.php:19\nStack trace:\n#0 {main}\n thrown in /var/www/html/vendor/symfony/serializer/Exception/CircularReferenceException.php on line 19
[Tue Sep 23 16:14:05.098257 2025] [php:error] [pid 275:tid 275] [client 192.168.144.1:55050] PHP Fatal error: Uncaught Error: Class "Symfony\\Component\\Serializer\\Exception\\UnexpectedValueException" not found in /var/www/html/vendor/symfony/serializer/Exception/PartialDenormalizationException.php:17\nStack trace:\n#0 {main}\n thrown in /var/www/html/vendor/symfony/serializer/Exception/PartialDenormalizationException.php on line 17
[Tue Sep 23 16:14:58.539555 2025] [php:error] [pid 277:tid 277] [client 192.168.144.1:46714] PHP Fatal error: Uncaught Error: Interface "Symfony\\Component\\Serializer\\Exception\\ExceptionInterface" not found in /var/www/html/vendor/symfony/serializer/Exception/UnexpectedValueException.php:19\nStack trace:\n#0 {main}\n thrown in /var/www/html/vendor/symfony/serializer/Exception/UnexpectedValueException.php on line 19
[Tue Sep 23 16:16:01.886276 2025] [php:error] [pid 279:tid 279] [client 192.168.144.1:54398] PHP Fatal error: Uncaught Error: Interface "Symfony\\Component\\Serializer\\Exception\\ExceptionInterface" not found in /var/www/html/vendor/symfony/serializer/Exception/BadMethodCallException.php:14\nStack trace:\n#0 {main}\n thrown in /var/www/html/vendor/symfony/serializer/Exception/BadMethodCallException.php on line 14
[Tue Sep 23 16:17:06.589654 2025] [php:error] [pid 281:tid 281] [client 192.168.144.1:49122] PHP Fatal error: Uncaught Error: Class "Symfony\\Component\\Serializer\\Exception\\RuntimeException" not found in /var/www/html/vendor/symfony/serializer/Exception/MissingConstructorArgumentsException.php:17\nStack trace:\n#0 {main}\n thrown in /var/www/html/vendor/symfony/serializer/Exception/MissingConstructorArgumentsException.php on line 17
[Tue Sep 23 16:18:08.112694 2025] [php:error] [pid 257:tid 257] [client 192.168.144.1:54834] PHP Fatal error: Uncaught Error: Class "Symfony\\Component\\Serializer\\Exception\\UnexpectedValueException" not found in /var/www/html/vendor/symfony/serializer/Exception/NotNormalizableValueException.php:17\nStack trace:\n#0 {main}\n thrown in /var/www/html/vendor/symfony/serializer/Exception/NotNormalizableValueException.php on line 17
[Tue Sep 23 16:20:15.809944 2025] [php:error] [pid 273:tid 273] [client 192.168.144.1:37580] PHP Fatal error: Uncaught Error: Interface "Symfony\\Component\\Serializer\\Exception\\ExceptionInterface" not found in /var/www/html/vendor/symfony/serializer/Exception/InvalidArgumentException.php:19\nStack trace:\n#0 {main}\n thrown in /var/www/html/vendor/symfony/serializer/Exception/InvalidArgumentException.php on line 19
[Tue Sep 23 16:21:12.276129 2025] [php:error] [pid 275:tid 275] [client 192.168.144.1:39154] PHP Fatal error: Uncaught Error: Class "Symfony\\Component\\Serializer\\Exception\\UnexpectedValueException" not found in /var/www/html/vendor/symfony/serializer/Exception/NotEncodableValueException.php:17\nStack trace:\n#0 {main}\n thrown in /var/www/html/vendor/symfony/serializer/Exception/NotEncodableValueException.php on line 17
[Tue Sep 23 16:22:17.619318 2025] [php:error] [pid 277:tid 277] [client 192.168.144.1:55252] PHP Fatal error: Uncaught Error: Class "Symfony\\Component\\HttpKernel\\DataCollector\\DataCollector" not found in /var/www/html/vendor/symfony/http-kernel/DataCollector/LoggerDataCollector.php:25\nStack trace:\n#0 {main}\n thrown in /var/www/html/vendor/symfony/http-kernel/DataCollector/LoggerDataCollector.php on line 25
[Tue Sep 23 16:27:40.399399 2025] [php:error] [pid 273:tid 273] [client 192.168.144.1:36818] PHP Fatal error: Uncaught Error: Interface "Symfony\\Component\\DependencyInjection\\Compiler\\CompilerPassInterface" not found in /var/www/html/vendor/symfony/cache/DependencyInjection/CachePoolClearerPass.php:21\nStack trace:\n#0 {main}\n thrown in /var/www/html/vendor/symfony/cache/DependencyInjection/CachePoolClearerPass.php on line 21
[Tue Sep 23 16:31:56.564262 2025] [php:warn] [pid 257:tid 257] [client 192.168.144.1:37326] PHP Warning: require(/var/www/html/vendor/alchemy/binary-driver/tests/../vendor/autoload.php): Failed to open stream: No such file or directory in /var/www/html/vendor/alchemy/binary-driver/tests/bootstrap.php on line 3
[Tue Sep 23 16:31:56.564357 2025] [php:error] [pid 257:tid 257] [client 192.168.144.1:37326] PHP Fatal error: Uncaught Error: Failed opening required '/var/www/html/vendor/alchemy/binary-driver/tests/../vendor/autoload.php' (include_path='.:') in /var/www/html/vendor/alchemy/binary-driver/tests/bootstrap.php:3\nStack trace:\n#0 {main}\n thrown in /var/www/html/vendor/alchemy/binary-driver/tests/bootstrap.php on line 3
[Tue Sep 23 16:32:37.066546 2025] [php:error] [pid 251:tid 251] [client 192.168.144.1:40116] PHP Fatal error: Uncaught Error: Interface "Symfony\\Component\\DependencyInjection\\Extension\\ExtensionInterface" not found in /var/www/html/vendor/symfony/dependency-injection/Extension/Extension.php:27\nStack trace:\n#0 {main}\n thrown in /var/www/html/vendor/symfony/dependency-injection/Extension/Extension.php on line 27
[Tue Sep 23 16:35:40.106988 2025] [php:error] [pid 275:tid 275] [client 192.168.144.1:56692] PHP Fatal error: Uncaught Error: Class "App\\Interfaces\\AbstractTranslatable" not found in /var/www/html/src/Entity/Sector.php:30\nStack trace:\n#0 {main}\n thrown in /var/www/html/src/Entity/Sector.php on line 30
[Tue Sep 23 16:41:20.820715 2025] [php:error] [pid 273:tid 273] [client 192.168.144.1:39084] PHP Fatal error: Uncaught Error: Interface "Twig\\NodeVisitor\\NodeVisitorInterface" not found in /var/www/html/vendor/symfony/twig-bridge/NodeVisitor/TranslationNodeVisitor.php:28\nStack trace:\n#0 {main}\n thrown in /var/www/html/vendor/symfony/twig-bridge/NodeVisitor/TranslationNodeVisitor.php on line 28
[Tue Sep 23 16:41:53.124807 2025] [php:error] [pid 275:tid 275] [client 192.168.144.1:59950] PHP Fatal error: Uncaught Error: Class "ApiPlatform\\Doctrine\\Orm\\Filter\\AbstractFilter" not found in /var/www/html/src/Filter/NotLikeFilter.php:24\nStack trace:\n#0 {main}\n thrown in /var/www/html/src/Filter/NotLikeFilter.php on line 24
[Tue Sep 23 16:42:55.422196 2025] [php:error] [pid 277:tid 277] [client 192.168.144.1:55060] PHP Fatal error: Uncaught Error: Call to undefined function Symfony\\Component\\Security\\Guard\\Firewall\\trigger_deprecation() in /var/www/html/vendor/symfony/security-guard/Firewall/GuardAuthenticationListener.php:32\nStack trace:\n#0 {main}\n thrown in /var/www/html/vendor/symfony/security-guard/Firewall/GuardAuthenticationListener.php on line 32
[Tue Sep 23 16:45:59.807342 2025] [php:error] [pid 257:tid 257] [client 192.168.144.1:55620] script '/var/www/html/xmlrpc.php' not found or unable to stat
[Tue Sep 23 16:45:59.856605 2025] [php:error] [pid 257:tid 257] [client 192.168.144.1:55620] PHP Fatal error: Uncaught Error: Interface "Symfony\\Component\\DependencyInjection\\Compiler\\CompilerPassInterface" not found in /var/www/html/vendor/symfony/http-client/DependencyInjection/HttpClientPass.php:20\nStack trace:\n#0 {main}\n thrown in /var/www/html/vendor/symfony/http-client/DependencyInjection/HttpClientPass.php on line 20
[Tue Sep 23 16:51:08.849060 2025] [php:error] [pid 281:tid 281] [client 192.168.144.1:51320] PHP Fatal error: Uncaught Error: Interface "Symfony\\Component\\Security\\Http\\Authenticator\\InteractiveAuthenticatorInterface" not found in /var/www/html/vendor/symfony/security-http/Authenticator/AbstractPreAuthenticatedAuthenticator.php:38\nStack trace:\n#0 {main}\n thrown in /var/www/html/vendor/symfony/security-http/Authenticator/AbstractPreAuthenticatedAuthenticator.php on line 38
[Tue Sep 23 16:54:38.906687 2025] [php:error] [pid 273:tid 273] [client 192.168.144.1:56972] PHP Fatal error: Uncaught Error: Class "Symfony\\Component\\Security\\Http\\Firewall\\AbstractListener" not found in /var/www/html/vendor/symfony/security-http/Firewall/AuthenticatorManagerListener.php:23\nStack trace:\n#0 {main}\n thrown in /var/www/html/vendor/symfony/security-http/Firewall/AuthenticatorManagerListener.php on line 23
[Tue Sep 23 16:57:25.111492 2025] [php:error] [pid 279:tid 279] [client 192.168.144.1:57830] PHP Fatal error: Uncaught Error: Class "Twig\\Template" not found in /var/www/html/var/cache/prod/twig/d3/d3f589f810a7d5f23ca027277712bebb.php:18\nStack trace:\n#0 {main}\n thrown in /var/www/html/var/cache/prod/twig/d3/d3f589f810a7d5f23ca027277712bebb.php on line 18
[Tue Sep 23 16:58:15.278453 2025] [php:error] [pid 281:tid 281] [client 192.168.144.1:48642] PHP Fatal error: Uncaught Error: Class "Twig\\Template" not found in /var/www/html/var/cache/prod/twig/1c/1c640a714b3b36295500145ef3a50d2b.php:18\nStack trace:\n#0 {main}\n thrown in /var/www/html/var/cache/prod/twig/1c/1c640a714b3b36295500145ef3a50d2b.php on line 18
[Tue Sep 23 16:59:19.860248 2025] [php:error] [pid 257:tid 257] [client 192.168.144.1:47774] PHP Fatal error: Uncaught Error: Class "Twig\\Template" not found in /var/www/html/var/cache/prod/twig/6a/6a9b072f56f89fa8d06c64c7a17fc2c5.php:18\nStack trace:\n#0 {main}\n thrown in /var/www/html/var/cache/prod/twig/6a/6a9b072f56f89fa8d06c64c7a17fc2c5.php on line 18
[Tue Sep 23 17:00:21.060316 2025] [php:error] [pid 251:tid 251] [client 192.168.144.1:55632] PHP Fatal error: Uncaught Error: Class "Twig\\Template" not found in /var/www/html/var/cache/prod/twig/4a/4a030fd974f8672a56874b1f0256cb6d.php:18\nStack trace:\n#0 {main}\n thrown in /var/www/html/var/cache/prod/twig/4a/4a030fd974f8672a56874b1f0256cb6d.php on line 18
[Tue Sep 23 17:02:26.740983 2025] [php:error] [pid 273:tid 273] [client 192.168.144.1:37410] PHP Fatal error: Uncaught Error: Class "Twig\\Template" not found in /var/www/html/var/cache/prod/twig/2b/2bd51055e9da2b2c5795b8b80340a741.php:18\nStack trace:\n#0 {main}\n thrown in /var/www/html/var/cache/prod/twig/2b/2bd51055e9da2b2c5795b8b80340a741.php on line 18
[Tue Sep 23 17:04:24.859671 2025] [php:error] [pid 277:tid 277] [client 192.168.144.1:35712] PHP Fatal error: Uncaught Error: Class "Twig\\Template" not found in /var/www/html/var/cache/prod/twig/c5/c551dd44851d0de2ec32ecf9cf6201c0.php:18\nStack trace:\n#0 {main}\n thrown in /var/www/html/var/cache/prod/twig/c5/c551dd44851d0de2ec32ecf9cf6201c0.php on line 18
[Tue Sep 23 17:05:20.979893 2025] [php:error] [pid 279:tid 279] [client 192.168.144.1:51890] PHP Fatal error: Uncaught Error: Class "Twig\\Template" not found in /var/www/html/var/cache/prod/twig/e8/e801b03d71780bb2850d244b3c83d8c0.php:18\nStack trace:\n#0 {main}\n thrown in /var/www/html/var/cache/prod/twig/e8/e801b03d71780bb2850d244b3c83d8c0.php on line 18
[Tue Sep 23 17:06:26.675038 2025] [php:error] [pid 281:tid 281] [client 192.168.144.1:39214] PHP Fatal error: Uncaught Error: Class "Twig\\Template" not found in /var/www/html/var/cache/prod/twig/f5/f589c0513952b97b2687bfde620cf654.php:18\nStack trace:\n#0 {main}\n thrown in /var/www/html/var/cache/prod/twig/f5/f589c0513952b97b2687bfde620cf654.php on line 18
[Tue Sep 23 17:07:29.355673 2025] [php:error] [pid 257:tid 257] [client 192.168.144.1:35958] PHP Fatal error: Uncaught Error: Class "Twig\\Template" not found in /var/www/html/var/cache/prod/twig/c4/c43f21ce6a09c317c2c8a1ef5bc11766.php:18\nStack trace:\n#0 {main}\n thrown in /var/www/html/var/cache/prod/twig/c4/c43f21ce6a09c317c2c8a1ef5bc11766.php on line 18
[Tue Sep 23 17:08:35.417125 2025] [php:error] [pid 271:tid 271] [client 192.168.144.1:45180] PHP Fatal error: Uncaught Error: Class "Twig\\Template" not found in /var/www/html/var/cache/prod/twig/c3/c3996bf6629cdfd606661af967712415.php:18\nStack trace:\n#0 {main}\n thrown in /var/www/html/var/cache/prod/twig/c3/c3996bf6629cdfd606661af967712415.php on line 18
[Tue Sep 23 17:12:30.426460 2025] [php:error] [pid 279:tid 279] [client 192.168.144.1:48004] PHP Fatal error: Uncaught Error: Call to undefined function Symfony\\Bridge\\Monolog\\Messenger\\trigger_deprecation() in /var/www/html/vendor/symfony/monolog-bridge/Messenger/ResetLoggersWorkerSubscriber.php:19\nStack trace:\n#0 {main}\n thrown in /var/www/html/vendor/symfony/monolog-bridge/Messenger/ResetLoggersWorkerSubscriber.php on line 19
[Tue Sep 23 17:16:52.569907 2025] [php:error] [pid 273:tid 273] [client 192.168.144.1:43212] PHP Fatal error: Uncaught Error: Class "Twig\\Template" not found in /var/www/html/var/cache/prod/twig/3f/3f6cc5b8b951adb89517749bf1711338.php:18\nStack trace:\n#0 {main}\n thrown in /var/www/html/var/cache/prod/twig/3f/3f6cc5b8b951adb89517749bf1711338.php on line 18
[Tue Sep 23 17:19:34.367348 2025] [php:error] [pid 279:tid 279] [client 192.168.144.1:37786] PHP Fatal error: Uncaught Error: Class "Twig\\Template" not found in /var/www/html/var/cache/prod/twig/1f/1f2e7f1fd10df3cd190b0b5cce88e3dd.php:18\nStack trace:\n#0 {main}\n thrown in /var/www/html/var/cache/prod/twig/1f/1f2e7f1fd10df3cd190b0b5cce88e3dd.php on line 18
