[Sun Sep 14 11:59:47.147049 2025] [autoindex:error] [pid 299:tid 299] [client 192.168.144.1:48266] AH01276: Cannot serve directory /var/www/html/: No matching DirectoryIndex (index.html,index.php) found, and server-generated directory index forbidden by Options directive, referer: http://api-data.test.mairie.cartelmatic.com
[Sun Sep 14 12:52:12.616954 2025] [php:error] [pid 277:tid 277] [client 192.168.144.1:38188] PHP Fatal error: Uncaught Error: Class "Doctrine\\Migrations\\AbstractMigration" not found in /var/www/html/migrations/Version20221006114940.php:13\nStack trace:\n#0 {main}\n thrown in /var/www/html/migrations/Version20221006114940.php on line 13
[Sun Sep 14 13:20:12.894746 2025] [autoindex:error] [pid 309:tid 309] [client 192.168.144.1:37718] AH01276: Cannot serve directory /var/www/html/config/packages/: No matching DirectoryIndex (index.html,index.php) found, and server-generated directory index forbidden by Options directive
[Sun Sep 14 18:02:06.596086 2025] [autoindex:error] [pid 311:tid 311] [client 192.168.144.1:55538] AH01276: Cannot serve directory /var/www/html/: No matching DirectoryIndex (index.html,index.php) found, and server-generated directory index forbidden by Options directive
[Sun Sep 14 21:09:30.181770 2025] [autoindex:error] [pid 313:tid 313] [client 192.168.144.1:45948] AH01276: Cannot serve directory /var/www/html/: No matching DirectoryIndex (index.html,index.php) found, and server-generated directory index forbidden by Options directive
[Sun Sep 14 22:14:52.318059 2025] [autoindex:error] [pid 337:tid 337] [client 192.168.144.1:48810] AH01276: Cannot serve directory /var/www/html/: No matching DirectoryIndex (index.html,index.php) found, and server-generated directory index forbidden by Options directive
[Sun Sep 14 22:45:12.379653 2025] [php:error] [pid 317:tid 317] [client 192.168.144.1:35938] PHP Fatal error: Uncaught Error: Class "Doctrine\\Migrations\\AbstractMigration" not found in /var/www/html/migrations/Version20210309102743.php:13\nStack trace:\n#0 {main}\n thrown in /var/www/html/migrations/Version20210309102743.php on line 13
[Mon Sep 15 00:46:09.771351 2025] [autoindex:error] [pid 311:tid 311] [client 192.168.144.1:50836] AH01276: Cannot serve directory /var/www/html/: No matching DirectoryIndex (index.html,index.php) found, and server-generated directory index forbidden by Options directive
[Mon Sep 15 00:46:13.438245 2025] [autoindex:error] [pid 311:tid 311] [client 192.168.144.1:50836] AH01276: Cannot serve directory /var/www/html/: No matching DirectoryIndex (index.html,index.php) found, and server-generated directory index forbidden by Options directive
[Mon Sep 15 00:46:17.868200 2025] [negotiation:error] [pid 311:tid 311] [client 192.168.144.1:50836] AH00690: no acceptable variant: /usr/share/httpd/error/HTTP_NOT_FOUND.html.var
[Mon Sep 15 00:46:24.802151 2025] [php:error] [pid 311:tid 311] [client 192.168.144.1:50836] script '/var/www/html/info.php' not found or unable to stat
[Mon Sep 15 00:46:25.426830 2025] [autoindex:error] [pid 311:tid 311] [client 192.168.144.1:50836] AH01276: Cannot serve directory /var/www/html/: No matching DirectoryIndex (index.html,index.php) found, and server-generated directory index forbidden by Options directive
[Mon Sep 15 02:28:02.418530 2025] [autoindex:error] [pid 281:tid 281] [client 192.168.144.1:53820] AH01276: Cannot serve directory /var/www/html/: No matching DirectoryIndex (index.html,index.php) found, and server-generated directory index forbidden by Options directive
[Mon Sep 15 07:20:49.744503 2025] [autoindex:error] [pid 307:tid 307] [client 192.168.144.1:46312] AH01276: Cannot serve directory /var/www/html/: No matching DirectoryIndex (index.html,index.php) found, and server-generated directory index forbidden by Options directive
[Mon Sep 15 10:23:49.751986 2025] [php:error] [pid 299:tid 299] [client 192.168.144.1:55984] PHP Fatal error: Uncaught Error: Class "Doctrine\\Migrations\\AbstractMigration" not found in /var/www/html/migrations/Version20210309102743.php:13\nStack trace:\n#0 {main}\n thrown in /var/www/html/migrations/Version20210309102743.php on line 13
[Mon Sep 15 10:38:21.005762 2025] [autoindex:error] [pid 277:tid 277] [client 192.168.144.1:40814] AH01276: Cannot serve directory /var/www/html/: No matching DirectoryIndex (index.html,index.php) found, and server-generated directory index forbidden by Options directive
[Mon Sep 15 10:38:25.621278 2025] [php:error] [pid 277:tid 277] [client 192.168.144.1:40814] script '/var/www/html/xmlrpc.php' not found or unable to stat
[Mon Sep 15 10:49:12.220021 2025] [autoindex:error] [pid 309:tid 309] [client 192.168.144.1:34252] AH01276: Cannot serve directory /var/www/html/: No matching DirectoryIndex (index.html,index.php) found, and server-generated directory index forbidden by Options directive, referer: http://api-data.test.mairie.cartelmatic.com
[Mon Sep 15 11:24:05.302675 2025] [autoindex:error] [pid 311:tid 311] [client 192.168.144.1:43448] AH01276: Cannot serve directory /var/www/html/: No matching DirectoryIndex (index.html,index.php) found, and server-generated directory index forbidden by Options directive, referer: http://api-data.test.mairie.cartelmatic.com
[Mon Sep 15 11:27:59.379953 2025] [autoindex:error] [pid 313:tid 313] [client 192.168.144.1:54034] AH01276: Cannot serve directory /var/www/html/: No matching DirectoryIndex (index.html,index.php) found, and server-generated directory index forbidden by Options directive
[Mon Sep 15 11:28:00.192288 2025] [php:error] [pid 313:tid 313] [client 192.168.144.1:54034] script '/var/www/html/xmlrpc.php' not found or unable to stat
[Mon Sep 15 13:17:06.658970 2025] [autoindex:error] [pid 281:tid 281] [client 192.168.144.1:42226] AH01276: Cannot serve directory /var/www/html/: No matching DirectoryIndex (index.html,index.php) found, and server-generated directory index forbidden by Options directive, referer: http://api-data.test.mairie.cartelmatic.com
[Mon Sep 15 13:39:55.747951 2025] [autoindex:error] [pid 337:tid 337] [client 192.168.144.1:57948] AH01276: Cannot serve directory /var/www/html/config/packages/: No matching DirectoryIndex (index.html,index.php) found, and server-generated directory index forbidden by Options directive
[Mon Sep 15 16:58:34.629474 2025] [autoindex:error] [pid 315:tid 315] [client 192.168.144.1:46088] AH01276: Cannot serve directory /var/www/html/: No matching DirectoryIndex (index.html,index.php) found, and server-generated directory index forbidden by Options directive
[Tue Sep 16 00:10:18.803099 2025] [autoindex:error] [pid 307:tid 307] [client 192.168.144.1:60010] AH01276: Cannot serve directory /var/www/html/: No matching DirectoryIndex (index.html,index.php) found, and server-generated directory index forbidden by Options directive
[Tue Sep 16 02:14:25.884298 2025] [autoindex:error] [pid 299:tid 299] [client 192.168.144.1:36528] AH01276: Cannot serve directory /var/www/html/: No matching DirectoryIndex (index.html,index.php) found, and server-generated directory index forbidden by Options directive
[Tue Sep 16 03:43:14.234642 2025] [autoindex:error] [pid 309:tid 309] [client 192.168.144.1:44210] AH01276: Cannot serve directory /var/www/html/: No matching DirectoryIndex (index.html,index.php) found, and server-generated directory index forbidden by Options directive
[Tue Sep 16 16:00:35.035978 2025] [autoindex:error] [pid 315:tid 315] [client 192.168.144.1:56006] AH01276: Cannot serve directory /var/www/html/: No matching DirectoryIndex (index.html,index.php) found, and server-generated directory index forbidden by Options directive
[Tue Sep 16 20:58:06.697728 2025] [autoindex:error] [pid 299:tid 299] [client 192.168.144.1:53730] AH01276: Cannot serve directory /var/www/html/: No matching DirectoryIndex (index.html,index.php) found, and server-generated directory index forbidden by Options directive
[Wed Sep 17 00:28:05.334223 2025] [php:error] [pid 277:tid 277] [client 192.168.144.1:52364] PHP Fatal error: Uncaught Error: Class "Doctrine\\Migrations\\AbstractMigration" not found in /var/www/html/migrations/Version20230426102323.php:13\nStack trace:\n#0 {main}\n thrown in /var/www/html/migrations/Version20230426102323.php on line 13
[Wed Sep 17 03:15:05.060185 2025] [autoindex:error] [pid 309:tid 309] [client 192.168.144.1:39150] AH01276: Cannot serve directory /var/www/html/: No matching DirectoryIndex (index.html,index.php) found, and server-generated directory index forbidden by Options directive
[Wed Sep 17 03:46:23.994580 2025] [autoindex:error] [pid 313:tid 313] [client 192.168.144.1:39912] AH01276: Cannot serve directory /var/www/html/: No matching DirectoryIndex (index.html,index.php) found, and server-generated directory index forbidden by Options directive
[Wed Sep 17 03:46:30.068691 2025] [autoindex:error] [pid 281:tid 281] [client 192.168.144.1:39924] AH01276: Cannot serve directory /var/www/html/: No matching DirectoryIndex (index.html,index.php) found, and server-generated directory index forbidden by Options directive
[Wed Sep 17 03:46:37.242833 2025] [negotiation:error] [pid 281:tid 281] [client 192.168.144.1:39924] AH00690: no acceptable variant: /usr/share/httpd/error/HTTP_NOT_FOUND.html.var
[Wed Sep 17 03:46:48.511438 2025] [php:error] [pid 281:tid 281] [client 192.168.144.1:39924] script '/var/www/html/info.php' not found or unable to stat
[Wed Sep 17 03:46:49.531017 2025] [autoindex:error] [pid 281:tid 281] [client 192.168.144.1:39924] AH01276: Cannot serve directory /var/www/html/: No matching DirectoryIndex (index.html,index.php) found, and server-generated directory index forbidden by Options directive
[Wed Sep 17 04:09:00.069829 2025] [php:error] [pid 337:tid 337] [client 192.168.144.1:60186] PHP Fatal error: Uncaught Error: Class "Doctrine\\Migrations\\AbstractMigration" not found in /var/www/html/migrations/Version20220627095324.php:13\nStack trace:\n#0 {main}\n thrown in /var/www/html/migrations/Version20220627095324.php on line 13
[Wed Sep 17 04:29:15.595362 2025] [autoindex:error] [pid 315:tid 315] [client 192.168.144.1:50716] AH01276: Cannot serve directory /var/www/html/bin/: No matching DirectoryIndex (index.html,index.php) found, and server-generated directory index forbidden by Options directive
[Wed Sep 17 06:26:06.854197 2025] [autoindex:error] [pid 299:tid 299] [client 192.168.144.1:56266] AH01276: Cannot serve directory /var/www/html/: No matching DirectoryIndex (index.html,index.php) found, and server-generated directory index forbidden by Options directive
[Wed Sep 17 06:26:07.079017 2025] [autoindex:error] [pid 299:tid 299] [client 192.168.144.1:56266] AH01276: Cannot serve directory /var/www/html/: No matching DirectoryIndex (index.html,index.php) found, and server-generated directory index forbidden by Options directive
[Wed Sep 17 06:26:38.041371 2025] [autoindex:error] [pid 277:tid 277] [client 192.168.144.1:58014] AH01276: Cannot serve directory /var/www/html/: No matching DirectoryIndex (index.html,index.php) found, and server-generated directory index forbidden by Options directive
[Wed Sep 17 06:26:38.461879 2025] [autoindex:error] [pid 277:tid 277] [client 192.168.144.1:58014] AH01276: Cannot serve directory /var/www/html/: No matching DirectoryIndex (index.html,index.php) found, and server-generated directory index forbidden by Options directive
[Wed Sep 17 06:26:39.998321 2025] [negotiation:error] [pid 277:tid 277] [client 192.168.144.1:58014] AH00690: no acceptable variant: /usr/share/httpd/error/HTTP_NOT_FOUND.html.var
[Wed Sep 17 06:26:41.813338 2025] [php:error] [pid 277:tid 277] [client 192.168.144.1:58014] script '/var/www/html/info.php' not found or unable to stat
[Wed Sep 17 06:26:41.901803 2025] [autoindex:error] [pid 277:tid 277] [client 192.168.144.1:58014] AH01276: Cannot serve directory /var/www/html/: No matching DirectoryIndex (index.html,index.php) found, and server-generated directory index forbidden by Options directive
[Wed Sep 17 06:28:24.585863 2025] [autoindex:error] [pid 309:tid 309] [client 192.168.144.1:38920] AH01276: Cannot serve directory /var/www/html/: No matching DirectoryIndex (index.html,index.php) found, and server-generated directory index forbidden by Options directive
[Wed Sep 17 06:48:38.762618 2025] [autoindex:error] [pid 311:tid 311] [client 192.168.144.1:39704] AH01276: Cannot serve directory /var/www/html/: No matching DirectoryIndex (index.html,index.php) found, and server-generated directory index forbidden by Options directive
[Wed Sep 17 06:48:39.963340 2025] [php:error] [pid 311:tid 311] [client 192.168.144.1:39704] script '/var/www/html/phpinfo.php' not found or unable to stat
[Wed Sep 17 06:48:41.283652 2025] [php:error] [pid 311:tid 311] [client 192.168.144.1:39704] script '/var/www/html/test.php' not found or unable to stat
[Wed Sep 17 06:48:45.354139 2025] [autoindex:error] [pid 311:tid 311] [client 192.168.144.1:39704] AH01276: Cannot serve directory /var/www/html/: No matching DirectoryIndex (index.html,index.php) found, and server-generated directory index forbidden by Options directive
[Wed Sep 17 06:48:46.506941 2025] [php:error] [pid 311:tid 311] [client 192.168.144.1:39704] script '/var/www/html/index.php' not found or unable to stat
[Wed Sep 17 09:31:03.750090 2025] [autoindex:error] [pid 281:tid 281] [client 192.168.144.1:39860] AH01276: Cannot serve directory /var/www/html/: No matching DirectoryIndex (index.html,index.php) found, and server-generated directory index forbidden by Options directive
[Thu Sep 18 00:12:15.186712 2025] [autoindex:error] [pid 337:tid 337] [client 192.168.144.1:44184] AH01276: Cannot serve directory /var/www/html/: No matching DirectoryIndex (index.html,index.php) found, and server-generated directory index forbidden by Options directive
[Thu Sep 18 00:12:15.411537 2025] [autoindex:error] [pid 337:tid 337] [client 192.168.144.1:44184] AH01276: Cannot serve directory /var/www/html/: No matching DirectoryIndex (index.html,index.php) found, and server-generated directory index forbidden by Options directive
[Thu Sep 18 15:10:05.446349 2025] [negotiation:error] [pid 299:tid 299] [client 192.168.144.1:41304] AH00690: no acceptable variant: /usr/share/httpd/error/HTTP_NOT_FOUND.html.var
[Thu Sep 18 15:10:06.601004 2025] [php:error] [pid 299:tid 299] [client 192.168.144.1:41304] script '/var/www/html/info.php' not found or unable to stat
[Thu Sep 18 22:12:23.359174 2025] [php:error] [pid 305:tid 305] [client 192.168.144.1:36774] script '/var/www/html/phpinfo.php' not found or unable to stat
[Thu Sep 18 22:12:26.806869 2025] [php:error] [pid 305:tid 305] [client 192.168.144.1:36774] script '/var/www/html/info.php' not found or unable to stat
[Fri Sep 19 07:10:05.084431 2025] [negotiation:error] [pid 279:tid 279] [client 192.168.144.1:46082] AH00690: no acceptable variant: /usr/share/httpd/error/HTTP_NOT_FOUND.html.var
[Fri Sep 19 07:10:08.127680 2025] [php:error] [pid 279:tid 279] [client 192.168.144.1:46082] script '/var/www/html/info.php' not found or unable to stat
[Sat Sep 20 11:39:48.026255 2025] [negotiation:error] [pid 251:tid 251] [client 192.168.144.1:51060] AH00690: no acceptable variant: /usr/share/httpd/error/HTTP_NOT_FOUND.html.var
[Sat Sep 20 11:39:48.842601 2025] [php:error] [pid 251:tid 251] [client 192.168.144.1:51060] script '/var/www/html/info.php' not found or unable to stat
[Sun Sep 21 01:57:48.282249 2025] [negotiation:error] [pid 281:tid 281] [client 192.168.144.1:56564] AH00690: no acceptable variant: /usr/share/httpd/error/HTTP_NOT_FOUND.html.var
[Sun Sep 21 01:57:49.857905 2025] [php:error] [pid 281:tid 281] [client 192.168.144.1:56564] script '/var/www/html/info.php' not found or unable to stat
[Sun Sep 21 18:41:00.866860 2025] [php:error] [pid 273:tid 273] [client 192.168.144.1:35012] PHP Fatal error: Uncaught Error: Class "Doctrine\\Migrations\\AbstractMigration" not found in /var/www/html/migrations/Version20200122083814.php:13\nStack trace:\n#0 {main}\n thrown in /var/www/html/migrations/Version20200122083814.php on line 13
[Sun Sep 21 18:41:02.296982 2025] [php:error] [pid 275:tid 275] [client 192.168.144.1:58576] PHP Fatal error: Uncaught Error: Class "Doctrine\\Migrations\\AbstractMigration" not found in /var/www/html/migrations/Version20220621142513.php:13\nStack trace:\n#0 {main}\n thrown in /var/www/html/migrations/Version20220621142513.php on line 13
[Sun Sep 21 18:41:05.440422 2025] [php:error] [pid 277:tid 277] [client 192.168.144.1:58578] PHP Fatal error: Uncaught Error: Class "Doctrine\\Migrations\\AbstractMigration" not found in /var/www/html/migrations/Version20221006114940.php:13\nStack trace:\n#0 {main}\n thrown in /var/www/html/migrations/Version20221006114940.php on line 13
[Sun Sep 21 18:41:15.707653 2025] [php:error] [pid 279:tid 279] [client 192.168.144.1:34494] PHP Fatal error: Uncaught Error: Class "Doctrine\\Migrations\\AbstractMigration" not found in /var/www/html/migrations/Version20200814073037.php:13\nStack trace:\n#0 {main}\n thrown in /var/www/html/migrations/Version20200814073037.php on line 13
[Sun Sep 21 18:41:47.807562 2025] [php:error] [pid 281:tid 281] [client 192.168.144.1:60088] PHP Fatal error: Uncaught Error: Class "Doctrine\\Migrations\\AbstractMigration" not found in /var/www/html/migrations/Version20200122083844.php:13\nStack trace:\n#0 {main}\n thrown in /var/www/html/migrations/Version20200122083844.php on line 13
[Sun Sep 21 18:43:00.907143 2025] [php:error] [pid 257:tid 257] [client 192.168.144.1:54614] PHP Fatal error: Uncaught Error: Class "Doctrine\\Migrations\\AbstractMigration" not found in /var/www/html/migrations/Version20230317145208.php:13\nStack trace:\n#0 {main}\n thrown in /var/www/html/migrations/Version20230317145208.php on line 13
[Sun Sep 21 18:44:04.952589 2025] [php:error] [pid 251:tid 251] [client 192.168.144.1:60610] PHP Fatal error: Uncaught Error: Class "Doctrine\\Migrations\\AbstractMigration" not found in /var/www/html/migrations/Version20220628074735.php:13\nStack trace:\n#0 {main}\n thrown in /var/www/html/migrations/Version20220628074735.php on line 13
[Sun Sep 21 18:45:01.882887 2025] [php:error] [pid 271:tid 271] [client 192.168.144.1:35496] PHP Fatal error: Uncaught Error: Class "Doctrine\\Migrations\\AbstractMigration" not found in /var/www/html/migrations/Version20230727145719.php:13\nStack trace:\n#0 {main}\n thrown in /var/www/html/migrations/Version20230727145719.php on line 13
[Sun Sep 21 18:46:20.625031 2025] [php:error] [pid 273:tid 273] [client 192.168.144.1:60134] PHP Fatal error: Uncaught Error: Class "Doctrine\\Migrations\\AbstractMigration" not found in /var/www/html/migrations/Version20230315092742.php:13\nStack trace:\n#0 {main}\n thrown in /var/www/html/migrations/Version20230315092742.php on line 13
[Sun Sep 21 18:47:31.410707 2025] [php:error] [pid 275:tid 275] [client 192.168.144.1:54216] PHP Fatal error: Uncaught Error: Class "Doctrine\\Migrations\\AbstractMigration" not found in /var/www/html/migrations/Version20200827072907.php:13\nStack trace:\n#0 {main}\n thrown in /var/www/html/migrations/Version20200827072907.php on line 13
[Sun Sep 21 18:48:07.305318 2025] [php:error] [pid 279:tid 279] [client 192.168.144.1:36490] PHP Fatal error: Uncaught Error: Class "Doctrine\\Migrations\\AbstractMigration" not found in /var/www/html/migrations/Version20240722080639.php:13\nStack trace:\n#0 {main}\n thrown in /var/www/html/migrations/Version20240722080639.php on line 13
[Sun Sep 21 18:49:12.282658 2025] [php:error] [pid 281:tid 281] [client 192.168.144.1:33644] PHP Fatal error: Uncaught Error: Class "Doctrine\\Migrations\\AbstractMigration" not found in /var/www/html/migrations/Version20230825124813.php:13\nStack trace:\n#0 {main}\n thrown in /var/www/html/migrations/Version20230825124813.php on line 13
[Sun Sep 21 18:50:22.838194 2025] [php:error] [pid 257:tid 257] [client 192.168.144.1:52294] PHP Fatal error: Uncaught Error: Class "Doctrine\\Migrations\\AbstractMigration" not found in /var/www/html/migrations/Version20220627095324.php:13\nStack trace:\n#0 {main}\n thrown in /var/www/html/migrations/Version20220627095324.php on line 13
[Sun Sep 21 18:53:22.303128 2025] [php:error] [pid 275:tid 275] [client 192.168.144.1:48518] PHP Fatal error: Uncaught Error: Class "Doctrine\\Migrations\\AbstractMigration" not found in /var/www/html/migrations/Version20230623110030.php:13\nStack trace:\n#0 {main}\n thrown in /var/www/html/migrations/Version20230623110030.php on line 13
[Sun Sep 21 18:54:09.470467 2025] [php:error] [pid 277:tid 277] [client 192.168.144.1:45386] PHP Fatal error: Uncaught Error: Class "Doctrine\\Migrations\\AbstractMigration" not found in /var/www/html/migrations/Version20210309102743.php:13\nStack trace:\n#0 {main}\n thrown in /var/www/html/migrations/Version20210309102743.php on line 13
[Sun Sep 21 18:55:12.216737 2025] [php:error] [pid 279:tid 279] [client 192.168.144.1:49168] PHP Fatal error: Uncaught Error: Class "Doctrine\\Migrations\\AbstractMigration" not found in /var/www/html/migrations/Version20230509154322.php:13\nStack trace:\n#0 {main}\n thrown in /var/www/html/migrations/Version20230509154322.php on line 13
[Sun Sep 21 18:57:14.704323 2025] [php:error] [pid 257:tid 257] [client 192.168.144.1:37296] PHP Fatal error: Uncaught Error: Class "Doctrine\\Migrations\\AbstractMigration" not found in /var/www/html/migrations/Version20230424090430.php:13\nStack trace:\n#0 {main}\n thrown in /var/www/html/migrations/Version20230424090430.php on line 13
[Sun Sep 21 19:01:08.018190 2025] [php:error] [pid 275:tid 275] [client 192.168.144.1:35322] PHP Fatal error: Uncaught Error: Class "Doctrine\\Migrations\\AbstractMigration" not found in /var/www/html/migrations/Version20240628133851.php:13\nStack trace:\n#0 {main}\n thrown in /var/www/html/migrations/Version20240628133851.php on line 13
[Sun Sep 21 19:06:12.958415 2025] [php:error] [pid 273:tid 273] [client 192.168.144.1:50992] PHP Fatal error: Uncaught Error: Class "Doctrine\\Migrations\\AbstractMigration" not found in /var/www/html/migrations/Version20230426102323.php:13\nStack trace:\n#0 {main}\n thrown in /var/www/html/migrations/Version20230426102323.php on line 13
[Sun Sep 21 19:18:50.961525 2025] [php:error] [pid 271:tid 271] [client 192.168.144.1:60436] PHP Fatal error: Uncaught Error: Class "Psr\\Log\\AbstractLogger" not found in /var/www/html/vendor/symfony/error-handler/BufferingLogger.php:21\nStack trace:\n#0 {main}\n thrown in /var/www/html/vendor/symfony/error-handler/BufferingLogger.php on line 21
[Sun Sep 21 19:20:34.378117 2025] [php:error] [pid 273:tid 273] [client 192.168.144.1:60304] PHP Fatal error: Uncaught Error: Interface "Psr\\EventDispatcher\\EventDispatcherInterface" not found in /var/www/html/vendor/symfony/event-dispatcher-contracts/EventDispatcherInterface.php:19\nStack trace:\n#0 {main}\n thrown in /var/www/html/vendor/symfony/event-dispatcher-contracts/EventDispatcherInterface.php on line 19
[Sun Sep 21 19:20:44.639611 2025] [php:error] [pid 275:tid 275] [client 192.168.144.1:50352] PHP Fatal error: Uncaught Error: Interface "Psr\\EventDispatcher\\StoppableEventInterface" not found in /var/www/html/vendor/symfony/event-dispatcher-contracts/Event.php:31\nStack trace:\n#0 {main}\n thrown in /var/www/html/vendor/symfony/event-dispatcher-contracts/Event.php on line 31
[Sun Sep 21 19:21:48.505537 2025] [php:error] [pid 251:tid 251] [client 192.168.144.1:58682] PHP Fatal error: Uncaught Error: Interface "Psr\\Cache\\CacheException" not found in /var/www/html/vendor/psr/cache/src/InvalidArgumentException.php:11\nStack trace:\n#0 {main}\n thrown in /var/www/html/vendor/psr/cache/src/InvalidArgumentException.php on line 11
[Sun Sep 21 19:21:49.991449 2025] [php:error] [pid 271:tid 271] [client 192.168.144.1:55578] PHP Fatal error: Uncaught Error: Class "App\\Interfaces\\AbstractTranslatable" not found in /var/www/html/src/Entity/DataDocumentCategory.php:42\nStack trace:\n#0 {main}\n thrown in /var/www/html/src/Entity/DataDocumentCategory.php on line 42
[Sun Sep 21 19:23:44.586622 2025] [php:error] [pid 277:tid 277] [client 192.168.144.1:42646] PHP Fatal error: Uncaught Error: Interface "Symfony\\Component\\PropertyInfo\\PropertyTypeExtractorInterface" not found in /var/www/html/vendor/symfony/property-info/PropertyInfoExtractorInterface.php:21\nStack trace:\n#0 {main}\n thrown in /var/www/html/vendor/symfony/property-info/PropertyInfoExtractorInterface.php on line 21
[Sun Sep 21 19:23:46.144793 2025] [php:error] [pid 279:tid 279] [client 192.168.144.1:35100] PHP Fatal error: Uncaught Error: Interface "Symfony\\Component\\Mime\\MimeTypeGuesserInterface" not found in /var/www/html/vendor/symfony/mime/FileBinaryMimeTypeGuesser.php:22\nStack trace:\n#0 {main}\n thrown in /var/www/html/vendor/symfony/mime/FileBinaryMimeTypeGuesser.php on line 22
[Sun Sep 21 19:25:10.206044 2025] [php:error] [pid 281:tid 281] [client 192.168.144.1:41874] PHP Fatal error: Uncaught Error: Interface "Symfony\\Component\\ErrorHandler\\ErrorEnhancer\\ErrorEnhancerInterface" not found in /var/www/html/vendor/symfony/error-handler/ErrorEnhancer/UndefinedMethodErrorEnhancer.php:20\nStack trace:\n#0 {main}\n thrown in /var/www/html/vendor/symfony/error-handler/ErrorEnhancer/UndefinedMethodErrorEnhancer.php on line 20
[Sun Sep 21 19:26:39.330918 2025] [php:error] [pid 279:tid 279] [client 192.168.144.1:57452] PHP Fatal error: Uncaught Error: Interface "Symfony\\Component\\DependencyInjection\\ContainerInterface" not found in /var/www/html/vendor/symfony/dependency-injection/Container.php:49\nStack trace:\n#0 {main}\n thrown in /var/www/html/vendor/symfony/dependency-injection/Container.php on line 49
[Sun Sep 21 19:26:49.008214 2025] [php:error] [pid 281:tid 281] [client 192.168.144.1:50906] PHP Fatal error: Uncaught Error: Class "Symfony\\Component\\DependencyInjection\\Definition" not found in /var/www/html/vendor/symfony/dependency-injection/ChildDefinition.php:22\nStack trace:\n#0 {main}\n thrown in /var/www/html/vendor/symfony/dependency-injection/ChildDefinition.php on line 22
[Sun Sep 21 19:30:56.209702 2025] [php:error] [pid 275:tid 275] [client 192.168.144.1:57290] PHP Fatal error: Uncaught Error: Interface "Symfony\\Component\\DependencyInjection\\EnvVarProcessorInterface" not found in /var/www/html/vendor/symfony/dependency-injection/EnvVarProcessor.php:21\nStack trace:\n#0 {main}\n thrown in /var/www/html/vendor/symfony/dependency-injection/EnvVarProcessor.php on line 21
[Sun Sep 21 19:31:36.577374 2025] [php:error] [pid 277:tid 277] [client 192.168.144.1:37846] PHP Fatal error: Uncaught Error: Interface "Symfony\\Component\\ExpressionLanguage\\ExpressionFunctionProviderInterface" not found in /var/www/html/vendor/symfony/dependency-injection/ExpressionLanguageProvider.php:25\nStack trace:\n#0 {main}\n thrown in /var/www/html/vendor/symfony/dependency-injection/ExpressionLanguageProvider.php on line 25
[Sun Sep 21 19:33:41.632029 2025] [php:error] [pid 281:tid 281] [client 192.168.144.1:59480] PHP Fatal error: Trait "Symfony\\Contracts\\Service\\ServiceLocatorTrait" not found in /var/www/html/vendor/symfony/dependency-injection/ServiceLocator.php on line 27
[Sun Sep 21 19:37:25.630461 2025] [php:error] [pid 273:tid 273] [client 192.168.144.1:59710] PHP Fatal error: Uncaught Error: Interface "Psr\\Container\\ContainerInterface" not found in /var/www/html/vendor/symfony/dependency-injection/ContainerInterface.php:25\nStack trace:\n#0 {main}\n thrown in /var/www/html/vendor/symfony/dependency-injection/ContainerInterface.php on line 25
[Sun Sep 21 19:40:10.275743 2025] [php:error] [pid 279:tid 279] [client 192.168.144.1:57834] PHP Fatal error: Uncaught Error: Interface "Symfony\\Component\\DependencyInjection\\ContainerInterface" not found in /var/www/html/vendor/symfony/dependency-injection/TaggedContainerInterface.php:19\nStack trace:\n#0 {main}\n thrown in /var/www/html/vendor/symfony/dependency-injection/TaggedContainerInterface.php on line 19
[Sun Sep 21 19:44:36.477454 2025] [php:error] [pid 273:tid 273] [client 192.168.144.1:43602] PHP Fatal error: Uncaught Error: Class "Symfony\\Component\\DependencyInjection\\Container" not found in /var/www/html/vendor/symfony/dependency-injection/ContainerBuilder.php:55\nStack trace:\n#0 {main}\n thrown in /var/www/html/vendor/symfony/dependency-injection/ContainerBuilder.php on line 55
[Sun Sep 21 19:47:17.246111 2025] [php:error] [pid 281:tid 281] [client 192.168.144.1:35206] PHP Fatal error: Uncaught Error: Class "Symfony\\Component\\HttpKernel\\Kernel" not found in /var/www/html/src/Kernel.php:8\nStack trace:\n#0 {main}\n thrown in /var/www/html/src/Kernel.php on line 8
[Sun Sep 21 19:50:56.350093 2025] [php:error] [pid 275:tid 275] [client 192.168.144.1:55750] PHP Fatal error: Uncaught Error: Class "App\\Entity\\PointOfInterest" not found in /var/www/html/src/Entity/SportiveAndCulturalActivity.php:29\nStack trace:\n#0 {main}\n thrown in /var/www/html/src/Entity/SportiveAndCulturalActivity.php on line 29
[Sun Sep 21 19:54:34.452960 2025] [php:error] [pid 257:tid 257] [client 192.168.144.1:54984] PHP Fatal error: Uncaught Error: Interface "ApiPlatform\\Serializer\\SerializerContextBuilderInterface" not found in /var/www/html/src/Serializer/CsvContextBuilder.php:9\nStack trace:\n#0 {main}\n thrown in /var/www/html/src/Serializer/CsvContextBuilder.php on line 9
[Sun Sep 21 19:55:20.473268 2025] [php:error] [pid 251:tid 251] [client 192.168.144.1:57540] PHP Fatal error: Uncaught Error: Class "Doctrine\\Bundle\\DoctrineBundle\\Repository\\ServiceEntityRepository" not found in /var/www/html/src/Repository/DataDocumentTypeRepository.php:15\nStack trace:\n#0 {main}\n thrown in /var/www/html/src/Repository/DataDocumentTypeRepository.php on line 15
[Sun Sep 21 19:59:13.041822 2025] [php:error] [pid 277:tid 277] [client 192.168.144.1:37154] PHP Fatal error: Uncaught Error: Class "Symfony\\Bundle\\FrameworkBundle\\Controller\\AbstractController" not found in /var/www/html/src/Controller/PurgePointOfInterestAction.php:15\nStack trace:\n#0 {main}\n thrown in /var/www/html/src/Controller/PurgePointOfInterestAction.php on line 15
[Sun Sep 21 20:02:01.040215 2025] [php:error] [pid 257:tid 257] [client 192.168.144.1:51412] PHP Fatal error: Uncaught Error: Class "Symfony\\Component\\ExpressionLanguage\\Expression" not found in /var/www/html/vendor/symfony/expression-language/ParsedExpression.php:21\nStack trace:\n#0 {main}\n thrown in /var/www/html/vendor/symfony/expression-language/ParsedExpression.php on line 21
[Sun Sep 21 20:02:53.794194 2025] [php:error] [pid 251:tid 251] [client 192.168.144.1:53502] PHP Fatal error: Uncaught Error: Class "Doctrine\\Bundle\\DoctrineBundle\\Repository\\ServiceEntityRepository" not found in /var/www/html/src/Repository/CulturalHeritageRepository.php:15\nStack trace:\n#0 {main}\n thrown in /var/www/html/src/Repository/CulturalHeritageRepository.php on line 15
[Sun Sep 21 20:03:59.463630 2025] [php:error] [pid 271:tid 271] [client 192.168.144.1:43684] PHP Fatal error: Uncaught Error: Class "Symfony\\Bundle\\FrameworkBundle\\Controller\\AbstractController" not found in /var/www/html/src/Controller/GeneratePdfItineraryAction.php:31\nStack trace:\n#0 {main}\n thrown in /var/www/html/src/Controller/GeneratePdfItineraryAction.php on line 31
[Sun Sep 21 20:05:03.932376 2025] [php:error] [pid 275:tid 275] [client 192.168.144.1:55594] PHP Fatal error: Uncaught Error: Class "Symfony\\Component\\ExpressionLanguage\\ParsedExpression" not found in /var/www/html/vendor/symfony/expression-language/SerializedParsedExpression.php:19\nStack trace:\n#0 {main}\n thrown in /var/www/html/vendor/symfony/expression-language/SerializedParsedExpression.php on line 19
[Sun Sep 21 20:08:07.003197 2025] [php:error] [pid 281:tid 281] [client 192.168.144.1:50430] PHP Fatal error: Uncaught Error: Class "Symfony\\Bundle\\FrameworkBundle\\Controller\\AbstractController" not found in /var/www/html/src/Controller/GenratePdfAvailabilitiesAction.php:24\nStack trace:\n#0 {main}\n thrown in /var/www/html/src/Controller/GenratePdfAvailabilitiesAction.php on line 24
[Sun Sep 21 20:08:56.346048 2025] [php:error] [pid 257:tid 257] [client 192.168.144.1:59600] PHP Fatal error: Uncaught Error: Class "Symfony\\Bundle\\FrameworkBundle\\Controller\\AbstractController" not found in /var/www/html/src/Controller/GetFilterListBySelectionsAction.php:13\nStack trace:\n#0 {main}\n thrown in /var/www/html/src/Controller/GetFilterListBySelectionsAction.php on line 13
[Sun Sep 21 20:11:02.909959 2025] [php:error] [pid 271:tid 271] [client 192.168.144.1:47960] PHP Fatal error: Uncaught Error: Class "Symfony\\Bundle\\FrameworkBundle\\Controller\\AbstractController" not found in /var/www/html/src/Controller/GenerateListingDataAction.php:18\nStack trace:\n#0 {main}\n thrown in /var/www/html/src/Controller/GenerateListingDataAction.php on line 18
[Sun Sep 21 20:12:01.200677 2025] [php:error] [pid 273:tid 273] [client 192.168.144.1:46128] PHP Fatal error: Uncaught Error: Class "Symfony\\Bundle\\FrameworkBundle\\Controller\\AbstractController" not found in /var/www/html/src/Controller/GeneratePdfFavoriteAction.php:31\nStack trace:\n#0 {main}\n thrown in /var/www/html/src/Controller/GeneratePdfFavoriteAction.php on line 31
[Sun Sep 21 20:15:05.604277 2025] [php:error] [pid 279:tid 279] [client 192.168.144.1:44290] PHP Fatal error: Uncaught Error: Class "Doctrine\\Bundle\\DoctrineBundle\\Repository\\ServiceEntityRepository" not found in /var/www/html/src/Repository/AvailabilityLogRepository.php:17\nStack trace:\n#0 {main}\n thrown in /var/www/html/src/Repository/AvailabilityLogRepository.php on line 17
[Sun Sep 21 20:16:59.621198 2025] [php:error] [pid 251:tid 251] [client 192.168.144.1:55032] PHP Fatal error: Uncaught Error: Class "Doctrine\\Bundle\\DoctrineBundle\\Repository\\ServiceEntityRepository" not found in /var/www/html/src/Repository/EventCalendarRepository.php:15\nStack trace:\n#0 {main}\n thrown in /var/www/html/src/Repository/EventCalendarRepository.php on line 15
[Sun Sep 21 20:19:01.690655 2025] [php:error] [pid 273:tid 273] [client 192.168.144.1:36834] PHP Fatal error: Uncaught Error: Class "Doctrine\\Bundle\\DoctrineBundle\\Repository\\ServiceEntityRepository" not found in /var/www/html/src/Repository/ShopRepository.php:15\nStack trace:\n#0 {main}\n thrown in /var/www/html/src/Repository/ShopRepository.php on line 15
[Sun Sep 21 20:19:59.710673 2025] [php:error] [pid 275:tid 275] [client 192.168.144.1:41086] PHP Fatal error: Uncaught Error: Class "Doctrine\\Bundle\\DoctrineBundle\\Repository\\ServiceEntityRepository" not found in /var/www/html/src/Repository/ScheduleDayRepository.php:16\nStack trace:\n#0 {main}\n thrown in /var/www/html/src/Repository/ScheduleDayRepository.php on line 16
[Sun Sep 21 20:21:00.997924 2025] [php:error] [pid 277:tid 277] [client 192.168.144.1:34664] PHP Fatal error: Uncaught Error: Class "Doctrine\\Bundle\\DoctrineBundle\\Repository\\ServiceEntityRepository" not found in /var/www/html/src/Repository/SectorRepository.php:14\nStack trace:\n#0 {main}\n thrown in /var/www/html/src/Repository/SectorRepository.php on line 14
[Sun Sep 21 20:24:02.117299 2025] [php:error] [pid 257:tid 257] [client 192.168.144.1:39678] PHP Fatal error: Uncaught Error: Class "Symfony\\Bundle\\FrameworkBundle\\Controller\\AbstractController" not found in /var/www/html/src/Controller/CallablePointOfInterestAction.php:18\nStack trace:\n#0 {main}\n thrown in /var/www/html/src/Controller/CallablePointOfInterestAction.php on line 18
[Sun Sep 21 20:24:52.378350 2025] [php:error] [pid 251:tid 251] [client 192.168.144.1:53158] PHP Fatal error: Uncaught Error: Class "Doctrine\\Bundle\\DoctrineBundle\\Repository\\ServiceEntityRepository" not found in /var/www/html/src/Repository/CityRepository.php:15\nStack trace:\n#0 {main}\n thrown in /var/www/html/src/Repository/CityRepository.php on line 15
[Sun Sep 21 20:25:54.655389 2025] [php:error] [pid 271:tid 271] [client 192.168.144.1:57704] PHP Fatal error: Uncaught Error: Class "Symfony\\Bundle\\FrameworkBundle\\Controller\\AbstractController" not found in /var/www/html/src/Controller/StatusController.php:15\nStack trace:\n#0 {main}\n thrown in /var/www/html/src/Controller/StatusController.php on line 15
[Sun Sep 21 20:28:00.865362 2025] [php:error] [pid 275:tid 275] [client 192.168.144.1:41120] PHP Fatal error: Uncaught Error: Class "Symfony\\Bundle\\FrameworkBundle\\Controller\\AbstractController" not found in /var/www/html/src/Controller/AvailabilityByAutomateAction.php:19\nStack trace:\n#0 {main}\n thrown in /var/www/html/src/Controller/AvailabilityByAutomateAction.php on line 19
[Sun Sep 21 20:28:59.240286 2025] [php:error] [pid 277:tid 277] [client 192.168.144.1:57922] PHP Fatal error: Uncaught Error: Interface "Symfony\\Component\\ErrorHandler\\ErrorEnhancer\\ErrorEnhancerInterface" not found in /var/www/html/vendor/symfony/error-handler/ErrorEnhancer/ClassNotFoundErrorEnhancer.php:22\nStack trace:\n#0 {main}\n thrown in /var/www/html/vendor/symfony/error-handler/ErrorEnhancer/ClassNotFoundErrorEnhancer.php on line 22
[Sun Sep 21 20:31:03.538829 2025] [php:error] [pid 281:tid 281] [client 192.168.144.1:45464] PHP Fatal error: Uncaught Error: Interface "Symfony\\Component\\ErrorHandler\\ErrorEnhancer\\ErrorEnhancerInterface" not found in /var/www/html/vendor/symfony/error-handler/ErrorEnhancer/UndefinedFunctionErrorEnhancer.php:20\nStack trace:\n#0 {main}\n thrown in /var/www/html/vendor/symfony/error-handler/ErrorEnhancer/UndefinedFunctionErrorEnhancer.php on line 20
[Sun Sep 21 20:37:31.530480 2025] [php:error] [pid 281:tid 281] [client 192.168.144.1:42364] PHP Fatal error: Uncaught Error: Class "Doctrine\\Bundle\\DoctrineBundle\\Repository\\ServiceEntityRepository" not found in /var/www/html/src/Repository/PriceRepository.php:15\nStack trace:\n#0 {main}\n thrown in /var/www/html/src/Repository/PriceRepository.php on line 15
[Sun Sep 21 20:38:02.829313 2025] [php:error] [pid 257:tid 257] [client 192.168.144.1:45282] PHP Fatal error: Uncaught Error: Call to undefined function Symfony\\Component\\Security\\Guard\\trigger_deprecation() in /var/www/html/vendor/symfony/security-guard/GuardAuthenticatorHandler.php:25\nStack trace:\n#0 {main}\n thrown in /var/www/html/vendor/symfony/security-guard/GuardAuthenticatorHandler.php on line 25
[Sun Sep 21 20:40:12.028352 2025] [php:error] [pid 271:tid 271] [client 192.168.144.1:44696] PHP Fatal error: Uncaught Error: Class "Doctrine\\Bundle\\DoctrineBundle\\Repository\\ServiceEntityRepository" not found in /var/www/html/src/Repository/TastingRepository.php:15\nStack trace:\n#0 {main}\n thrown in /var/www/html/src/Repository/TastingRepository.php on line 15
[Sun Sep 21 20:41:07.390529 2025] [php:error] [pid 273:tid 273] [client 192.168.144.1:51292] PHP Fatal error: Uncaught Error: Interface "Symfony\\Component\\Security\\Guard\\AuthenticatorInterface" not found in /var/www/html/vendor/symfony/security-guard/AbstractGuardAuthenticator.php:24\nStack trace:\n#0 {main}\n thrown in /var/www/html/vendor/symfony/security-guard/AbstractGuardAuthenticator.php on line 24
[Sun Sep 21 20:43:23.404456 2025] [php:error] [pid 277:tid 277] [client 192.168.144.1:53020] PHP Fatal error: Uncaught Error: Class "Doctrine\\Bundle\\DoctrineBundle\\Repository\\ServiceEntityRepository" not found in /var/www/html/src/Repository/DataLogRepository.php:17\nStack trace:\n#0 {main}\n thrown in /var/www/html/src/Repository/DataLogRepository.php on line 17
[Sun Sep 21 20:44:20.510504 2025] [php:error] [pid 279:tid 279] [client 192.168.144.1:41044] PHP Fatal error: Uncaught Error: Interface "Symfony\\Component\\Security\\Http\\EntryPoint\\AuthenticationEntryPointInterface" not found in /var/www/html/vendor/symfony/security-guard/AuthenticatorInterface.php:35\nStack trace:\n#0 {main}\n thrown in /var/www/html/vendor/symfony/security-guard/AuthenticatorInterface.php on line 35
[Sun Sep 21 20:45:18.373691 2025] [php:error] [pid 281:tid 281] [client 192.168.144.1:37986] PHP Fatal error: Uncaught Error: Call to undefined function Symfony\\Component\\Security\\Guard\\trigger_deprecation() in /var/www/html/vendor/symfony/security-guard/PasswordAuthenticatedInterface.php:14\nStack trace:\n#0 {main}\n thrown in /var/www/html/vendor/symfony/security-guard/PasswordAuthenticatedInterface.php on line 14
[Sun Sep 21 20:50:35.412030 2025] [php:error] [pid 277:tid 277] [client 192.168.144.1:39826] PHP Fatal error: Uncaught Error: Class "Symfony\\Component\\DependencyInjection\\ParameterBag\\ParameterBag" not found in /var/www/html/vendor/symfony/dependency-injection/ParameterBag/EnvPlaceholderParameterBag.php:20\nStack trace:\n#0 {main}\n thrown in /var/www/html/vendor/symfony/dependency-injection/ParameterBag/EnvPlaceholderParameterBag.php on line 20
[Sun Sep 21 20:55:47.867389 2025] [php:error] [pid 275:tid 275] [client 192.168.144.1:43778] PHP Fatal error: Uncaught Error: Class "Doctrine\\Bundle\\DoctrineBundle\\Repository\\ServiceEntityRepository" not found in /var/www/html/src/Repository/SourceRepository.php:15\nStack trace:\n#0 {main}\n thrown in /var/www/html/src/Repository/SourceRepository.php on line 15
[Sun Sep 21 20:56:17.415601 2025] [php:error] [pid 279:tid 279] [client 192.168.144.1:53520] script '/var/www/html/wp-login.php' not found or unable to stat
[Sun Sep 21 20:58:12.135426 2025] [php:error] [pid 257:tid 257] [client 192.168.144.1:40694] PHP Fatal error: Uncaught Error: Class "Doctrine\\Bundle\\DoctrineBundle\\Repository\\ServiceEntityRepository" not found in /var/www/html/src/Repository/PlanRepository.php:17\nStack trace:\n#0 {main}\n thrown in /var/www/html/src/Repository/PlanRepository.php on line 17
[Sun Sep 21 21:08:12.202975 2025] [php:error] [pid 279:tid 279] [client 192.168.144.1:52494] PHP Fatal error: Uncaught Error: Class "Doctrine\\Bundle\\DoctrineBundle\\Repository\\ServiceEntityRepository" not found in /var/www/html/src/Repository/LanguageRepository.php:15\nStack trace:\n#0 {main}\n thrown in /var/www/html/src/Repository/LanguageRepository.php on line 15
[Sun Sep 21 21:08:46.853017 2025] [php:error] [pid 257:tid 257] [client 192.168.144.1:53610] PHP Fatal error: Uncaught Error: Class "Doctrine\\Bundle\\DoctrineBundle\\Repository\\ServiceEntityRepository" not found in /var/www/html/src/Repository/DocumentRepository.php:15\nStack trace:\n#0 {main}\n thrown in /var/www/html/src/Repository/DocumentRepository.php on line 15
[Sun Sep 21 21:09:20.629511 2025] [php:error] [pid 251:tid 251] [client 192.168.144.1:57770] PHP Fatal error: Uncaught Error: Class "Doctrine\\Bundle\\DoctrineBundle\\Repository\\ServiceEntityRepository" not found in /var/www/html/src/Repository/ScheduleRepository.php:16\nStack trace:\n#0 {main}\n thrown in /var/www/html/src/Repository/ScheduleRepository.php on line 16
[Sun Sep 21 21:12:14.780198 2025] [php:error] [pid 275:tid 275] [client 192.168.144.1:50810] PHP Fatal error: Uncaught Error: Class "Doctrine\\Bundle\\DoctrineBundle\\Repository\\ServiceEntityRepository" not found in /var/www/html/src/Repository/WayPointRepository.php:15\nStack trace:\n#0 {main}\n thrown in /var/www/html/src/Repository/WayPointRepository.php on line 15
[Sun Sep 21 21:15:57.305675 2025] [php:error] [pid 257:tid 257] [client 192.168.144.1:57608] PHP Fatal error: Uncaught Error: Interface "Symfony\\Component\\Security\\Csrf\\CsrfTokenManagerInterface" not found in /var/www/html/vendor/symfony/security-csrf/CsrfTokenManager.php:27\nStack trace:\n#0 {main}\n thrown in /var/www/html/vendor/symfony/security-csrf/CsrfTokenManager.php on line 27
[Sun Sep 21 21:18:43.279624 2025] [php:error] [pid 275:tid 275] [client 192.168.144.1:57330] PHP Fatal error: Uncaught Error: Interface "Symfony\\Contracts\\Service\\ResetInterface" not found in /var/www/html/vendor/symfony/cache/ResettableInterface.php:19\nStack trace:\n#0 {main}\n thrown in /var/www/html/vendor/symfony/cache/ResettableInterface.php on line 19
[Sun Sep 21 21:24:32.910387 2025] [php:error] [pid 273:tid 273] [client 192.168.144.1:50968] PHP Fatal error: Uncaught Error: Class "Symfony\\Component\\HttpKernel\\Bundle\\Bundle" not found in /var/www/html/vendor/symfony/web-profiler-bundle/WebProfilerBundle.php:19\nStack trace:\n#0 {main}\n thrown in /var/www/html/vendor/symfony/web-profiler-bundle/WebProfilerBundle.php on line 19
[Sun Sep 21 21:28:37.677405 2025] [php:error] [pid 257:tid 257] [client 192.168.144.1:47792] PHP Fatal error: Uncaught Error: Class "Doctrine\\Bundle\\DoctrineBundle\\Repository\\ServiceEntityRepository" not found in /var/www/html/src/Repository/CategoryRepository.php:15\nStack trace:\n#0 {main}\n thrown in /var/www/html/src/Repository/CategoryRepository.php on line 15
[Sun Sep 21 21:29:19.628703 2025] [php:error] [pid 251:tid 251] [client 192.168.144.1:45920] PHP Fatal error: Uncaught Error: Class "Doctrine\\Bundle\\DoctrineBundle\\Repository\\ServiceEntityRepository" not found in /var/www/html/src/Repository/DataDocumentCategoryRepository.php:15\nStack trace:\n#0 {main}\n thrown in /var/www/html/src/Repository/DataDocumentCategoryRepository.php on line 15
[Sun Sep 21 21:32:38.350736 2025] [php:error] [pid 275:tid 275] [client 192.168.144.1:37984] PHP Fatal error: Uncaught Error: Class "Symfony\\Component\\DependencyInjection\\Reference" not found in /var/www/html/vendor/symfony/dependency-injection/TypedReference.php:19\nStack trace:\n#0 {main}\n thrown in /var/www/html/vendor/symfony/dependency-injection/TypedReference.php on line 19
[Sun Sep 21 21:40:52.322508 2025] [php:error] [pid 257:tid 257] [client 192.168.144.1:43638] PHP Fatal error: Uncaught Error: Class "Doctrine\\Bundle\\DoctrineBundle\\Repository\\ServiceEntityRepository" not found in /var/www/html/src/Repository/HourListRepository.php:16\nStack trace:\n#0 {main}\n thrown in /var/www/html/src/Repository/HourListRepository.php on line 16
[Sun Sep 21 21:43:26.458688 2025] [php:error] [pid 273:tid 273] [client 192.168.144.1:59810] PHP Fatal error: Uncaught Error: Interface "Symfony\\Component\\Config\\ConfigCacheInterface" not found in /var/www/html/vendor/symfony/config/ResourceCheckerConfigCache.php:24\nStack trace:\n#0 {main}\n thrown in /var/www/html/vendor/symfony/config/ResourceCheckerConfigCache.php on line 24
[Sun Sep 21 21:45:39.384115 2025] [php:error] [pid 279:tid 279] [client 192.168.144.1:45868] PHP Fatal error: Uncaught Error: Class "Doctrine\\Bundle\\DoctrineBundle\\Repository\\ServiceEntityRepository" not found in /var/www/html/src/Repository/LeisureRepository.php:15\nStack trace:\n#0 {main}\n thrown in /var/www/html/src/Repository/LeisureRepository.php on line 15
[Sun Sep 21 21:46:30.545443 2025] [php:error] [pid 281:tid 281] [client 192.168.144.1:48142] PHP Fatal error: Uncaught Error: Interface "Symfony\\Component\\Config\\ConfigCacheFactoryInterface" not found in /var/www/html/vendor/symfony/config/ResourceCheckerConfigCacheFactory.php:20\nStack trace:\n#0 {main}\n thrown in /var/www/html/vendor/symfony/config/ResourceCheckerConfigCacheFactory.php on line 20
[Sun Sep 21 21:55:02.832167 2025] [php:error] [pid 275:tid 275] [client 192.168.144.1:37496] PHP Fatal error: Uncaught Error: Class "Doctrine\\Bundle\\DoctrineBundle\\Repository\\ServiceEntityRepository" not found in /var/www/html/src/Repository/ContactReservationRepository.php:15\nStack trace:\n#0 {main}\n thrown in /var/www/html/src/Repository/ContactReservationRepository.php on line 15
[Sun Sep 21 21:55:23.970626 2025] [php:error] [pid 277:tid 277] [client 192.168.144.1:49136] PHP Fatal error: Uncaught Error: Interface "Symfony\\Contracts\\Service\\ResetInterface" not found in /var/www/html/vendor/symfony/expression-language/Compiler.php:21\nStack trace:\n#0 {main}\n thrown in /var/www/html/vendor/symfony/expression-language/Compiler.php on line 21
[Sun Sep 21 21:56:33.744305 2025] [php:error] [pid 279:tid 279] [client 192.168.144.1:39474] PHP Fatal error: Uncaught Error: Class "Doctrine\\Bundle\\DoctrineBundle\\Repository\\ServiceEntityRepository" not found in /var/www/html/src/Repository/TerritorySectorRepository.php:15\nStack trace:\n#0 {main}\n thrown in /var/www/html/src/Repository/TerritorySectorRepository.php on line 15
[Sun Sep 21 21:58:20.182641 2025] [php:error] [pid 251:tid 251] [client 192.168.144.1:58190] PHP Fatal error: Uncaught Error: Class "Doctrine\\Persistence\\AbstractManagerRegistry" not found in /var/www/html/vendor/symfony/doctrine-bridge/ManagerRegistry.php:26\nStack trace:\n#0 {main}\n thrown in /var/www/html/vendor/symfony/doctrine-bridge/ManagerRegistry.php on line 26
[Sun Sep 21 22:01:16.859665 2025] [php:error] [pid 275:tid 275] [client 192.168.144.1:60712] PHP Fatal error: Uncaught Error: Class "Symfony\\Bundle\\FrameworkBundle\\Controller\\AbstractController" not found in /var/www/html/src/Controller/CreateGraphDashboardController.php:27\nStack trace:\n#0 {main}\n thrown in /var/www/html/src/Controller/CreateGraphDashboardController.php on line 27
[Sun Sep 21 22:02:13.915150 2025] [php:error] [pid 277:tid 277] [client 192.168.144.1:41662] PHP Fatal error: Uncaught Error: Class "Symfony\\Component\\HttpFoundation\\Response" not found in /var/www/html/vendor/symfony/http-foundation/BinaryFileResponse.php:26\nStack trace:\n#0 {main}\n thrown in /var/www/html/vendor/symfony/http-foundation/BinaryFileResponse.php on line 26
[Sun Sep 21 22:04:21.365758 2025] [php:error] [pid 257:tid 257] [client 192.168.144.1:41924] PHP Fatal error: Uncaught Error: Interface "Symfony\\Component\\PropertyAccess\\PropertyPathIteratorInterface" not found in /var/www/html/vendor/symfony/property-access/PropertyPathIterator.php:22\nStack trace:\n#0 {main}\n thrown in /var/www/html/vendor/symfony/property-access/PropertyPathIterator.php on line 22
