[Mon Sep 22 21:54:02.877646 2025] [php:error] [pid 275:tid 275] [client 192.168.144.1:37638] PHP Fatal error: Uncaught Error: Interface "Symfony\\Component\\EventDispatcher\\EventSubscriberInterface" not found in /var/www/html/vendor/symfony/web-link/EventListener/AddLinkHeaderListener.php:30\nStack trace:\n#0 {main}\n thrown in /var/www/html/vendor/symfony/web-link/EventListener/AddLinkHeaderListener.php on line 30
[Mon Sep 22 22:00:06.061317 2025] [php:error] [pid 277:tid 277] [client 192.168.144.1:42054] PHP Fatal error: Uncaught Error: Class "App\\Interfaces\\AbstractTranslatable" not found in /var/www/html/src/Entity/Price.php:32\nStack trace:\n#0 {main}\n thrown in /var/www/html/src/Entity/Price.php on line 32
[Mon Sep 22 22:00:32.698943 2025] [php:error] [pid 279:tid 279] [client 192.168.144.1:41680] PHP Fatal error: Uncaught Error: Class "App\\Entity\\PointOfInterest" not found in /var/www/html/src/Entity/SportiveAndCulturalActivity.php:29\nStack trace:\n#0 {main}\n thrown in /var/www/html/src/Entity/SportiveAndCulturalActivity.php on line 29
[Mon Sep 22 22:01:35.318677 2025] [php:error] [pid 281:tid 281] [client 192.168.144.1:49690] PHP Fatal error: Uncaught Error: Class "App\\Interfaces\\AbstractTranslatable" not found in /var/www/html/src/Entity/DataDocumentCategory.php:42\nStack trace:\n#0 {main}\n thrown in /var/www/html/src/Entity/DataDocumentCategory.php on line 42
[Mon Sep 22 22:02:40.633997 2025] [php:error] [pid 257:tid 257] [client 192.168.144.1:34884] PHP Fatal error: Uncaught Error: Class "App\\Entity\\PointOfInterest" not found in /var/www/html/src/Entity/RentalAccommodation.php:29\nStack trace:\n#0 {main}\n thrown in /var/www/html/src/Entity/RentalAccommodation.php on line 29
[Mon Sep 22 22:03:46.600074 2025] [php:error] [pid 251:tid 251] [client 192.168.144.1:48176] PHP Fatal error: Trait "App\\Entity\\Traits\\PersonTrait" not found in /var/www/html/src/Entity/Owner.php on line 24
[Mon Sep 22 22:04:49.910470 2025] [php:error] [pid 271:tid 271] [client 192.168.144.1:60422] PHP Fatal error: Uncaught Error: Class "App\\Entity\\PointOfInterest" not found in /var/www/html/src/Entity/NaturalHeritage.php:29\nStack trace:\n#0 {main}\n thrown in /var/www/html/src/Entity/NaturalHeritage.php on line 29
[Mon Sep 22 22:05:50.861063 2025] [php:error] [pid 273:tid 273] [client 192.168.144.1:43576] PHP Fatal error: Uncaught Error: Class "App\\Interfaces\\AbstractTranslatable" not found in /var/www/html/src/Entity/DataDocumentType.php:37\nStack trace:\n#0 {main}\n thrown in /var/www/html/src/Entity/DataDocumentType.php on line 37
[Mon Sep 22 22:06:56.130164 2025] [php:error] [pid 275:tid 275] [client 192.168.144.1:35536] PHP Fatal error: Uncaught Error: Class "App\\Entity\\PointOfInterest" not found in /var/www/html/src/Entity/CulturalHeritage.php:29\nStack trace:\n#0 {main}\n thrown in /var/www/html/src/Entity/CulturalHeritage.php on line 29
[Mon Sep 22 22:08:00.713075 2025] [php:error] [pid 277:tid 277] [client 192.168.144.1:52456] PHP Fatal error: Uncaught Error: Class "App\\Entity\\PointOfInterest" not found in /var/www/html/src/Entity/OutdoorHotel.php:29\nStack trace:\n#0 {main}\n thrown in /var/www/html/src/Entity/OutdoorHotel.php on line 29
[Mon Sep 22 22:10:05.007737 2025] [php:error] [pid 281:tid 281] [client 192.168.144.1:54762] PHP Fatal error: Uncaught Error: Class "App\\Entity\\PointOfInterest" not found in /var/www/html/src/Entity/Hotel.php:39\nStack trace:\n#0 {main}\n thrown in /var/www/html/src/Entity/Hotel.php on line 39
[Mon Sep 22 22:12:59.938658 2025] [php:error] [pid 271:tid 271] [client 192.168.144.1:36112] PHP Fatal error: Uncaught Error: Class "App\\Interfaces\\AbstractTranslatable" not found in /var/www/html/src/Entity/DataDocumentCategory.php:42\nStack trace:\n#0 {main}\n thrown in /var/www/html/src/Entity/DataDocumentCategory.php on line 42
[Mon Sep 22 22:19:21.578962 2025] [php:error] [pid 271:tid 271] [client 192.168.144.1:44900] PHP Fatal error: Uncaught Error: Class "App\\Entity\\PointOfInterest" not found in /var/www/html/src/Entity/SportiveAndCulturalActivity.php:29\nStack trace:\n#0 {main}\n thrown in /var/www/html/src/Entity/SportiveAndCulturalActivity.php on line 29
[Mon Sep 22 22:19:50.984207 2025] [php:error] [pid 273:tid 273] [client 192.168.144.1:42832] PHP Fatal error: Uncaught Error: Class "App\\Interfaces\\AbstractTranslatable" not found in /var/www/html/src/Entity/DataDocumentCategory.php:42\nStack trace:\n#0 {main}\n thrown in /var/www/html/src/Entity/DataDocumentCategory.php on line 42
[Mon Sep 22 22:20:51.824296 2025] [php:error] [pid 275:tid 275] [client 192.168.144.1:35818] PHP Fatal error: Uncaught Error: Class "App\\Interfaces\\AbstractTranslatable" not found in /var/www/html/src/Entity/Price.php:32\nStack trace:\n#0 {main}\n thrown in /var/www/html/src/Entity/Price.php on line 32
[Mon Sep 22 22:21:57.727501 2025] [php:error] [pid 277:tid 277] [client 192.168.144.1:38692] PHP Fatal error: Uncaught Error: Class "App\\Entity\\PointOfInterest" not found in /var/www/html/src/Entity/OutdoorHotel.php:29\nStack trace:\n#0 {main}\n thrown in /var/www/html/src/Entity/OutdoorHotel.php on line 29
[Mon Sep 22 22:24:04.410954 2025] [php:error] [pid 281:tid 281] [client 192.168.144.1:33200] PHP Fatal error: Uncaught Error: Class "App\\Entity\\PointOfInterest" not found in /var/www/html/src/Entity/CulturalHeritage.php:29\nStack trace:\n#0 {main}\n thrown in /var/www/html/src/Entity/CulturalHeritage.php on line 29
[Mon Sep 22 22:24:59.107437 2025] [php:error] [pid 257:tid 257] [client 192.168.144.1:60954] PHP Fatal error: Uncaught Error: Class "App\\Interfaces\\AbstractTranslatable" not found in /var/www/html/src/Entity/DataDocumentType.php:37\nStack trace:\n#0 {main}\n thrown in /var/www/html/src/Entity/DataDocumentType.php on line 37
[Mon Sep 22 22:26:02.103819 2025] [php:error] [pid 251:tid 251] [client 192.168.144.1:49140] PHP Fatal error: Trait "App\\Entity\\Traits\\PersonTrait" not found in /var/www/html/src/Entity/Owner.php on line 24
[Mon Sep 22 22:27:02.458112 2025] [php:error] [pid 271:tid 271] [client 192.168.144.1:55212] PHP Fatal error: Uncaught Error: Class "App\\Entity\\PointOfInterest" not found in /var/www/html/src/Entity/NaturalHeritage.php:29\nStack trace:\n#0 {main}\n thrown in /var/www/html/src/Entity/NaturalHeritage.php on line 29
[Mon Sep 22 22:28:03.885294 2025] [php:error] [pid 273:tid 273] [client 192.168.144.1:56362] PHP Fatal error: Uncaught Error: Class "App\\Entity\\PointOfInterest" not found in /var/www/html/src/Entity/Hotel.php:39\nStack trace:\n#0 {main}\n thrown in /var/www/html/src/Entity/Hotel.php on line 39
[Mon Sep 22 22:29:04.141085 2025] [php:error] [pid 275:tid 275] [client 192.168.144.1:48014] PHP Fatal error: Uncaught Error: Class "App\\Entity\\PointOfInterest" not found in /var/www/html/src/Entity/RentalAccommodation.php:29\nStack trace:\n#0 {main}\n thrown in /var/www/html/src/Entity/RentalAccommodation.php on line 29
[Mon Sep 22 22:34:23.088375 2025] [php:error] [pid 271:tid 271] [client 192.168.144.1:55082] PHP Fatal error: Uncaught Error: Class "App\\Entity\\PointOfInterest" not found in /var/www/html/src/Entity/SportiveAndCulturalActivity.php:29\nStack trace:\n#0 {main}\n thrown in /var/www/html/src/Entity/SportiveAndCulturalActivity.php on line 29
[Mon Sep 22 22:35:01.896822 2025] [php:error] [pid 273:tid 273] [client 192.168.144.1:45652] PHP Fatal error: Uncaught Error: Class "App\\Interfaces\\AbstractTranslatable" not found in /var/www/html/src/Entity/DataDocumentCategory.php:42\nStack trace:\n#0 {main}\n thrown in /var/www/html/src/Entity/DataDocumentCategory.php on line 42
[Mon Sep 22 22:36:05.848216 2025] [php:error] [pid 275:tid 275] [client 192.168.144.1:58196] PHP Fatal error: Uncaught Error: Class "App\\Interfaces\\AbstractTranslatable" not found in /var/www/html/src/Entity/Price.php:32\nStack trace:\n#0 {main}\n thrown in /var/www/html/src/Entity/Price.php on line 32
[Mon Sep 22 22:38:21.497142 2025] [php:error] [pid 279:tid 279] [client 192.168.144.1:47932] PHP Fatal error: Uncaught Error: Class "App\\Entity\\PointOfInterest" not found in /var/www/html/src/Entity/OutdoorHotel.php:29\nStack trace:\n#0 {main}\n thrown in /var/www/html/src/Entity/OutdoorHotel.php on line 29
[Mon Sep 22 22:42:08.177043 2025] [php:error] [pid 271:tid 271] [client 192.168.144.1:37442] PHP Fatal error: Uncaught Error: Class "App\\Entity\\PointOfInterest" not found in /var/www/html/src/Entity/NaturalHeritage.php:29\nStack trace:\n#0 {main}\n thrown in /var/www/html/src/Entity/NaturalHeritage.php on line 29
[Mon Sep 22 22:43:54.914107 2025] [php:error] [pid 275:tid 275] [client 192.168.144.1:43898] PHP Fatal error: Uncaught Error: Class "App\\Entity\\PointOfInterest" not found in /var/www/html/src/Entity/RentalAccommodation.php:29\nStack trace:\n#0 {main}\n thrown in /var/www/html/src/Entity/RentalAccommodation.php on line 29
[Mon Sep 22 22:45:50.123028 2025] [php:error] [pid 279:tid 279] [client 192.168.144.1:41426] PHP Fatal error: Uncaught Error: Class "App\\Entity\\PointOfInterest" not found in /var/www/html/src/Entity/Hotel.php:39\nStack trace:\n#0 {main}\n thrown in /var/www/html/src/Entity/Hotel.php on line 39
[Mon Sep 22 22:47:48.669136 2025] [php:error] [pid 257:tid 257] [client 192.168.144.1:49342] PHP Fatal error: Trait "App\\Entity\\Traits\\PersonTrait" not found in /var/www/html/src/Entity/Owner.php on line 24
[Mon Sep 22 22:48:56.192065 2025] [php:error] [pid 251:tid 251] [client 192.168.144.1:35822] PHP Fatal error: Uncaught Error: Class "App\\Interfaces\\AbstractTranslatable" not found in /var/www/html/src/Entity/DataDocumentType.php:37\nStack trace:\n#0 {main}\n thrown in /var/www/html/src/Entity/DataDocumentType.php on line 37
[Mon Sep 22 22:49:46.722445 2025] [php:error] [pid 271:tid 271] [client 192.168.144.1:50980] PHP Fatal error: Uncaught Error: Class "App\\Entity\\PointOfInterest" not found in /var/www/html/src/Entity/CulturalHeritage.php:29\nStack trace:\n#0 {main}\n thrown in /var/www/html/src/Entity/CulturalHeritage.php on line 29
[Mon Sep 22 22:51:46.391642 2025] [php:error] [pid 275:tid 275] [client 192.168.144.1:39220] PHP Fatal error: Trait "Symfony\\Bundle\\FrameworkBundle\\Test\\BrowserKitAssertionsTrait" not found in /var/www/html/vendor/symfony/framework-bundle/Test/WebTestAssertionsTrait.php on line 14
[Mon Sep 22 22:56:54.031058 2025] [php:error] [pid 271:tid 271] [client 192.168.144.1:36950] PHP Fatal error: Trait "Symfony\\Component\\Security\\Http\\Util\\TargetPathTrait" not found in /var/www/html/vendor/symfony/security-http/Firewall/ExceptionListener.php on line 46
[Mon Sep 22 22:59:33.027176 2025] [php:error] [pid 277:tid 277] [client 192.168.144.1:38398] PHP Fatal error: Uncaught Error: Class "Symfony\\Component\\HttpKernel\\Bundle\\Bundle" not found in /var/www/html/vendor/symfony/twig-bundle/TwigBundle.php:28\nStack trace:\n#0 {main}\n thrown in /var/www/html/vendor/symfony/twig-bundle/TwigBundle.php on line 28
[Mon Sep 22 23:02:19.908214 2025] [php:error] [pid 257:tid 257] [client 192.168.144.1:51194] PHP Fatal error: Uncaught Error: Class "App\\Interfaces\\AbstractTranslatable" not found in /var/www/html/src/Entity/DataDocumentCategory.php:42\nStack trace:\n#0 {main}\n thrown in /var/www/html/src/Entity/DataDocumentCategory.php on line 42
[Mon Sep 22 23:03:13.099141 2025] [php:error] [pid 271:tid 271] [client 192.168.144.1:47610] PHP Fatal error: Uncaught Error: Class "App\\Interfaces\\AbstractTranslatable" not found in /var/www/html/src/Entity/Price.php:32\nStack trace:\n#0 {main}\n thrown in /var/www/html/src/Entity/Price.php on line 32
[Mon Sep 22 23:04:15.984668 2025] [php:error] [pid 273:tid 273] [client 192.168.144.1:39266] PHP Fatal error: Uncaught Error: Class "App\\Entity\\PointOfInterest" not found in /var/www/html/src/Entity/RentalAccommodation.php:29\nStack trace:\n#0 {main}\n thrown in /var/www/html/src/Entity/RentalAccommodation.php on line 29
[Mon Sep 22 23:06:24.551215 2025] [php:error] [pid 277:tid 277] [client 192.168.144.1:52148] PHP Fatal error: Uncaught Error: Class "App\\Entity\\PointOfInterest" not found in /var/www/html/src/Entity/CulturalHeritage.php:29\nStack trace:\n#0 {main}\n thrown in /var/www/html/src/Entity/CulturalHeritage.php on line 29
[Mon Sep 22 23:07:19.667625 2025] [php:error] [pid 279:tid 279] [client 192.168.144.1:38092] PHP Fatal error: Uncaught Error: Class "App\\Interfaces\\AbstractTranslatable" not found in /var/www/html/src/Entity/DataDocumentType.php:37\nStack trace:\n#0 {main}\n thrown in /var/www/html/src/Entity/DataDocumentType.php on line 37
[Mon Sep 22 23:08:22.046561 2025] [php:error] [pid 281:tid 281] [client 192.168.144.1:57704] PHP Fatal error: Uncaught Error: Class "App\\Entity\\PointOfInterest" not found in /var/www/html/src/Entity/SportiveAndCulturalActivity.php:29\nStack trace:\n#0 {main}\n thrown in /var/www/html/src/Entity/SportiveAndCulturalActivity.php on line 29
[Mon Sep 22 23:09:23.033185 2025] [php:error] [pid 257:tid 257] [client 192.168.144.1:39374] PHP Fatal error: Uncaught Error: Class "App\\Entity\\PointOfInterest" not found in /var/www/html/src/Entity/NaturalHeritage.php:29\nStack trace:\n#0 {main}\n thrown in /var/www/html/src/Entity/NaturalHeritage.php on line 29
[Mon Sep 22 23:11:24.857133 2025] [php:error] [pid 271:tid 271] [client 192.168.144.1:38670] PHP Fatal error: Uncaught Error: Class "App\\Entity\\PointOfInterest" not found in /var/www/html/src/Entity/OutdoorHotel.php:29\nStack trace:\n#0 {main}\n thrown in /var/www/html/src/Entity/OutdoorHotel.php on line 29
[Mon Sep 22 23:15:09.412758 2025] [php:error] [pid 279:tid 279] [client 192.168.144.1:60496] PHP Fatal error: Uncaught Error: Class "App\\Entity\\PointOfInterest" not found in /var/www/html/src/Entity/Hotel.php:39\nStack trace:\n#0 {main}\n thrown in /var/www/html/src/Entity/Hotel.php on line 39
[Mon Sep 22 23:15:57.119823 2025] [php:error] [pid 281:tid 281] [client 192.168.144.1:41378] PHP Fatal error: Uncaught Error: Interface "Symfony\\Component\\HttpKernel\\CacheWarmer\\WarmableInterface" not found in /var/www/html/vendor/symfony/http-kernel/CacheWarmer/CacheWarmerInterface.php:19\nStack trace:\n#0 {main}\n thrown in /var/www/html/vendor/symfony/http-kernel/CacheWarmer/CacheWarmerInterface.php on line 19
[Mon Sep 22 23:18:59.495442 2025] [php:error] [pid 271:tid 271] [client 192.168.144.1:54930] PHP Fatal error: Trait "App\\Entity\\Traits\\PersonTrait" not found in /var/www/html/src/Entity/Owner.php on line 24
[Mon Sep 22 23:21:45.347499 2025] [php:error] [pid 277:tid 277] [client 192.168.144.1:33846] PHP Fatal error: Uncaught Error: Class "Doctrine\\Bundle\\DoctrineBundle\\Repository\\ServiceEntityRepository" not found in /var/www/html/src/Repository/TerritoryRepository.php:16\nStack trace:\n#0 {main}\n thrown in /var/www/html/src/Repository/TerritoryRepository.php on line 16
[Mon Sep 22 23:23:39.043077 2025] [php:error] [pid 281:tid 281] [client 192.168.144.1:49624] PHP Fatal error: Uncaught Error: Class "Symfony\\Bundle\\FrameworkBundle\\Controller\\AbstractController" not found in /var/www/html/src/Controller/ConvertToBase64.php:12\nStack trace:\n#0 {main}\n thrown in /var/www/html/src/Controller/ConvertToBase64.php on line 12
[Mon Sep 22 23:24:34.868676 2025] [php:error] [pid 257:tid 257] [client 192.168.144.1:52064] PHP Fatal error: Uncaught Error: Class "Symfony\\Component\\Security\\Core\\Exception\\RuntimeException" not found in /var/www/html/vendor/symfony/security-csrf/Exception/TokenNotFoundException.php:19\nStack trace:\n#0 {main}\n thrown in /var/www/html/vendor/symfony/security-csrf/Exception/TokenNotFoundException.php on line 19
[Mon Sep 22 23:25:34.940586 2025] [php:error] [pid 251:tid 251] [client 192.168.144.1:48154] PHP Fatal error: Uncaught Error: Class "Symfony\\Component\\String\\AbstractString" not found in /var/www/html/vendor/symfony/string/AbstractUnicodeString.php:29\nStack trace:\n#0 {main}\n thrown in /var/www/html/vendor/symfony/string/AbstractUnicodeString.php on line 29
[Mon Sep 22 23:26:39.775414 2025] [php:error] [pid 271:tid 271] [client 192.168.144.1:51436] PHP Fatal error: Uncaught Error: Class "Symfony\\Component\\String\\AbstractUnicodeString" not found in /var/www/html/vendor/symfony/string/CodePointString.php:25\nStack trace:\n#0 {main}\n thrown in /var/www/html/vendor/symfony/string/CodePointString.php on line 25
[Mon Sep 22 23:27:44.008302 2025] [php:error] [pid 273:tid 273] [client 192.168.144.1:57544] PHP Fatal error: Uncaught Error: Interface "Symfony\\Contracts\\Service\\ResetInterface" not found in /var/www/html/vendor/symfony/stopwatch/Stopwatch.php:24\nStack trace:\n#0 {main}\n thrown in /var/www/html/vendor/symfony/stopwatch/Stopwatch.php on line 24
[Mon Sep 22 23:29:51.063839 2025] [php:error] [pid 277:tid 277] [client 192.168.144.1:54392] PHP Fatal error: Uncaught Error: Class "Symfony\\Component\\ErrorHandler\\Error\\FatalError" not found in /var/www/html/vendor/symfony/error-handler/Error/OutOfMemoryError.php:14\nStack trace:\n#0 {main}\n thrown in /var/www/html/vendor/symfony/error-handler/Error/OutOfMemoryError.php on line 14
[Mon Sep 22 23:34:26.592336 2025] [php:error] [pid 271:tid 271] [client 192.168.144.1:54062] PHP Fatal error: Uncaught Error: Interface "Doctrine\\Migrations\\MigrationsRepository" not found in /var/www/html/vendor/doctrine/migrations/src/FilesystemMigrationsRepository.php:24\nStack trace:\n#0 {main}\n thrown in /var/www/html/vendor/doctrine/migrations/src/FilesystemMigrationsRepository.php on line 24
[Mon Sep 22 23:38:40.736173 2025] [php:error] [pid 281:tid 281] [client 192.168.144.1:37908] PHP Fatal error: Uncaught Error: Interface "Symfony\\Component\\Security\\Http\\Authentication\\AuthenticationFailureHandlerInterface" not found in /var/www/html/vendor/symfony/security-http/Authentication/DefaultAuthenticationFailureHandler.php:32\nStack trace:\n#0 {main}\n thrown in /var/www/html/vendor/symfony/security-http/Authentication/DefaultAuthenticationFailureHandler.php on line 32
[Mon Sep 22 23:39:22.806811 2025] [php:error] [pid 257:tid 257] [client 192.168.144.1:60090] PHP Fatal error: Trait "Symfony\\Component\\Security\\Http\\Util\\TargetPathTrait" not found in /var/www/html/vendor/symfony/security-http/Authentication/DefaultAuthenticationSuccessHandler.php on line 28
[Mon Sep 22 23:41:31.909663 2025] [php:error] [pid 271:tid 271] [client 192.168.144.1:33604] PHP Fatal error: Uncaught Error: Interface "Doctrine\\Inflector\\LanguageInflectorFactory" not found in /var/www/html/vendor/doctrine/inflector/src/GenericLanguageInflectorFactory.php:11\nStack trace:\n#0 {main}\n thrown in /var/www/html/vendor/doctrine/inflector/src/GenericLanguageInflectorFactory.php on line 11
[Mon Sep 22 23:42:28.110425 2025] [php:error] [pid 273:tid 273] [client 192.168.144.1:42656] PHP Fatal error: Uncaught Error: Interface "Symfony\\Component\\HttpFoundation\\Exception\\RequestExceptionInterface" not found in /var/www/html/vendor/symfony/http-foundation/Exception/SessionNotFoundException.php:21\nStack trace:\n#0 {main}\n thrown in /var/www/html/vendor/symfony/http-foundation/Exception/SessionNotFoundException.php on line 21
[Mon Sep 22 23:43:27.108378 2025] [php:error] [pid 275:tid 275] [client 192.168.144.1:33980] PHP Fatal error: Uncaught Error: Interface "Symfony\\Component\\EventDispatcher\\EventSubscriberInterface" not found in /var/www/html/vendor/symfony/security-http/EventListener/DefaultLogoutListener.php:26\nStack trace:\n#0 {main}\n thrown in /var/www/html/vendor/symfony/security-http/EventListener/DefaultLogoutListener.php on line 26
[Mon Sep 22 23:44:27.503170 2025] [php:error] [pid 277:tid 277] [client 192.168.144.1:44596] PHP Fatal error: Uncaught Error: Class "Symfony\\Component\\HttpKernel\\Exception\\HttpException" not found in /var/www/html/vendor/symfony/http-kernel/Exception/NotAcceptableHttpException.php:17\nStack trace:\n#0 {main}\n thrown in /var/www/html/vendor/symfony/http-kernel/Exception/NotAcceptableHttpException.php on line 17
[Mon Sep 22 23:45:29.081206 2025] [php:error] [pid 279:tid 279] [client 192.168.144.1:45816] PHP Fatal error: Trait "App\\Entity\\Traits\\TimestampableTrait" not found in /var/www/html/src/Entity/AvailabilityLog.php on line 41
[Mon Sep 22 23:46:31.236578 2025] [php:error] [pid 281:tid 281] [client 192.168.144.1:38876] PHP Fatal error: Uncaught Error: Class "Symfony\\Component\\HttpKernel\\Exception\\HttpException" not found in /var/www/html/vendor/symfony/http-kernel/Exception/AccessDeniedHttpException.php:18\nStack trace:\n#0 {main}\n thrown in /var/www/html/vendor/symfony/http-kernel/Exception/AccessDeniedHttpException.php on line 18
[Mon Sep 22 23:48:37.962737 2025] [php:error] [pid 251:tid 251] [client 192.168.144.1:55876] PHP Fatal error: Uncaught Error: Interface "Symfony\\Contracts\\HttpClient\\Exception\\ExceptionInterface" not found in /var/www/html/vendor/symfony/http-client-contracts/Exception/DecodingExceptionInterface.php:19\nStack trace:\n#0 {main}\n thrown in /var/www/html/vendor/symfony/http-client-contracts/Exception/DecodingExceptionInterface.php on line 19
[Mon Sep 22 23:49:34.610764 2025] [php:error] [pid 271:tid 271] [client 192.168.144.1:33092] PHP Fatal error: Uncaught Error: Class "Symfony\\Component\\HttpKernel\\Exception\\HttpException" not found in /var/www/html/vendor/symfony/http-kernel/Exception/LengthRequiredHttpException.php:17\nStack trace:\n#0 {main}\n thrown in /var/www/html/vendor/symfony/http-kernel/Exception/LengthRequiredHttpException.php on line 17
[Mon Sep 22 23:50:38.855477 2025] [php:error] [pid 273:tid 273] [client 192.168.144.1:59056] PHP Fatal error: Uncaught Error: Interface "Symfony\\Component\\PasswordHasher\\Exception\\ExceptionInterface" not found in /var/www/html/vendor/symfony/password-hasher/Exception/InvalidPasswordException.php:17\nStack trace:\n#0 {main}\n thrown in /var/www/html/vendor/symfony/password-hasher/Exception/InvalidPasswordException.php on line 17
[Mon Sep 22 23:52:47.991275 2025] [php:error] [pid 277:tid 277] [client 192.168.144.1:37516] PHP Fatal error: Uncaught Error: Interface "Symfony\\Contracts\\HttpClient\\Exception\\TransportExceptionInterface" not found in /var/www/html/vendor/symfony/http-client-contracts/Exception/TimeoutExceptionInterface.php:19\nStack trace:\n#0 {main}\n thrown in /var/www/html/vendor/symfony/http-client-contracts/Exception/TimeoutExceptionInterface.php on line 19
[Mon Sep 22 23:53:39.809386 2025] [php:error] [pid 279:tid 279] [client 192.168.144.1:43200] PHP Fatal error: Uncaught Error: Class "Symfony\\Component\\HttpKernel\\Exception\\HttpException" not found in /var/www/html/vendor/symfony/http-kernel/Exception/UnauthorizedHttpException.php:17\nStack trace:\n#0 {main}\n thrown in /var/www/html/vendor/symfony/http-kernel/Exception/UnauthorizedHttpException.php on line 17
[Mon Sep 22 23:59:04.297045 2025] [php:error] [pid 277:tid 277] [client 192.168.144.1:47892] PHP Fatal error: Trait "App\\Entity\\Traits\\PersonTrait" not found in /var/www/html/src/Entity/ContactReservation.php on line 23
[Tue Sep 23 00:00:44.414906 2025] [php:error] [pid 281:tid 281] [client 192.168.144.1:34244] PHP Fatal error: Uncaught Error: Class "App\\Entity\\PointOfInterest" not found in /var/www/html/src/Entity/Shop.php:30\nStack trace:\n#0 {main}\n thrown in /var/www/html/src/Entity/Shop.php on line 30
[Tue Sep 23 00:02:11.021782 2025] [negotiation:error] [pid 251:tid 251] [client 192.168.144.1:59804] AH00690: no acceptable variant: /usr/share/httpd/error/HTTP_NOT_FOUND.html.var
[Tue Sep 23 00:02:15.021408 2025] [php:error] [pid 251:tid 251] [client 192.168.144.1:59804] script '/var/www/html/info.php' not found or unable to stat
[Tue Sep 23 00:06:35.650691 2025] [php:error] [pid 281:tid 281] [client 192.168.144.1:52762] PHP Fatal error: Uncaught Error: Interface "Symfony\\Component\\Config\\ResourceCheckerInterface" not found in /var/www/html/vendor/symfony/dependency-injection/Config/ContainerParametersResourceChecker.php:21\nStack trace:\n#0 {main}\n thrown in /var/www/html/vendor/symfony/dependency-injection/Config/ContainerParametersResourceChecker.php on line 21
[Tue Sep 23 00:11:19.212122 2025] [php:error] [pid 275:tid 275] [client 192.168.144.1:46042] PHP Fatal error: Uncaught Error: Class "Symfony\\Bundle\\FrameworkBundle\\Controller\\AbstractController" not found in /var/www/html/src/Controller/GetPointOfInterestsByFiltersSelectedAction.php:13\nStack trace:\n#0 {main}\n thrown in /var/www/html/src/Controller/GetPointOfInterestsByFiltersSelectedAction.php on line 13
[Tue Sep 23 00:11:29.235003 2025] [php:error] [pid 277:tid 277] [client 192.168.144.1:56666] PHP Fatal error: Uncaught Error: Interface "Symfony\\Component\\EventDispatcher\\EventSubscriberInterface" not found in /var/www/html/vendor/symfony/security-http/RememberMe/ResponseListener.php:25\nStack trace:\n#0 {main}\n thrown in /var/www/html/vendor/symfony/security-http/RememberMe/ResponseListener.php on line 25
[Tue Sep 23 00:12:16.003427 2025] [php:error] [pid 257:tid 257] [client 192.168.144.1:53474] PHP Fatal error: Uncaught Error: Class "Symfony\\Component\\HttpKernel\\DependencyInjection\\Extension" not found in /var/www/html/vendor/symfony/framework-bundle/DependencyInjection/FrameworkExtension.php:226\nStack trace:\n#0 {main}\n thrown in /var/www/html/vendor/symfony/framework-bundle/DependencyInjection/FrameworkExtension.php on line 226
[Tue Sep 23 00:14:41.633831 2025] [php:error] [pid 275:tid 275] [client 192.168.144.1:42538] PHP Fatal error: Uncaught Error: Class "Symfony\\Component\\HttpKernel\\Exception\\HttpException" not found in /var/www/html/vendor/symfony/http-kernel/Exception/ServiceUnavailableHttpException.php:17\nStack trace:\n#0 {main}\n thrown in /var/www/html/vendor/symfony/http-kernel/Exception/ServiceUnavailableHttpException.php on line 17
[Tue Sep 23 00:19:00.082973 2025] [php:error] [pid 251:tid 251] [client 192.168.144.1:60922] PHP Fatal error: Uncaught Error: Interface "Symfony\\Component\\DependencyInjection\\Compiler\\CompilerPassInterface" not found in /var/www/html/vendor/symfony/dependency-injection/Compiler/MergeExtensionConfigurationPass.php:30\nStack trace:\n#0 {main}\n thrown in /var/www/html/vendor/symfony/dependency-injection/Compiler/MergeExtensionConfigurationPass.php on line 30
[Tue Sep 23 00:19:38.763980 2025] [php:error] [pid 271:tid 271] [client 192.168.144.1:40786] PHP Fatal error: Uncaught Error: Interface "Symfony\\Component\\Config\\Definition\\ConfigurationInterface" not found in /var/www/html/vendor/nelmio/cors-bundle/DependencyInjection/Configuration.php:23\nStack trace:\n#0 {main}\n thrown in /var/www/html/vendor/nelmio/cors-bundle/DependencyInjection/Configuration.php on line 23
[Tue Sep 23 00:22:08.688907 2025] [php:error] [pid 275:tid 275] [client 192.168.144.1:60514] PHP Fatal error: Uncaught Error: Class "Symfony\\Component\\DependencyInjection\\Compiler\\AbstractRecursivePass" not found in /var/www/html/vendor/symfony/dependency-injection/Compiler/ResolveReferencesToAliasesPass.php:23\nStack trace:\n#0 {main}\n thrown in /var/www/html/vendor/symfony/dependency-injection/Compiler/ResolveReferencesToAliasesPass.php on line 23
[Tue Sep 23 00:22:38.676511 2025] [php:error] [pid 277:tid 277] [client 192.168.144.1:48248] PHP Fatal error: Uncaught Error: Class "Symfony\\Component\\DependencyInjection\\Compiler\\AbstractRecursivePass" not found in /var/www/html/vendor/symfony/dependency-injection/Compiler/AttributeAutoconfigurationPass.php:23\nStack trace:\n#0 {main}\n thrown in /var/www/html/vendor/symfony/dependency-injection/Compiler/AttributeAutoconfigurationPass.php on line 23
[Tue Sep 23 00:24:24.971621 2025] [php:error] [pid 279:tid 279] [client 192.168.144.1:56580] PHP Fatal error: Uncaught Error: Interface "Symfony\\Component\\DependencyInjection\\Argument\\ArgumentInterface" not found in /var/www/html/vendor/symfony/dependency-injection/Argument/ServiceClosureArgument.php:22\nStack trace:\n#0 {main}\n thrown in /var/www/html/vendor/symfony/dependency-injection/Argument/ServiceClosureArgument.php on line 22
[Tue Sep 23 00:24:48.783654 2025] [php:error] [pid 281:tid 281] [client 192.168.144.1:38232] PHP Fatal error: Uncaught Error: Class "Symfony\\Component\\DependencyInjection\\Argument\\IteratorArgument" not found in /var/www/html/vendor/symfony/dependency-injection/Argument/TaggedIteratorArgument.php:19\nStack trace:\n#0 {main}\n thrown in /var/www/html/vendor/symfony/dependency-injection/Argument/TaggedIteratorArgument.php on line 19
[Tue Sep 23 00:26:43.069276 2025] [php:error] [pid 257:tid 257] [client 192.168.144.1:48750] PHP Fatal error: Uncaught Error: Interface "Symfony\\Component\\DependencyInjection\\Argument\\ArgumentInterface" not found in /var/www/html/vendor/symfony/dependency-injection/Argument/BoundArgument.php:17\nStack trace:\n#0 {main}\n thrown in /var/www/html/vendor/symfony/dependency-injection/Argument/BoundArgument.php on line 17
[Tue Sep 23 00:26:58.857161 2025] [php:error] [pid 251:tid 251] [client 192.168.144.1:54428] PHP Fatal error: Trait "Symfony\\Component\\DependencyInjection\\Argument\\ReferenceSetArgumentTrait" not found in /var/www/html/vendor/symfony/dependency-injection/Argument/IteratorArgument.php on line 19
[Tue Sep 23 00:31:01.823808 2025] [php:error] [pid 275:tid 275] [client 192.168.144.1:39532] PHP Fatal error: Uncaught Error: Class "Symfony\\Component\\DependencyInjection\\Compiler\\AbstractRecursivePass" not found in /var/www/html/vendor/symfony/dependency-injection/Compiler/AliasDeprecatedPublicServicesPass.php:18\nStack trace:\n#0 {main}\n thrown in /var/www/html/vendor/symfony/dependency-injection/Compiler/AliasDeprecatedPublicServicesPass.php on line 18
[Tue Sep 23 00:31:44.066401 2025] [php:error] [pid 277:tid 277] [client 192.168.144.1:37778] PHP Fatal error: Uncaught Error: Class "Symfony\\Component\\DependencyInjection\\Compiler\\AbstractRecursivePass" not found in /var/www/html/vendor/symfony/dependency-injection/Compiler/RegisterServiceSubscribersPass.php:31\nStack trace:\n#0 {main}\n thrown in /var/www/html/vendor/symfony/dependency-injection/Compiler/RegisterServiceSubscribersPass.php on line 31
[Tue Sep 23 00:41:36.015909 2025] [php:error] [pid 279:tid 279] [client 192.168.144.1:46602] PHP Fatal error: Uncaught Error: Class "Symfony\\Component\\DependencyInjection\\Compiler\\AbstractRecursivePass" not found in /var/www/html/vendor/symfony/dependency-injection/Compiler/AutowireRequiredPropertiesPass.php:25\nStack trace:\n#0 {main}\n thrown in /var/www/html/vendor/symfony/dependency-injection/Compiler/AutowireRequiredPropertiesPass.php on line 25
[Tue Sep 23 00:42:36.484909 2025] [php:error] [pid 257:tid 257] [client 192.168.144.1:58856] PHP Fatal error: Trait "Symfony\\Component\\DependencyInjection\\Argument\\ReferenceSetArgumentTrait" not found in /var/www/html/vendor/symfony/dependency-injection/Argument/ServiceLocatorArgument.php on line 21
[Tue Sep 23 00:43:37.184581 2025] [php:error] [pid 251:tid 251] [client 192.168.144.1:38244] PHP Fatal error: Uncaught Error: Interface "Symfony\\Component\\DependencyInjection\\Compiler\\CompilerPassInterface" not found in /var/www/html/vendor/symfony/dependency-injection/Compiler/RegisterAutoconfigureAttributesPass.php:25\nStack trace:\n#0 {main}\n thrown in /var/www/html/vendor/symfony/dependency-injection/Compiler/RegisterAutoconfigureAttributesPass.php on line 25
[Tue Sep 23 00:44:37.911395 2025] [php:error] [pid 271:tid 271] [client 192.168.144.1:38450] PHP Fatal error: Uncaught Error: Class "Symfony\\Component\\DependencyInjection\\Compiler\\AbstractRecursivePass" not found in /var/www/html/vendor/symfony/dependency-injection/Compiler/ResolveTaggedIteratorArgumentPass.php:21\nStack trace:\n#0 {main}\n thrown in /var/www/html/vendor/symfony/dependency-injection/Compiler/ResolveTaggedIteratorArgumentPass.php on line 21
[Tue Sep 23 00:45:43.825257 2025] [php:error] [pid 273:tid 273] [client 192.168.144.1:60050] PHP Fatal error: Uncaught Error: Interface "Symfony\\Component\\DependencyInjection\\Compiler\\CompilerPassInterface" not found in /var/www/html/vendor/symfony/dependency-injection/Compiler/ResolveInstanceofConditionalsPass.php:25\nStack trace:\n#0 {main}\n thrown in /var/www/html/vendor/symfony/dependency-injection/Compiler/ResolveInstanceofConditionalsPass.php on line 25
[Tue Sep 23 00:46:45.515880 2025] [php:error] [pid 275:tid 275] [client 192.168.144.1:45116] PHP Fatal error: Uncaught Error: Class "Symfony\\Component\\DependencyInjection\\Compiler\\AbstractRecursivePass" not found in /var/www/html/vendor/symfony/dependency-injection/Compiler/ReplaceAliasByActualDefinitionPass.php:25\nStack trace:\n#0 {main}\n thrown in /var/www/html/vendor/symfony/dependency-injection/Compiler/ReplaceAliasByActualDefinitionPass.php on line 25
[Tue Sep 23 00:47:50.398674 2025] [php:error] [pid 277:tid 277] [client 192.168.144.1:41344] PHP Fatal error: Uncaught Error: Class "Symfony\\Component\\DependencyInjection\\Compiler\\AbstractRecursivePass" not found in /var/www/html/vendor/symfony/dependency-injection/Compiler/CheckExceptionOnInvalidReferenceBehaviorPass.php:24\nStack trace:\n#0 {main}\n thrown in /var/www/html/vendor/symfony/dependency-injection/Compiler/CheckExceptionOnInvalidReferenceBehaviorPass.php on line 24
[Tue Sep 23 00:49:57.256767 2025] [php:error] [pid 281:tid 281] [client 192.168.144.1:59788] PHP Fatal error: Uncaught Error: Class "Symfony\\Component\\DependencyInjection\\Compiler\\AbstractRecursivePass" not found in /var/www/html/vendor/symfony/dependency-injection/Compiler/ResolveParameterPlaceHoldersPass.php:23\nStack trace:\n#0 {main}\n thrown in /var/www/html/vendor/symfony/dependency-injection/Compiler/ResolveParameterPlaceHoldersPass.php on line 23
[Tue Sep 23 00:50:56.531741 2025] [php:error] [pid 257:tid 257] [client 192.168.144.1:34712] PHP Fatal error: Uncaught Error: Interface "Symfony\\Component\\DependencyInjection\\Compiler\\CompilerPassInterface" not found in /var/www/html/vendor/symfony/dependency-injection/Compiler/ExtensionCompilerPass.php:22\nStack trace:\n#0 {main}\n thrown in /var/www/html/vendor/symfony/dependency-injection/Compiler/ExtensionCompilerPass.php on line 22
[Tue Sep 23 00:51:59.636535 2025] [php:error] [pid 251:tid 251] [client 192.168.144.1:43118] PHP Fatal error: Uncaught Error: Interface "Symfony\\Component\\HttpKernel\\ControllerMetadata\\ArgumentMetadataFactoryInterface" not found in /var/www/html/vendor/symfony/http-kernel/ControllerMetadata/ArgumentMetadataFactory.php:19\nStack trace:\n#0 {main}\n thrown in /var/www/html/vendor/symfony/http-kernel/ControllerMetadata/ArgumentMetadataFactory.php on line 19
[Tue Sep 23 00:53:04.141422 2025] [php:error] [pid 273:tid 273] [client 192.168.144.1:48154] PHP Fatal error: Uncaught Error: Interface "Symfony\\Component\\DependencyInjection\\Compiler\\CompilerPassInterface" not found in /var/www/html/vendor/symfony/dependency-injection/Compiler/ResolveClassPass.php:21\nStack trace:\n#0 {main}\n thrown in /var/www/html/vendor/symfony/dependency-injection/Compiler/ResolveClassPass.php on line 21
[Tue Sep 23 00:54:06.278005 2025] [php:error] [pid 275:tid 275] [client 192.168.144.1:53306] PHP Fatal error: Uncaught Error: Interface "Symfony\\Component\\DependencyInjection\\Compiler\\CompilerPassInterface" not found in /var/www/html/vendor/symfony/dependency-injection/Compiler/RemoveAbstractDefinitionsPass.php:19\nStack trace:\n#0 {main}\n thrown in /var/www/html/vendor/symfony/dependency-injection/Compiler/RemoveAbstractDefinitionsPass.php on line 19
[Tue Sep 23 00:55:10.047138 2025] [php:error] [pid 277:tid 277] [client 192.168.144.1:48358] PHP Fatal error: Uncaught Error: Class "Symfony\\Component\\DependencyInjection\\Compiler\\AbstractRecursivePass" not found in /var/www/html/vendor/symfony/dependency-injection/Compiler/AnalyzeServiceReferencesPass.php:31\nStack trace:\n#0 {main}\n thrown in /var/www/html/vendor/symfony/dependency-injection/Compiler/AnalyzeServiceReferencesPass.php on line 31
[Tue Sep 23 00:56:10.034466 2025] [php:error] [pid 279:tid 279] [client 192.168.144.1:37828] PHP Fatal error: Uncaught Error: Class "Symfony\\Component\\DependencyInjection\\ServiceLocator" not found in /var/www/html/vendor/symfony/dependency-injection/Argument/ServiceLocator.php:21\nStack trace:\n#0 {main}\n thrown in /var/www/html/vendor/symfony/dependency-injection/Argument/ServiceLocator.php on line 21
[Tue Sep 23 00:57:12.685852 2025] [php:error] [pid 281:tid 281] [client 192.168.144.1:35084] PHP Fatal error: Uncaught Error: Interface "Symfony\\Component\\DependencyInjection\\Compiler\\CompilerPassInterface" not found in /var/www/html/vendor/symfony/dependency-injection/Compiler/ResolveInvalidReferencesPass.php:30\nStack trace:\n#0 {main}\n thrown in /var/www/html/vendor/symfony/dependency-injection/Compiler/ResolveInvalidReferencesPass.php on line 30
[Tue Sep 23 00:59:19.863186 2025] [php:error] [pid 251:tid 251] [client 192.168.144.1:57984] PHP Fatal error: Uncaught Error: Class "Symfony\\Component\\DependencyInjection\\Compiler\\AbstractRecursivePass" not found in /var/www/html/vendor/symfony/dependency-injection/Compiler/InlineServiceDefinitionsPass.php:25\nStack trace:\n#0 {main}\n thrown in /var/www/html/vendor/symfony/dependency-injection/Compiler/InlineServiceDefinitionsPass.php on line 25
[Tue Sep 23 01:00:18.320488 2025] [php:error] [pid 271:tid 271] [client 192.168.144.1:37464] PHP Fatal error: Uncaught Error: Class "Symfony\\Component\\DependencyInjection\\Compiler\\AbstractRecursivePass" not found in /var/www/html/vendor/symfony/dependency-injection/Compiler/DefinitionErrorExceptionPass.php:26\nStack trace:\n#0 {main}\n thrown in /var/www/html/vendor/symfony/dependency-injection/Compiler/DefinitionErrorExceptionPass.php on line 26
[Tue Sep 23 01:02:27.086922 2025] [php:error] [pid 275:tid 275] [client 192.168.144.1:58690] PHP Fatal error: Uncaught Error: Interface "Symfony\\Component\\DependencyInjection\\Compiler\\CompilerPassInterface" not found in /var/www/html/vendor/symfony/dependency-injection/Compiler/RegisterEnvVarProcessorsPass.php:26\nStack trace:\n#0 {main}\n thrown in /var/www/html/vendor/symfony/dependency-injection/Compiler/RegisterEnvVarProcessorsPass.php on line 26
[Tue Sep 23 01:03:24.182877 2025] [php:error] [pid 277:tid 277] [client 192.168.144.1:33824] PHP Fatal error: Uncaught Error: Class "Symfony\\Component\\DependencyInjection\\Compiler\\AbstractRecursivePass" not found in /var/www/html/vendor/symfony/dependency-injection/Compiler/ResolveServiceSubscribersPass.php:24\nStack trace:\n#0 {main}\n thrown in /var/www/html/vendor/symfony/dependency-injection/Compiler/ResolveServiceSubscribersPass.php on line 24
[Tue Sep 23 01:06:24.758934 2025] [php:error] [pid 251:tid 251] [client 192.168.144.1:44556] PHP Fatal error: Uncaught Error: Interface "Symfony\\Component\\HttpKernel\\KernelInterface" not found in /var/www/html/vendor/symfony/http-kernel/Kernel.php:58\nStack trace:\n#0 {main}\n thrown in /var/www/html/vendor/symfony/http-kernel/Kernel.php on line 58
[Tue Sep 23 01:08:17.114130 2025] [php:error] [pid 273:tid 273] [client 192.168.144.1:47676] PHP Fatal error: Uncaught Error: Interface "Symfony\\Component\\Security\\Http\\Authentication\\AuthenticationSuccessHandlerInterface" not found in /var/www/html/vendor/symfony/security-http/Authentication/CustomAuthenticationSuccessHandler.php:20\nStack trace:\n#0 {main}\n thrown in /var/www/html/vendor/symfony/security-http/Authentication/CustomAuthenticationSuccessHandler.php on line 20
[Tue Sep 23 01:09:11.118063 2025] [php:error] [pid 275:tid 275] [client 192.168.144.1:50070] PHP Fatal error: Uncaught Error: Undefined constant "STDERR" in /var/www/html/vendor/doctrine/orm/bin/doctrine-pear.php:4\nStack trace:\n#0 {main}\n thrown in /var/www/html/vendor/doctrine/orm/bin/doctrine-pear.php on line 4
[Tue Sep 23 01:10:15.060369 2025] [php:error] [pid 277:tid 277] [client 192.168.144.1:34640] PHP Fatal error: Uncaught Error: Interface "Symfony\\Component\\Security\\Http\\Authentication\\AuthenticationFailureHandlerInterface" not found in /var/www/html/vendor/symfony/security-http/Authentication/CustomAuthenticationFailureHandler.php:20\nStack trace:\n#0 {main}\n thrown in /var/www/html/vendor/symfony/security-http/Authentication/CustomAuthenticationFailureHandler.php on line 20
[Tue Sep 23 01:12:26.651313 2025] [php:error] [pid 281:tid 281] [client 192.168.144.1:58904] PHP Fatal error: Uncaught Error: Interface "Symfony\\Component\\DependencyInjection\\Compiler\\CompilerPassInterface" not found in /var/www/html/vendor/symfony/dependency-injection/Compiler/RegisterReverseContainerPass.php:23\nStack trace:\n#0 {main}\n thrown in /var/www/html/vendor/symfony/dependency-injection/Compiler/RegisterReverseContainerPass.php on line 23
[Tue Sep 23 01:15:25.877454 2025] [php:error] [pid 271:tid 271] [client 192.168.144.1:37624] PHP Fatal error: Uncaught Error: Interface "Symfony\\Component\\EventDispatcher\\EventSubscriberInterface" not found in /var/www/html/src/EventListener/DocumentListener.php:16\nStack trace:\n#0 {main}\n thrown in /var/www/html/src/EventListener/DocumentListener.php on line 16
[Tue Sep 23 01:18:14.022683 2025] [php:error] [pid 277:tid 277] [client 192.168.144.1:57446] PHP Fatal error: Uncaught LogicException: You cannot use the "Symfony\\Component\\HttpClient\\Psr18Client" as the "psr/http-factory" package is not installed. Try running "composer require nyholm/psr7". in /var/www/html/vendor/symfony/http-client/Psr18Client.php:39\nStack trace:\n#0 {main}\n thrown in /var/www/html/vendor/symfony/http-client/Psr18Client.php on line 39
[Tue Sep 23 01:20:08.665218 2025] [php:error] [pid 281:tid 281] [client 192.168.144.1:52920] PHP Fatal error: Uncaught Error: Interface "Symfony\\Contracts\\Service\\ResetInterface" not found in /var/www/html/vendor/symfony/console/Application.php:71\nStack trace:\n#0 {main}\n thrown in /var/www/html/vendor/symfony/console/Application.php on line 71
[Tue Sep 23 01:21:05.728985 2025] [php:error] [pid 257:tid 257] [client 192.168.144.1:45758] PHP Fatal error: Uncaught Error: Interface "Symfony\\Component\\Config\\Definition\\ConfigurationInterface" not found in /var/www/html/vendor/symfony/twig-bundle/DependencyInjection/Configuration.php:24\nStack trace:\n#0 {main}\n thrown in /var/www/html/vendor/symfony/twig-bundle/DependencyInjection/Configuration.php on line 24
[Tue Sep 23 01:24:59.021007 2025] [php:error] [pid 275:tid 275] [client 192.168.144.1:56850] PHP Fatal error: Uncaught Error: Interface "Symfony\\Component\\EventDispatcher\\EventSubscriberInterface" not found in /var/www/html/vendor/symfony/security-http/EventListener/CsrfProtectionListener.php:26\nStack trace:\n#0 {main}\n thrown in /var/www/html/vendor/symfony/security-http/EventListener/CsrfProtectionListener.php on line 26
[Tue Sep 23 01:27:41.668796 2025] [php:error] [pid 281:tid 281] [client 192.168.144.1:58270] PHP Fatal error: Uncaught Error: Interface "Symfony\\Component\\Config\\Definition\\ConfigurationInterface" not found in /var/www/html/vendor/symfony/web-profiler-bundle/DependencyInjection/Configuration.php:25\nStack trace:\n#0 {main}\n thrown in /var/www/html/vendor/symfony/web-profiler-bundle/DependencyInjection/Configuration.php on line 25
[Tue Sep 23 01:33:57.872980 2025] [php:error] [pid 281:tid 281] [client 192.168.144.1:34152] PHP Fatal error: Uncaught Error: Class "Symfony\\Component\\PropertyAccess\\Exception\\AccessException" not found in /var/www/html/vendor/symfony/property-access/Exception/NoSuchIndexException.php:19\nStack trace:\n#0 {main}\n thrown in /var/www/html/vendor/symfony/property-access/Exception/NoSuchIndexException.php on line 19
[Tue Sep 23 01:34:28.730309 2025] [php:error] [pid 257:tid 257] [client 192.168.144.1:60246] PHP Fatal error: Uncaught Error: Interface "Symfony\\Component\\EventDispatcher\\EventSubscriberInterface" not found in /var/www/html/vendor/symfony/http-kernel/EventListener/SurrogateListener.php:27\nStack trace:\n#0 {main}\n thrown in /var/www/html/vendor/symfony/http-kernel/EventListener/SurrogateListener.php on line 27
[Tue Sep 23 01:35:33.990673 2025] [php:error] [pid 251:tid 251] [client 192.168.144.1:34128] PHP Fatal error: Uncaught Error: Class "Symfony\\Component\\HttpKernel\\EventListener\\AbstractSessionListener" not found in /var/www/html/vendor/symfony/http-kernel/EventListener/SessionListener.php:29\nStack trace:\n#0 {main}\n thrown in /var/www/html/vendor/symfony/http-kernel/EventListener/SessionListener.php on line 29
[Tue Sep 23 01:36:35.704979 2025] [php:error] [pid 271:tid 271] [client 192.168.144.1:46774] PHP Fatal error: Uncaught Error: Interface "Symfony\\Component\\EventDispatcher\\EventSubscriberInterface" not found in /var/www/html/vendor/symfony/http-kernel/EventListener/LocaleAwareListener.php:26\nStack trace:\n#0 {main}\n thrown in /var/www/html/vendor/symfony/http-kernel/EventListener/LocaleAwareListener.php on line 26
[Tue Sep 23 01:37:37.486067 2025] [php:error] [pid 273:tid 273] [client 192.168.144.1:41178] PHP Fatal error: Uncaught Error: Interface "Symfony\\Component\\PropertyAccess\\Exception\\ExceptionInterface" not found in /var/www/html/vendor/symfony/property-access/Exception/RuntimeException.php:19\nStack trace:\n#0 {main}\n thrown in /var/www/html/vendor/symfony/property-access/Exception/RuntimeException.php on line 19
[Tue Sep 23 01:38:42.613858 2025] [php:error] [pid 275:tid 275] [client 192.168.144.1:34722] PHP Fatal error: Uncaught Error: Interface "Symfony\\Component\\EventDispatcher\\EventSubscriberInterface" not found in /var/www/html/vendor/symfony/http-kernel/EventListener/AbstractSessionListener.php:40\nStack trace:\n#0 {main}\n thrown in /var/www/html/vendor/symfony/http-kernel/EventListener/AbstractSessionListener.php on line 40
[Tue Sep 23 01:39:48.403754 2025] [php:error] [pid 277:tid 277] [client 192.168.144.1:45988] PHP Fatal error: Uncaught Error: Class "Symfony\\Bridge\\Doctrine\\Messenger\\AbstractDoctrineMiddleware" not found in /var/www/html/vendor/symfony/doctrine-bridge/Messenger/DoctrineOpenTransactionLoggerMiddleware.php:26\nStack trace:\n#0 {main}\n thrown in /var/www/html/vendor/symfony/doctrine-bridge/Messenger/DoctrineOpenTransactionLoggerMiddleware.php on line 26
[Tue Sep 23 01:41:54.023942 2025] [php:error] [pid 281:tid 281] [client 192.168.144.1:60412] PHP Fatal error: Uncaught Error: Interface "Symfony\\Component\\PropertyAccess\\Exception\\ExceptionInterface" not found in /var/www/html/vendor/symfony/property-access/Exception/OutOfBoundsException.php:19\nStack trace:\n#0 {main}\n thrown in /var/www/html/vendor/symfony/property-access/Exception/OutOfBoundsException.php on line 19
[Tue Sep 23 01:42:51.023957 2025] [php:error] [pid 257:tid 257] [client 192.168.144.1:60844] PHP Fatal error: Uncaught Error: Interface "Symfony\\Contracts\\HttpClient\\Exception\\ExceptionInterface" not found in /var/www/html/vendor/symfony/http-client-contracts/Exception/TransportExceptionInterface.php:19\nStack trace:\n#0 {main}\n thrown in /var/www/html/vendor/symfony/http-client-contracts/Exception/TransportExceptionInterface.php on line 19
[Tue Sep 23 01:43:54.193878 2025] [php:error] [pid 271:tid 271] [client 192.168.144.1:44100] PHP Fatal error: Uncaught Error: Class "Symfony\\Component\\PropertyAccess\\Exception\\RuntimeException" not found in /var/www/html/vendor/symfony/property-access/Exception/AccessException.php:19\nStack trace:\n#0 {main}\n thrown in /var/www/html/vendor/symfony/property-access/Exception/AccessException.php on line 19
[Tue Sep 23 01:44:57.288207 2025] [php:error] [pid 273:tid 273] [client 192.168.144.1:53436] PHP Fatal error: Uncaught Error: Call to undefined function Symfony\\Component\\HttpKernel\\EventListener\\trigger_deprecation() in /var/www/html/vendor/symfony/http-kernel/EventListener/TestSessionListener.php:17\nStack trace:\n#0 {main}\n thrown in /var/www/html/vendor/symfony/http-kernel/EventListener/TestSessionListener.php on line 17
[Tue Sep 23 01:46:01.385059 2025] [php:error] [pid 275:tid 275] [client 192.168.144.1:36214] PHP Fatal error: Uncaught Error: Interface "Symfony\\Component\\EventDispatcher\\EventSubscriberInterface" not found in /var/www/html/vendor/symfony/http-kernel/EventListener/RouterListener.php:43\nStack trace:\n#0 {main}\n thrown in /var/www/html/vendor/symfony/http-kernel/EventListener/RouterListener.php on line 43
[Tue Sep 23 01:47:07.156803 2025] [php:error] [pid 277:tid 277] [client 192.168.144.1:41752] PHP Fatal error: Uncaught Error: Interface "Symfony\\Component\\EventDispatcher\\EventSubscriberInterface" not found in /var/www/html/vendor/symfony/http-kernel/EventListener/ProfilerListener.php:33\nStack trace:\n#0 {main}\n thrown in /var/www/html/vendor/symfony/http-kernel/EventListener/ProfilerListener.php on line 33
[Tue Sep 23 01:48:07.690597 2025] [php:error] [pid 279:tid 279] [client 192.168.144.1:33886] PHP Fatal error: Uncaught Error: Interface "Symfony\\Component\\EventDispatcher\\EventSubscriberInterface" not found in /var/www/html/vendor/symfony/http-kernel/EventListener/AddRequestFormatsListener.php:25\nStack trace:\n#0 {main}\n thrown in /var/www/html/vendor/symfony/http-kernel/EventListener/AddRequestFormatsListener.php on line 25
[Tue Sep 23 01:49:08.734281 2025] [php:error] [pid 281:tid 281] [client 192.168.144.1:56962] PHP Fatal error: Uncaught Error: Interface "Symfony\\Component\\EventDispatcher\\EventSubscriberInterface" not found in /var/www/html/vendor/symfony/http-kernel/EventListener/ResponseListener.php:25\nStack trace:\n#0 {main}\n thrown in /var/www/html/vendor/symfony/http-kernel/EventListener/ResponseListener.php on line 25
