[Mon Sep 22 03:59:30.390035 2025] [php:error] [pid 273:tid 273] [client 192.168.144.1:38726] PHP Fatal error: Uncaught Error: Class "App\\Interfaces\\AbstractTranslatable" not found in /var/www/html/src/Entity/Price.php:32\nStack trace:\n#0 {main}\n thrown in /var/www/html/src/Entity/Price.php on line 32
[Mon Sep 22 04:00:54.029288 2025] [php:error] [pid 275:tid 275] [client 192.168.144.1:42686] PHP Fatal error: Trait "Symfony\\Component\\HttpClient\\HttpClientTrait" not found in /var/www/html/vendor/symfony/http-client/MockHttpClient.php on line 27
[Mon Sep 22 04:01:56.888152 2025] [php:error] [pid 277:tid 277] [client 192.168.144.1:59710] PHP Fatal error: Uncaught Error: Class "Symfony\\Component\\HttpKernel\\Bundle\\Bundle" not found in /var/www/html/vendor/nelmio/cors-bundle/NelmioCorsBundle.php:20\nStack trace:\n#0 {main}\n thrown in /var/www/html/vendor/nelmio/cors-bundle/NelmioCorsBundle.php on line 20
[Mon Sep 22 04:04:08.430178 2025] [php:error] [pid 281:tid 281] [client 192.168.144.1:40944] PHP Fatal error: Trait "Symfony\\Component\\HttpClient\\HttpClientTrait" not found in /var/www/html/vendor/symfony/http-client/CurlHttpClient.php on line 35
[Mon Sep 22 04:04:44.647327 2025] [php:error] [pid 257:tid 257] [client 192.168.144.1:50028] PHP Fatal error: Uncaught Error: Interface "Symfony\\Component\\HttpKernel\\HttpKernelInterface" not found in /var/www/html/vendor/symfony/http-kernel/KernelInterface.php:29\nStack trace:\n#0 {main}\n thrown in /var/www/html/vendor/symfony/http-kernel/KernelInterface.php on line 29
[Mon Sep 22 04:07:13.421106 2025] [php:error] [pid 271:tid 271] [client 192.168.144.1:38226] PHP Fatal error: Uncaught Error: Interface "Doctrine\\Common\\EventSubscriber" not found in /var/www/html/vendor/symfony/doctrine-bridge/SchemaListener/MessengerTransportDoctrineSchemaSubscriber.php:27\nStack trace:\n#0 {main}\n thrown in /var/www/html/vendor/symfony/doctrine-bridge/SchemaListener/MessengerTransportDoctrineSchemaSubscriber.php on line 27
[Mon Sep 22 04:09:06.385915 2025] [php:error] [pid 275:tid 275] [client 192.168.144.1:54392] PHP Fatal error: Uncaught Error: Class "Symfony\\Bundle\\FrameworkBundle\\Controller\\AbstractController" not found in /var/www/html/src/Controller/NotificationClientAction.php:19\nStack trace:\n#0 {main}\n thrown in /var/www/html/src/Controller/NotificationClientAction.php on line 19
[Mon Sep 22 04:10:07.942042 2025] [php:error] [pid 277:tid 277] [client 192.168.144.1:54366] PHP Fatal error: Uncaught Error: Class "App\\Interfaces\\AbstractTranslatable" not found in /var/www/html/src/Entity/DataDocumentType.php:37\nStack trace:\n#0 {main}\n thrown in /var/www/html/src/Entity/DataDocumentType.php on line 37
[Mon Sep 22 04:12:32.886511 2025] [php:error] [pid 281:tid 281] [client 192.168.144.1:50790] PHP Fatal error: Uncaught Error: Interface "Symfony\\Component\\Mime\\MimeTypeGuesserInterface" not found in /var/www/html/vendor/symfony/mime/FileinfoMimeTypeGuesser.php:22\nStack trace:\n#0 {main}\n thrown in /var/www/html/vendor/symfony/mime/FileinfoMimeTypeGuesser.php on line 22
[Mon Sep 22 04:14:51.187472 2025] [php:error] [pid 251:tid 251] [client 192.168.144.1:33632] PHP Fatal error: Trait "Symfony\\Component\\DependencyInjection\\Compiler\\PriorityTaggedServiceTrait" not found in /var/www/html/vendor/symfony/http-kernel/DependencyInjection/ControllerArgumentValueResolverPass.php on line 27
[Mon Sep 22 04:15:59.924765 2025] [php:error] [pid 271:tid 271] [client 192.168.144.1:50266] PHP Fatal error: Uncaught Error: Interface "Symfony\\Component\\Security\\Core\\User\\UserProviderInterface" not found in /var/www/html/src/Security/ApiKeyProvider.php:20\nStack trace:\n#0 {main}\n thrown in /var/www/html/src/Security/ApiKeyProvider.php on line 20
[Mon Sep 22 04:17:21.385463 2025] [php:error] [pid 273:tid 273] [client 192.168.144.1:36646] PHP Fatal error: Uncaught Error: Class "App\\Entity\\PointOfInterest" not found in /var/www/html/src/Entity/CulturalHeritage.php:29\nStack trace:\n#0 {main}\n thrown in /var/www/html/src/Entity/CulturalHeritage.php on line 29
[Mon Sep 22 04:21:45.739882 2025] [php:error] [pid 279:tid 279] [client 192.168.144.1:57258] PHP Fatal error: Uncaught Error: Interface "Symfony\\Contracts\\EventDispatcher\\EventDispatcherInterface" not found in /var/www/html/vendor/symfony/event-dispatcher/EventDispatcherInterface.php:23\nStack trace:\n#0 {main}\n thrown in /var/www/html/vendor/symfony/event-dispatcher/EventDispatcherInterface.php on line 23
[Mon Sep 22 04:24:17.971550 2025] [php:error] [pid 257:tid 257] [client 192.168.144.1:54644] PHP Fatal error: Uncaught Error: Call to undefined function Symfony\\Component\\EventDispatcher\\trigger_deprecation() in /var/www/html/vendor/symfony/event-dispatcher/LegacyEventDispatcherProxy.php:16\nStack trace:\n#0 {main}\n thrown in /var/www/html/vendor/symfony/event-dispatcher/LegacyEventDispatcherProxy.php on line 16
[Mon Sep 22 04:28:12.466824 2025] [php:error] [pid 273:tid 273] [client 192.168.144.1:37352] PHP Fatal error: Uncaught Error: Interface "Symfony\\Component\\EventDispatcher\\EventDispatcherInterface" not found in /var/www/html/vendor/symfony/event-dispatcher/ImmutableEventDispatcher.php:19\nStack trace:\n#0 {main}\n thrown in /var/www/html/vendor/symfony/event-dispatcher/ImmutableEventDispatcher.php on line 19
[Mon Sep 22 04:30:28.674018 2025] [php:error] [pid 277:tid 277] [client 192.168.144.1:38968] PHP Fatal error: Uncaught Error: Interface "Symfony\\Component\\EventDispatcher\\EventDispatcherInterface" not found in /var/www/html/vendor/symfony/event-dispatcher/EventDispatcher.php:32\nStack trace:\n#0 {main}\n thrown in /var/www/html/vendor/symfony/event-dispatcher/EventDispatcher.php on line 32
[Mon Sep 22 04:33:09.501339 2025] [php:error] [pid 281:tid 281] [client 192.168.144.1:56446] PHP Fatal error: Uncaught Error: Class "Symfony\\Contracts\\EventDispatcher\\Event" not found in /var/www/html/vendor/symfony/event-dispatcher/GenericEvent.php:26\nStack trace:\n#0 {main}\n thrown in /var/www/html/vendor/symfony/event-dispatcher/GenericEvent.php on line 26
[Mon Sep 22 04:42:54.695108 2025] [php:error] [pid 277:tid 277] [client 192.168.144.1:39454] PHP Fatal error: Uncaught Error: Interface "App\\Interfaces\\TranslationInterface" not found in /var/www/html/src/Interfaces/AbstractTranslation.php:5\nStack trace:\n#0 {main}\n thrown in /var/www/html/src/Interfaces/AbstractTranslation.php on line 5
[Mon Sep 22 04:59:59.359743 2025] [php:error] [pid 279:tid 279] [client 192.168.144.1:59294] PHP Fatal error: Uncaught Error: Class "Monolog\\Logger" not found in /var/www/html/vendor/symfony/monolog-bridge/Logger.php:23\nStack trace:\n#0 {main}\n thrown in /var/www/html/vendor/symfony/monolog-bridge/Logger.php on line 23
[Mon Sep 22 05:09:59.861610 2025] [php:error] [pid 273:tid 273] [client 192.168.144.1:37418] PHP Fatal error: Uncaught Error: Class "Symfony\\Component\\Mailer\\Envelope" not found in /var/www/html/vendor/symfony/mailer/DelayedEnvelope.php:24\nStack trace:\n#0 {main}\n thrown in /var/www/html/vendor/symfony/mailer/DelayedEnvelope.php on line 24
[Mon Sep 22 05:17:28.847106 2025] [php:error] [pid 279:tid 279] [client 192.168.144.1:44006] PHP Fatal error: Uncaught Error: Class "Symfony\\Component\\HttpKernel\\DependencyInjection\\Extension" not found in /var/www/html/vendor/symfony/doctrine-bridge/DependencyInjection/AbstractDoctrineExtension.php:26\nStack trace:\n#0 {main}\n thrown in /var/www/html/vendor/symfony/doctrine-bridge/DependencyInjection/AbstractDoctrineExtension.php on line 26
[Mon Sep 22 05:41:07.668674 2025] [php:error] [pid 257:tid 257] [client 192.168.144.1:41250] PHP Fatal error: Uncaught Error: Class "Symfony\\Component\\Security\\Http\\Authenticator\\AbstractAuthenticator" not found in /var/www/html/src/Security/ApiKeyAuthenticator.php:17\nStack trace:\n#0 {main}\n thrown in /var/www/html/src/Security/ApiKeyAuthenticator.php on line 17
[Mon Sep 22 05:49:26.182633 2025] [php:error] [pid 273:tid 273] [client 192.168.144.1:38034] PHP Fatal error: Uncaught Error: Interface "Symfony\\Component\\HttpFoundation\\Exception\\RequestExceptionInterface" not found in /var/www/html/vendor/symfony/http-foundation/Exception/BadRequestException.php:17\nStack trace:\n#0 {main}\n thrown in /var/www/html/vendor/symfony/http-foundation/Exception/BadRequestException.php on line 17
[Mon Sep 22 06:07:27.896558 2025] [php:error] [pid 251:tid 251] [client 192.168.144.1:44280] PHP Fatal error: Uncaught Error: Class "Symfony\\Component\\ExpressionLanguage\\Node\\ArrayNode" not found in /var/www/html/vendor/symfony/expression-language/Node/ArgumentsNode.php:21\nStack trace:\n#0 {main}\n thrown in /var/www/html/vendor/symfony/expression-language/Node/ArgumentsNode.php on line 21
[Mon Sep 22 06:11:21.762550 2025] [php:error] [pid 273:tid 273] [client 192.168.144.1:52244] PHP Fatal error: Uncaught Error: Interface "Symfony\\Contracts\\HttpClient\\Exception\\ExceptionInterface" not found in /var/www/html/vendor/symfony/http-client-contracts/Exception/HttpExceptionInterface.php:21\nStack trace:\n#0 {main}\n thrown in /var/www/html/vendor/symfony/http-client-contracts/Exception/HttpExceptionInterface.php on line 21
[Mon Sep 22 06:14:29.197468 2025] [php:error] [pid 275:tid 275] [client 192.168.144.1:33162] PHP Fatal error: Uncaught Error: Class "Symfony\\Component\\DependencyInjection\\Container" not found in /var/www/html/var/cache/prod/Container1LB9LWw/App_KernelProdContainer.php:17\nStack trace:\n#0 /var/www/html/var/cache/prod/App_KernelProdContainer.php(7): include()\n#1 {main}\n thrown in /var/www/html/var/cache/prod/Container1LB9LWw/App_KernelProdContainer.php on line 17
[Mon Sep 22 06:18:08.179969 2025] [php:error] [pid 277:tid 277] [client 192.168.144.1:33916] PHP Fatal error: Uncaught Error: Call to undefined function Symfony\\Component\\Security\\Http\\RememberMe\\trigger_deprecation() in /var/www/html/vendor/symfony/security-http/RememberMe/PersistentTokenBasedRememberMeServices.php:24\nStack trace:\n#0 {main}\n thrown in /var/www/html/vendor/symfony/security-http/RememberMe/PersistentTokenBasedRememberMeServices.php on line 24
[Mon Sep 22 06:24:24.192087 2025] [php:error] [pid 281:tid 281] [client 192.168.144.1:34446] PHP Fatal error: Uncaught Error: Class "Symfony\\Component\\Config\\ResourceCheckerConfigCache" not found in /var/www/html/vendor/symfony/config/ConfigCache.php:26\nStack trace:\n#0 {main}\n thrown in /var/www/html/vendor/symfony/config/ConfigCache.php on line 26
[Mon Sep 22 07:08:48.551268 2025] [php:warn] [pid 275:tid 275] [client 192.168.144.1:50254] PHP Warning: require(/var/www/html/vendor/neutron/temporary-filesystem/tests/../vendor/autoload.php): Failed to open stream: No such file or directory in /var/www/html/vendor/neutron/temporary-filesystem/tests/bootstrap.php on line 3
[Mon Sep 22 07:08:48.551362 2025] [php:error] [pid 275:tid 275] [client 192.168.144.1:50254] PHP Fatal error: Uncaught Error: Failed opening required '/var/www/html/vendor/neutron/temporary-filesystem/tests/../vendor/autoload.php' (include_path='.:') in /var/www/html/vendor/neutron/temporary-filesystem/tests/bootstrap.php:3\nStack trace:\n#0 {main}\n thrown in /var/www/html/vendor/neutron/temporary-filesystem/tests/bootstrap.php on line 3
[Mon Sep 22 07:12:44.691514 2025] [php:error] [pid 277:tid 277] [client 192.168.144.1:33184] PHP Fatal error: Uncaught Error: Interface "Doctrine\\Common\\EventSubscriber" not found in /var/www/html/vendor/symfony/doctrine-bridge/SchemaListener/RememberMeTokenProviderDoctrineSchemaSubscriber.php:26\nStack trace:\n#0 {main}\n thrown in /var/www/html/vendor/symfony/doctrine-bridge/SchemaListener/RememberMeTokenProviderDoctrineSchemaSubscriber.php on line 26
[Mon Sep 22 07:24:15.182576 2025] [php:error] [pid 271:tid 271] [client 192.168.144.1:45074] PHP Fatal error: Uncaught Error: Interface "Doctrine\\Common\\EventSubscriber" not found in /var/www/html/vendor/symfony/doctrine-bridge/SchemaListener/DoctrineDbalCacheAdapterSchemaSubscriber.php:25\nStack trace:\n#0 {main}\n thrown in /var/www/html/vendor/symfony/doctrine-bridge/SchemaListener/DoctrineDbalCacheAdapterSchemaSubscriber.php on line 25
[Mon Sep 22 07:29:07.506933 2025] [php:error] [pid 275:tid 275] [client 192.168.144.1:54672] PHP Fatal error: Uncaught LogicException: You cannot use "Symfony\\Component\\HttpClient\\HttplugClient" as the "php-http/httplug" package is not installed. Try running "composer require php-http/httplug". in /var/www/html/vendor/symfony/http-client/HttplugClient.php:46\nStack trace:\n#0 {main}\n thrown in /var/www/html/vendor/symfony/http-client/HttplugClient.php on line 46
[Mon Sep 22 08:01:06.644379 2025] [php:error] [pid 275:tid 275] [client 192.168.144.1:40282] PHP Fatal error: Uncaught LogicException: You cannot use "Symfony\\Component\\HttpClient\\AmpHttpClient" as the "amphp/http-client" package is not installed. Try running "composer require amphp/http-client:^4.2.1". in /var/www/html/vendor/symfony/http-client/AmpHttpClient.php:33\nStack trace:\n#0 {main}\n thrown in /var/www/html/vendor/symfony/http-client/AmpHttpClient.php on line 33
[Mon Sep 22 08:14:46.894556 2025] [php:error] [pid 281:tid 281] [client 192.168.144.1:55134] PHP Fatal error: Uncaught Error: Interface "Symfony\\Component\\EventDispatcher\\EventSubscriberInterface" not found in /var/www/html/vendor/symfony/security-http/EventListener/CheckRememberMeConditionsListener.php:36\nStack trace:\n#0 {main}\n thrown in /var/www/html/vendor/symfony/security-http/EventListener/CheckRememberMeConditionsListener.php on line 36
[Mon Sep 22 09:48:05.284171 2025] [php:error] [pid 273:tid 273] [client 192.168.144.1:39826] PHP Fatal error: Uncaught Error: Interface "Symfony\\Component\\EventDispatcher\\EventSubscriberInterface" not found in /var/www/html/vendor/symfony/security-http/EventListener/RememberMeListener.php:35\nStack trace:\n#0 {main}\n thrown in /var/www/html/vendor/symfony/security-http/EventListener/RememberMeListener.php on line 35
[Mon Sep 22 10:08:50.139963 2025] [php:error] [pid 257:tid 257] [client 192.168.144.1:40730] PHP Fatal error: Uncaught Error: Interface "Psr\\Container\\ContainerInterface" not found in /var/www/html/vendor/symfony/service-contracts/ServiceProviderInterface.php:22\nStack trace:\n#0 {main}\n thrown in /var/www/html/vendor/symfony/service-contracts/ServiceProviderInterface.php on line 22
[Mon Sep 22 10:19:40.887383 2025] [php:error] [pid 273:tid 273] [client 192.168.144.1:60320] PHP Fatal error: Uncaught Error: Interface "Symfony\\Component\\DependencyInjection\\Compiler\\CompilerPassInterface" not found in /var/www/html/vendor/symfony/console/DependencyInjection/AddConsoleCommandPass.php:30\nStack trace:\n#0 {main}\n thrown in /var/www/html/vendor/symfony/console/DependencyInjection/AddConsoleCommandPass.php on line 30
[Mon Sep 22 11:59:08.086197 2025] [php:error] [pid 275:tid 275] [client 192.168.144.1:37146] PHP Fatal error: Uncaught Error: Interface "Symfony\\Component\\ErrorHandler\\ErrorEnhancer\\ErrorEnhancerInterface" not found in /var/www/html/vendor/symfony/error-handler/ErrorEnhancer/ClassNotFoundErrorEnhancer.php:22\nStack trace:\n#0 {main}\n thrown in /var/www/html/vendor/symfony/error-handler/ErrorEnhancer/ClassNotFoundErrorEnhancer.php on line 22
[Mon Sep 22 12:05:04.058831 2025] [php:error] [pid 277:tid 277] [client 192.168.144.1:52746] PHP Fatal error: Uncaught Error: Interface "Symfony\\Component\\ErrorHandler\\ErrorEnhancer\\ErrorEnhancerInterface" not found in /var/www/html/vendor/symfony/error-handler/ErrorEnhancer/UndefinedMethodErrorEnhancer.php:20\nStack trace:\n#0 {main}\n thrown in /var/www/html/vendor/symfony/error-handler/ErrorEnhancer/UndefinedMethodErrorEnhancer.php on line 20
[Mon Sep 22 12:11:13.306498 2025] [php:error] [pid 279:tid 279] [client 192.168.144.1:40016] PHP Fatal error: Uncaught Error: Interface "Symfony\\Component\\ErrorHandler\\ErrorRenderer\\ErrorRendererInterface" not found in /var/www/html/vendor/symfony/error-handler/ErrorRenderer/HtmlErrorRenderer.php:24\nStack trace:\n#0 {main}\n thrown in /var/www/html/vendor/symfony/error-handler/ErrorRenderer/HtmlErrorRenderer.php on line 24
[Mon Sep 22 12:17:36.129866 2025] [php:error] [pid 281:tid 281] [client 192.168.144.1:47506] PHP Fatal error: Uncaught Error: Interface "Symfony\\Component\\ErrorHandler\\ErrorRenderer\\ErrorRendererInterface" not found in /var/www/html/vendor/symfony/error-handler/ErrorRenderer/SerializerErrorRenderer.php:25\nStack trace:\n#0 {main}\n thrown in /var/www/html/vendor/symfony/error-handler/ErrorRenderer/SerializerErrorRenderer.php on line 25
[Mon Sep 22 12:30:44.742071 2025] [php:error] [pid 251:tid 251] [client 192.168.144.1:51958] PHP Fatal error: Uncaught Error: Interface "Symfony\\Component\\ErrorHandler\\ErrorEnhancer\\ErrorEnhancerInterface" not found in /var/www/html/vendor/symfony/error-handler/ErrorEnhancer/UndefinedFunctionErrorEnhancer.php:20\nStack trace:\n#0 {main}\n thrown in /var/www/html/vendor/symfony/error-handler/ErrorEnhancer/UndefinedFunctionErrorEnhancer.php on line 20
[Mon Sep 22 12:37:13.147306 2025] [php:error] [pid 271:tid 271] [client 192.168.144.1:42404] PHP Fatal error: Uncaught Error: Interface "Symfony\\Component\\ErrorHandler\\ErrorRenderer\\ErrorRendererInterface" not found in /var/www/html/vendor/symfony/error-handler/ErrorRenderer/CliErrorRenderer.php:24\nStack trace:\n#0 {main}\n thrown in /var/www/html/vendor/symfony/error-handler/ErrorRenderer/CliErrorRenderer.php on line 24
[Mon Sep 22 13:24:33.394727 2025] [php:error] [pid 251:tid 251] [client 192.168.144.1:39134] PHP Fatal error: Uncaught Error: Class "Symfony\\Bundle\\FrameworkBundle\\Controller\\AbstractController" not found in /var/www/html/src/Controller/PreviewV2Action.php:15\nStack trace:\n#0 {main}\n thrown in /var/www/html/src/Controller/PreviewV2Action.php on line 15
[Mon Sep 22 13:31:21.985884 2025] [php:error] [pid 271:tid 271] [client 192.168.144.1:39594] PHP Fatal error: Uncaught Error: Interface "Symfony\\Component\\ErrorHandler\\ErrorRenderer\\ErrorRendererInterface" not found in /var/www/html/vendor/symfony/error-handler/ErrorRenderer/SerializerErrorRenderer.php:25\nStack trace:\n#0 {main}\n thrown in /var/www/html/vendor/symfony/error-handler/ErrorRenderer/SerializerErrorRenderer.php on line 25
[Mon Sep 22 13:38:09.613667 2025] [php:error] [pid 273:tid 273] [client 192.168.144.1:52936] PHP Fatal error: Uncaught Error: Interface "Symfony\\Component\\ErrorHandler\\ErrorRenderer\\ErrorRendererInterface" not found in /var/www/html/vendor/symfony/error-handler/ErrorRenderer/HtmlErrorRenderer.php:24\nStack trace:\n#0 {main}\n thrown in /var/www/html/vendor/symfony/error-handler/ErrorRenderer/HtmlErrorRenderer.php on line 24
[Mon Sep 22 13:44:58.658909 2025] [php:error] [pid 275:tid 275] [client 192.168.144.1:34744] PHP Fatal error: Uncaught Error: Interface "Symfony\\Component\\ErrorHandler\\ErrorEnhancer\\ErrorEnhancerInterface" not found in /var/www/html/vendor/symfony/error-handler/ErrorEnhancer/UndefinedMethodErrorEnhancer.php:20\nStack trace:\n#0 {main}\n thrown in /var/www/html/vendor/symfony/error-handler/ErrorEnhancer/UndefinedMethodErrorEnhancer.php on line 20
[Mon Sep 22 14:21:51.251120 2025] [php:error] [pid 251:tid 251] [client 192.168.144.1:36726] PHP Fatal error: Uncaught Error: Class "Twig\\Extension\\AbstractExtension" not found in /var/www/html/src/Twig/Extension/InstanceOfExtension.php:10\nStack trace:\n#0 {main}\n thrown in /var/www/html/src/Twig/Extension/InstanceOfExtension.php on line 10
[Mon Sep 22 14:29:02.506468 2025] [php:error] [pid 271:tid 271] [client 192.168.144.1:44728] PHP Fatal error: Uncaught Error: Interface "Symfony\\Component\\PropertyInfo\\PropertyInfoExtractorInterface" not found in /var/www/html/vendor/symfony/property-info/PropertyInfoCacheExtractor.php:23\nStack trace:\n#0 {main}\n thrown in /var/www/html/vendor/symfony/property-info/PropertyInfoCacheExtractor.php on line 23
[Mon Sep 22 14:36:04.294807 2025] [php:error] [pid 273:tid 273] [client 192.168.144.1:42840] PHP Fatal error: Uncaught Error: Interface "Symfony\\Component\\ErrorHandler\\ErrorEnhancer\\ErrorEnhancerInterface" not found in /var/www/html/vendor/symfony/error-handler/ErrorEnhancer/ClassNotFoundErrorEnhancer.php:22\nStack trace:\n#0 {main}\n thrown in /var/www/html/vendor/symfony/error-handler/ErrorEnhancer/ClassNotFoundErrorEnhancer.php on line 22
[Mon Sep 22 14:57:36.439241 2025] [php:error] [pid 279:tid 279] [client 192.168.144.1:54106] PHP Fatal error: Uncaught Error: Class "Symfony\\Component\\HttpKernel\\Bundle\\Bundle" not found in /var/www/html/vendor/symfony/monolog-bundle/MonologBundle.php:30\nStack trace:\n#0 {main}\n thrown in /var/www/html/vendor/symfony/monolog-bundle/MonologBundle.php on line 30
[Mon Sep 22 15:12:21.413661 2025] [php:error] [pid 257:tid 257] [client 192.168.144.1:44766] PHP Fatal error: Uncaught Error: Interface "Symfony\\Component\\ErrorHandler\\ErrorEnhancer\\ErrorEnhancerInterface" not found in /var/www/html/vendor/symfony/error-handler/ErrorEnhancer/UndefinedFunctionErrorEnhancer.php:20\nStack trace:\n#0 {main}\n thrown in /var/www/html/vendor/symfony/error-handler/ErrorEnhancer/UndefinedFunctionErrorEnhancer.php on line 20
[Mon Sep 22 15:19:54.711132 2025] [php:error] [pid 251:tid 251] [client 192.168.144.1:49840] PHP Fatal error: Uncaught Error: Interface "Symfony\\Component\\ErrorHandler\\ErrorRenderer\\ErrorRendererInterface" not found in /var/www/html/vendor/symfony/error-handler/ErrorRenderer/HtmlErrorRenderer.php:24\nStack trace:\n#0 {main}\n thrown in /var/www/html/vendor/symfony/error-handler/ErrorRenderer/HtmlErrorRenderer.php on line 24
[Mon Sep 22 15:50:21.168580 2025] [php:error] [pid 279:tid 279] [client 192.168.144.1:49268] PHP Fatal error: Uncaught Error: Interface "Symfony\\Component\\ErrorHandler\\ErrorEnhancer\\ErrorEnhancerInterface" not found in /var/www/html/vendor/symfony/error-handler/ErrorEnhancer/UndefinedMethodErrorEnhancer.php:20\nStack trace:\n#0 {main}\n thrown in /var/www/html/vendor/symfony/error-handler/ErrorEnhancer/UndefinedMethodErrorEnhancer.php on line 20
[Mon Sep 22 16:13:24.965682 2025] [php:error] [pid 251:tid 251] [client 192.168.144.1:41976] PHP Fatal error: Uncaught Error: Interface "Symfony\\Component\\HttpKernel\\DataCollector\\DataCollectorInterface" not found in /var/www/html/vendor/symfony/framework-bundle/DataCollector/TemplateAwareDataCollectorInterface.php:19\nStack trace:\n#0 {main}\n thrown in /var/www/html/vendor/symfony/framework-bundle/DataCollector/TemplateAwareDataCollectorInterface.php on line 19
[Mon Sep 22 16:21:30.864893 2025] [php:error] [pid 271:tid 271] [client 192.168.144.1:33862] PHP Fatal error: Uncaught Error: Interface "Symfony\\Component\\ErrorHandler\\ErrorRenderer\\ErrorRendererInterface" not found in /var/www/html/vendor/symfony/error-handler/ErrorRenderer/CliErrorRenderer.php:24\nStack trace:\n#0 {main}\n thrown in /var/www/html/vendor/symfony/error-handler/ErrorRenderer/CliErrorRenderer.php on line 24
[Mon Sep 22 16:29:17.249975 2025] [php:error] [pid 273:tid 273] [client 192.168.144.1:60104] PHP Fatal error: Uncaught Error: Interface "Symfony\\Component\\ErrorHandler\\ErrorRenderer\\ErrorRendererInterface" not found in /var/www/html/vendor/symfony/error-handler/ErrorRenderer/SerializerErrorRenderer.php:25\nStack trace:\n#0 {main}\n thrown in /var/www/html/vendor/symfony/error-handler/ErrorRenderer/SerializerErrorRenderer.php on line 25
[Mon Sep 22 16:53:51.298234 2025] [php:error] [pid 281:tid 281] [client 192.168.144.1:43208] PHP Fatal error: Uncaught Error: Class "Symfony\\Component\\Translation\\Translator" not found in /var/www/html/vendor/symfony/framework-bundle/Translation/Translator.php:25\nStack trace:\n#0 {main}\n thrown in /var/www/html/vendor/symfony/framework-bundle/Translation/Translator.php on line 25
[Mon Sep 22 17:01:51.146489 2025] [php:error] [pid 251:tid 251] [client 192.168.144.1:40008] PHP Fatal error: Uncaught Error: Interface "Symfony\\Component\\PropertyAccess\\PropertyAccessorInterface" not found in /var/www/html/vendor/symfony/property-access/PropertyAccessor.php:39\nStack trace:\n#0 {main}\n thrown in /var/www/html/vendor/symfony/property-access/PropertyAccessor.php on line 39
[Mon Sep 22 17:17:47.162437 2025] [php:error] [pid 273:tid 273] [client 192.168.144.1:33458] PHP Fatal error: Uncaught Error: Class "Symfony\\Component\\String\\AbstractString" not found in /var/www/html/vendor/symfony/string/ByteString.php:26\nStack trace:\n#0 {main}\n thrown in /var/www/html/vendor/symfony/string/ByteString.php on line 26
[Mon Sep 22 17:50:35.155719 2025] [php:error] [pid 257:tid 257] [client 192.168.144.1:41880] PHP Fatal error: Uncaught Error: Interface "Symfony\\Component\\Config\\ConfigCacheFactoryInterface" not found in /var/www/html/vendor/symfony/config/ConfigCacheFactory.php:23\nStack trace:\n#0 {main}\n thrown in /var/www/html/vendor/symfony/config/ConfigCacheFactory.php on line 23
[Mon Sep 22 17:53:07.582353 2025] [php:error] [pid 251:tid 251] [client 192.168.144.1:46006] script '/var/www/html/tcp.php' not found or unable to stat
[Mon Sep 22 17:53:07.621923 2025] [php:error] [pid 251:tid 251] [client 192.168.144.1:46006] script '/var/www/html/jx.php' not found or unable to stat
[Mon Sep 22 17:53:07.660586 2025] [php:error] [pid 251:tid 251] [client 192.168.144.1:46006] script '/var/www/html/vanta.php' not found or unable to stat
[Mon Sep 22 17:53:07.700077 2025] [php:error] [pid 251:tid 251] [client 192.168.144.1:46006] script '/var/www/html/nc4.php' not found or unable to stat
[Mon Sep 22 17:53:07.740004 2025] [php:error] [pid 251:tid 251] [client 192.168.144.1:46006] script '/var/www/html/acxx.php' not found or unable to stat
[Mon Sep 22 17:53:07.800121 2025] [php:error] [pid 251:tid 251] [client 192.168.144.1:46006] script '/var/www/html/ahax.php' not found or unable to stat
[Mon Sep 22 17:53:07.839469 2025] [php:error] [pid 251:tid 251] [client 192.168.144.1:46006] script '/var/www/html/akc.php' not found or unable to stat
[Mon Sep 22 17:53:07.878203 2025] [php:error] [pid 251:tid 251] [client 192.168.144.1:46006] script '/var/www/html/v2.php' not found or unable to stat
[Mon Sep 22 17:53:07.919312 2025] [php:error] [pid 251:tid 251] [client 192.168.144.1:46006] script '/var/www/html/CLA.php' not found or unable to stat
[Mon Sep 22 17:53:07.959836 2025] [php:error] [pid 251:tid 251] [client 192.168.144.1:46006] script '/var/www/html/aa17.php' not found or unable to stat
[Mon Sep 22 17:53:07.998781 2025] [php:error] [pid 251:tid 251] [client 192.168.144.1:46006] script '/var/www/html/wander.php' not found or unable to stat
[Mon Sep 22 17:53:08.037826 2025] [php:error] [pid 251:tid 251] [client 192.168.144.1:46006] script '/var/www/html/filei.php' not found or unable to stat
[Mon Sep 22 17:53:08.076673 2025] [php:error] [pid 251:tid 251] [client 192.168.144.1:46006] script '/var/www/html/ot.php' not found or unable to stat
[Mon Sep 22 17:53:08.115382 2025] [php:error] [pid 251:tid 251] [client 192.168.144.1:46006] script '/var/www/html/gfile.php' not found or unable to stat
[Mon Sep 22 17:53:08.158878 2025] [php:error] [pid 251:tid 251] [client 192.168.144.1:46006] script '/var/www/html/ol.php' not found or unable to stat
[Mon Sep 22 17:53:08.198628 2025] [php:error] [pid 251:tid 251] [client 192.168.144.1:46006] script '/var/www/html/rak.php' not found or unable to stat
[Mon Sep 22 17:53:08.237680 2025] [php:error] [pid 251:tid 251] [client 192.168.144.1:46006] script '/var/www/html/cfile.php' not found or unable to stat
[Mon Sep 22 17:53:08.276466 2025] [php:error] [pid 251:tid 251] [client 192.168.144.1:46006] script '/var/www/html/ee.php' not found or unable to stat
[Mon Sep 22 17:53:08.315267 2025] [php:error] [pid 251:tid 251] [client 192.168.144.1:46006] script '/var/www/html/ffile.php' not found or unable to stat
[Mon Sep 22 17:53:08.354003 2025] [php:error] [pid 251:tid 251] [client 192.168.144.1:46006] script '/var/www/html/gold.php' not found or unable to stat
[Mon Sep 22 17:53:08.395625 2025] [php:error] [pid 251:tid 251] [client 192.168.144.1:46006] script '/var/www/html/bless2.php' not found or unable to stat
[Mon Sep 22 17:53:08.434381 2025] [php:error] [pid 251:tid 251] [client 192.168.144.1:46006] script '/var/www/html/lc.php' not found or unable to stat
[Mon Sep 22 17:53:08.473450 2025] [php:error] [pid 251:tid 251] [client 192.168.144.1:46006] script '/var/www/html/222.php' not found or unable to stat
[Mon Sep 22 17:53:08.512273 2025] [php:error] [pid 251:tid 251] [client 192.168.144.1:46006] script '/var/www/html/xhouf.php' not found or unable to stat
[Mon Sep 22 17:53:08.551216 2025] [php:error] [pid 251:tid 251] [client 192.168.144.1:46006] script '/var/www/html/num.php' not found or unable to stat
[Mon Sep 22 17:53:08.589519 2025] [php:error] [pid 251:tid 251] [client 192.168.144.1:46006] script '/var/www/html/slo.php' not found or unable to stat
[Mon Sep 22 17:53:08.628492 2025] [php:error] [pid 251:tid 251] [client 192.168.144.1:46006] script '/var/www/html/ava.php' not found or unable to stat
[Mon Sep 22 17:53:08.863968 2025] [php:error] [pid 251:tid 251] [client 192.168.144.1:46006] script '/var/www/html/sad.php' not found or unable to stat
[Mon Sep 22 17:53:08.906608 2025] [php:error] [pid 251:tid 251] [client 192.168.144.1:46006] script '/var/www/html/gg.php' not found or unable to stat
[Mon Sep 22 17:53:08.945724 2025] [php:error] [pid 251:tid 251] [client 192.168.144.1:46006] script '/var/www/html/file1.php' not found or unable to stat
[Mon Sep 22 17:53:08.985594 2025] [php:error] [pid 251:tid 251] [client 192.168.144.1:46006] script '/var/www/html/an.php' not found or unable to stat
[Mon Sep 22 17:53:09.025407 2025] [php:error] [pid 251:tid 251] [client 192.168.144.1:46006] script '/var/www/html/great.php' not found or unable to stat
[Mon Sep 22 17:53:09.065844 2025] [php:error] [pid 251:tid 251] [client 192.168.144.1:46006] script '/var/www/html/makeasmtp.php' not found or unable to stat
[Mon Sep 22 17:53:09.107070 2025] [php:error] [pid 251:tid 251] [client 192.168.144.1:46006] script '/var/www/html/mo.php' not found or unable to stat
[Mon Sep 22 17:53:09.149391 2025] [php:error] [pid 251:tid 251] [client 192.168.144.1:46006] script '/var/www/html/slo.php' not found or unable to stat
[Mon Sep 22 17:53:09.188443 2025] [php:error] [pid 251:tid 251] [client 192.168.144.1:46006] script '/var/www/html/r4f_1.php' not found or unable to stat
[Mon Sep 22 17:53:09.228303 2025] [php:error] [pid 251:tid 251] [client 192.168.144.1:46006] script '/var/www/html/ar.php' not found or unable to stat
[Mon Sep 22 17:53:09.268429 2025] [php:error] [pid 251:tid 251] [client 192.168.144.1:46006] script '/var/www/html/co.php' not found or unable to stat
[Mon Sep 22 17:53:09.308252 2025] [php:error] [pid 251:tid 251] [client 192.168.144.1:46006] script '/var/www/html/aaaa.php' not found or unable to stat
[Mon Sep 22 17:53:09.349709 2025] [php:error] [pid 251:tid 251] [client 192.168.144.1:46006] script '/var/www/html/good.php' not found or unable to stat
[Mon Sep 22 19:25:14.812542 2025] [php:error] [pid 275:tid 275] [client 192.168.144.1:47408] PHP Fatal error: Uncaught Error: Class "App\\Entity\\PointOfInterest" not found in /var/www/html/src/Entity/NaturalHeritage.php:29\nStack trace:\n#0 {main}\n thrown in /var/www/html/src/Entity/NaturalHeritage.php on line 29
[Mon Sep 22 19:34:16.881243 2025] [php:error] [pid 277:tid 277] [client 192.168.144.1:58164] PHP Fatal error: Uncaught Error: Interface "Symfony\\Component\\Security\\Core\\Authorization\\AuthorizationCheckerInterface" not found in /var/www/html/vendor/symfony/security-core/Security.php:24\nStack trace:\n#0 {main}\n thrown in /var/www/html/vendor/symfony/security-core/Security.php on line 24
[Mon Sep 22 20:06:02.559087 2025] [php:error] [pid 279:tid 279] [client 192.168.144.1:54514] PHP Fatal error: Uncaught Error: Interface "Symfony\\Component\\HttpKernel\\HttpKernelInterface" not found in /var/www/html/vendor/symfony/http-kernel/HttpKernel.php:51\nStack trace:\n#0 {main}\n thrown in /var/www/html/vendor/symfony/http-kernel/HttpKernel.php on line 51
[Mon Sep 22 20:06:32.801423 2025] [php:error] [pid 281:tid 281] [client 192.168.144.1:57008] PHP Fatal error: Uncaught Error: Interface "Symfony\\Component\\Routing\\RouteCompilerInterface" not found in /var/www/html/vendor/symfony/routing/RouteCompiler.php:20\nStack trace:\n#0 {main}\n thrown in /var/www/html/vendor/symfony/routing/RouteCompiler.php on line 20
[Mon Sep 22 20:10:28.574820 2025] [php:error] [pid 273:tid 273] [client 192.168.144.1:58146] PHP Fatal error: Uncaught Error: Interface "Symfony\\Component\\HttpKernel\\HttpKernelInterface" not found in /var/www/html/vendor/symfony/http-kernel/HttpClientKernel.php:32\nStack trace:\n#0 {main}\n thrown in /var/www/html/vendor/symfony/http-kernel/HttpClientKernel.php on line 32
[Mon Sep 22 20:23:13.964726 2025] [php:error] [pid 279:tid 279] [client 192.168.144.1:35210] PHP Fatal error: Uncaught Error: Class "Doctrine\\Bundle\\DoctrineBundle\\Repository\\ServiceEntityRepository" not found in /var/www/html/src/Repository/RestaurantRepository.php:15\nStack trace:\n#0 {main}\n thrown in /var/www/html/src/Repository/RestaurantRepository.php on line 15
[Mon Sep 22 20:23:40.201375 2025] [php:error] [pid 281:tid 281] [client 192.168.144.1:44534] PHP Fatal error: Trait "Symfony\\Component\\HttpClient\\HttpClientTrait" not found in /var/www/html/vendor/symfony/http-client/NativeHttpClient.php on line 34
[Mon Sep 22 20:27:08.222289 2025] [php:error] [pid 273:tid 273] [client 192.168.144.1:53666] PHP Fatal error: Uncaught Error: Interface "Symfony\\Component\\Serializer\\SerializerInterface" not found in /var/www/html/vendor/symfony/serializer/Serializer.php:49\nStack trace:\n#0 {main}\n thrown in /var/www/html/vendor/symfony/serializer/Serializer.php on line 49
[Mon Sep 22 20:29:56.543960 2025] [php:error] [pid 279:tid 279] [client 192.168.144.1:44458] PHP Fatal error: Uncaught Error: Interface "Symfony\\Component\\EventDispatcher\\EventSubscriberInterface" not found in /var/www/html/vendor/symfony/security-http/EventListener/PasswordMigratingListener.php:29\nStack trace:\n#0 {main}\n thrown in /var/www/html/vendor/symfony/security-http/EventListener/PasswordMigratingListener.php on line 29
[Mon Sep 22 20:30:48.181128 2025] [php:error] [pid 281:tid 281] [client 192.168.144.1:53228] PHP Fatal error: Uncaught Error: Interface "Symfony\\Component\\EventDispatcher\\EventSubscriberInterface" not found in /var/www/html/vendor/symfony/security-http/EventListener/LoginThrottlingListener.php:26\nStack trace:\n#0 {main}\n thrown in /var/www/html/vendor/symfony/security-http/EventListener/LoginThrottlingListener.php on line 26
[Mon Sep 22 20:31:52.616428 2025] [php:error] [pid 257:tid 257] [client 192.168.144.1:33706] PHP Fatal error: Uncaught Error: Interface "Symfony\\Component\\HttpFoundation\\Exception\\RequestExceptionInterface" not found in /var/www/html/vendor/symfony/http-foundation/Exception/SuspiciousOperationException.php:18\nStack trace:\n#0 {main}\n thrown in /var/www/html/vendor/symfony/http-foundation/Exception/SuspiciousOperationException.php on line 18
[Mon Sep 22 20:32:55.978890 2025] [php:error] [pid 251:tid 251] [client 192.168.144.1:46780] PHP Fatal error: Uncaught Error: Interface "Symfony\\Component\\EventDispatcher\\EventSubscriberInterface" not found in /var/www/html/vendor/symfony/security-http/EventListener/CheckCredentialsListener.php:34\nStack trace:\n#0 {main}\n thrown in /var/www/html/vendor/symfony/security-http/EventListener/CheckCredentialsListener.php on line 34
[Mon Sep 22 20:35:58.597822 2025] [php:error] [pid 275:tid 275] [client 192.168.144.1:50460] PHP Fatal error: Uncaught Error: Interface "Symfony\\Component\\EventDispatcher\\EventSubscriberInterface" not found in /var/www/html/vendor/symfony/security-http/EventListener/CookieClearingLogoutListener.php:24\nStack trace:\n#0 {main}\n thrown in /var/www/html/vendor/symfony/security-http/EventListener/CookieClearingLogoutListener.php on line 24
[Mon Sep 22 20:38:50.456170 2025] [php:error] [pid 281:tid 281] [client 192.168.144.1:39602] PHP Fatal error: Trait "Symfony\\Component\\DependencyInjection\\Compiler\\PriorityTaggedServiceTrait" not found in /var/www/html/vendor/symfony/serializer/DependencyInjection/SerializerPass.php on line 27
[Mon Sep 22 20:39:01.046003 2025] [negotiation:error] [pid 257:tid 257] [client 192.168.144.1:50550] AH00690: no acceptable variant: /usr/share/httpd/error/HTTP_NOT_FOUND.html.var
[Mon Sep 22 20:39:02.196001 2025] [php:error] [pid 257:tid 257] [client 192.168.144.1:50550] script '/var/www/html/info.php' not found or unable to stat
[Mon Sep 22 20:39:41.036283 2025] [php:error] [pid 251:tid 251] [client 192.168.144.1:44014] PHP Fatal error: Uncaught Error: Interface "Symfony\\Contracts\\HttpClient\\Exception\\HttpExceptionInterface" not found in /var/www/html/vendor/symfony/http-client-contracts/Exception/RedirectionExceptionInterface.php:19\nStack trace:\n#0 {main}\n thrown in /var/www/html/vendor/symfony/http-client-contracts/Exception/RedirectionExceptionInterface.php on line 19
[Mon Sep 22 20:41:45.327463 2025] [php:error] [pid 275:tid 275] [client 192.168.144.1:33542] PHP Fatal error: Uncaught Error: Class "App\\Entity\\PointOfInterest" not found in /var/www/html/src/Entity/OutdoorHotel.php:29\nStack trace:\n#0 {main}\n thrown in /var/www/html/src/Entity/OutdoorHotel.php on line 29
[Mon Sep 22 20:42:40.248696 2025] [php:error] [pid 277:tid 277] [client 192.168.144.1:40180] PHP Fatal error: Uncaught Error: Interface "Symfony\\Component\\EventDispatcher\\EventSubscriberInterface" not found in /var/www/html/vendor/symfony/security-http/EventListener/SessionStrategyListener.php:28\nStack trace:\n#0 {main}\n thrown in /var/www/html/vendor/symfony/security-http/EventListener/SessionStrategyListener.php on line 28
[Mon Sep 22 20:44:47.200568 2025] [php:error] [pid 281:tid 281] [client 192.168.144.1:40366] PHP Fatal error: Uncaught Error: Class "App\\Entity\\PointOfInterest" not found in /var/www/html/src/Entity/Hotel.php:39\nStack trace:\n#0 {main}\n thrown in /var/www/html/src/Entity/Hotel.php on line 39
[Mon Sep 22 20:46:44.839562 2025] [php:error] [pid 251:tid 251] [client 192.168.144.1:55308] PHP Fatal error: Trait "App\\Entity\\Traits\\PersonTrait" not found in /var/www/html/src/Entity/Owner.php on line 24
[Mon Sep 22 20:50:32.089045 2025] [php:error] [pid 277:tid 277] [client 192.168.144.1:48218] PHP Fatal error: Uncaught Error: Class "Twig\\Extension\\AbstractExtension" not found in /var/www/html/vendor/symfony/twig-bridge/Extension/TranslationExtension.php:35\nStack trace:\n#0 {main}\n thrown in /var/www/html/vendor/symfony/twig-bridge/Extension/TranslationExtension.php on line 35
[Mon Sep 22 20:51:19.461487 2025] [php:error] [pid 279:tid 279] [client 192.168.144.1:53914] PHP Fatal error: Uncaught Error: Class "Twig\\Extension\\AbstractExtension" not found in /var/www/html/vendor/symfony/twig-bridge/Extension/SerializerExtension.php:20\nStack trace:\n#0 {main}\n thrown in /var/www/html/vendor/symfony/twig-bridge/Extension/SerializerExtension.php on line 20
[Mon Sep 22 20:53:28.094731 2025] [php:error] [pid 257:tid 257] [client 192.168.144.1:57096] PHP Fatal error: Uncaught Error: Class "Twig\\Extension\\AbstractExtension" not found in /var/www/html/vendor/symfony/twig-bridge/Extension/StopwatchExtension.php:24\nStack trace:\n#0 {main}\n thrown in /var/www/html/vendor/symfony/twig-bridge/Extension/StopwatchExtension.php on line 24
[Mon Sep 22 20:54:24.251109 2025] [php:error] [pid 251:tid 251] [client 192.168.144.1:59192] PHP Fatal error: Uncaught Error: Class "Twig\\Extension\\AbstractExtension" not found in /var/www/html/vendor/symfony/twig-bridge/Extension/HttpKernelExtension.php:23\nStack trace:\n#0 {main}\n thrown in /var/www/html/vendor/symfony/twig-bridge/Extension/HttpKernelExtension.php on line 23
[Mon Sep 22 20:55:27.903398 2025] [php:error] [pid 271:tid 271] [client 192.168.144.1:33350] PHP Fatal error: Uncaught Error: Interface "Symfony\\Contracts\\HttpClient\\Exception\\TransportExceptionInterface" not found in /var/www/html/vendor/symfony/http-client/Exception/InvalidArgumentException.php:19\nStack trace:\n#0 {main}\n thrown in /var/www/html/vendor/symfony/http-client/Exception/InvalidArgumentException.php on line 19
[Mon Sep 22 20:56:33.624437 2025] [php:error] [pid 273:tid 273] [client 192.168.144.1:55576] PHP Fatal error: Trait "Symfony\\Component\\HttpClient\\Exception\\HttpExceptionTrait" not found in /var/www/html/vendor/symfony/http-client/Exception/RedirectionException.php on line 21
[Mon Sep 22 20:58:37.274306 2025] [php:error] [pid 277:tid 277] [client 192.168.144.1:34232] PHP Fatal error: Uncaught Error: Class "Twig\\Extension\\AbstractExtension" not found in /var/www/html/vendor/symfony/twig-bridge/Extension/HttpFoundationExtension.php:24\nStack trace:\n#0 {main}\n thrown in /var/www/html/vendor/symfony/twig-bridge/Extension/HttpFoundationExtension.php on line 24
[Mon Sep 22 20:59:34.959715 2025] [php:error] [pid 279:tid 279] [client 192.168.144.1:34624] PHP Fatal error: Uncaught Error: Class "Twig\\Extension\\AbstractExtension" not found in /var/www/html/vendor/symfony/twig-bridge/Extension/ExpressionExtension.php:23\nStack trace:\n#0 {main}\n thrown in /var/www/html/vendor/symfony/twig-bridge/Extension/ExpressionExtension.php on line 23
[Mon Sep 22 21:01:37.430785 2025] [php:error] [pid 257:tid 257] [client 192.168.144.1:41686] PHP Fatal error: Uncaught Error: Class "Symfony\\Component\\HttpKernel\\Exception\\HttpException" not found in /var/www/html/vendor/symfony/http-kernel/Exception/MethodNotAllowedHttpException.php:17\nStack trace:\n#0 {main}\n thrown in /var/www/html/vendor/symfony/http-kernel/Exception/MethodNotAllowedHttpException.php on line 17
[Mon Sep 22 21:02:31.784057 2025] [php:error] [pid 251:tid 251] [client 192.168.144.1:40888] PHP Fatal error: Trait "Symfony\\Component\\HttpClient\\Exception\\HttpExceptionTrait" not found in /var/www/html/vendor/symfony/http-client/Exception/ClientException.php on line 21
[Mon Sep 22 21:03:32.267454 2025] [php:error] [pid 271:tid 271] [client 192.168.144.1:50166] PHP Fatal error: Uncaught Error: Class "Symfony\\Component\\HttpKernel\\Exception\\HttpException" not found in /var/www/html/vendor/symfony/http-kernel/Exception/NotFoundHttpException.php:17\nStack trace:\n#0 {main}\n thrown in /var/www/html/vendor/symfony/http-kernel/Exception/NotFoundHttpException.php on line 17
[Mon Sep 22 21:04:35.467519 2025] [php:error] [pid 273:tid 273] [client 192.168.144.1:52490] PHP Fatal error: Uncaught Error: Class "Symfony\\Component\\HttpKernel\\Exception\\HttpException" not found in /var/www/html/vendor/symfony/http-kernel/Exception/BadRequestHttpException.php:17\nStack trace:\n#0 {main}\n thrown in /var/www/html/vendor/symfony/http-kernel/Exception/BadRequestHttpException.php on line 17
[Mon Sep 22 21:05:39.785902 2025] [php:error] [pid 275:tid 275] [client 192.168.144.1:49550] PHP Fatal error: Uncaught Error: Interface "Symfony\\Contracts\\HttpClient\\Exception\\DecodingExceptionInterface" not found in /var/www/html/vendor/symfony/http-client/Exception/EventSourceException.php:19\nStack trace:\n#0 {main}\n thrown in /var/www/html/vendor/symfony/http-client/Exception/EventSourceException.php on line 19
[Mon Sep 22 21:07:48.796195 2025] [php:error] [pid 279:tid 279] [client 192.168.144.1:55362] PHP Fatal error: Uncaught Error: Class "Symfony\\Component\\HttpKernel\\Exception\\HttpException" not found in /var/www/html/vendor/symfony/http-kernel/Exception/PreconditionRequiredHttpException.php:19\nStack trace:\n#0 {main}\n thrown in /var/www/html/vendor/symfony/http-kernel/Exception/PreconditionRequiredHttpException.php on line 19
[Mon Sep 22 21:08:45.915551 2025] [php:error] [pid 281:tid 281] [client 192.168.144.1:41012] PHP Fatal error: Uncaught Error: Interface "Symfony\\Contracts\\HttpClient\\Exception\\TransportExceptionInterface" not found in /var/www/html/vendor/symfony/http-client/Exception/TransportException.php:19\nStack trace:\n#0 {main}\n thrown in /var/www/html/vendor/symfony/http-client/Exception/TransportException.php on line 19
[Mon Sep 22 21:09:51.895178 2025] [php:error] [pid 257:tid 257] [client 192.168.144.1:49116] PHP Fatal error: Uncaught Error: Class "Symfony\\Component\\HttpKernel\\Exception\\HttpException" not found in /var/www/html/vendor/symfony/http-kernel/Exception/ConflictHttpException.php:17\nStack trace:\n#0 {main}\n thrown in /var/www/html/vendor/symfony/http-kernel/Exception/ConflictHttpException.php on line 17
[Mon Sep 22 21:11:53.717350 2025] [php:error] [pid 271:tid 271] [client 192.168.144.1:57884] PHP Fatal error: Uncaught Error: Class "Symfony\\Component\\HttpKernel\\Exception\\HttpException" not found in /var/www/html/vendor/symfony/http-kernel/Exception/UnprocessableEntityHttpException.php:17\nStack trace:\n#0 {main}\n thrown in /var/www/html/vendor/symfony/http-kernel/Exception/UnprocessableEntityHttpException.php on line 17
[Mon Sep 22 21:20:11.636685 2025] [php:error] [pid 277:tid 277] [client 192.168.144.1:52240] PHP Fatal error: Uncaught Error: Class "Symfony\\Component\\HttpKernel\\Exception\\HttpException" not found in /var/www/html/vendor/symfony/http-kernel/Exception/PreconditionFailedHttpException.php:17\nStack trace:\n#0 {main}\n thrown in /var/www/html/vendor/symfony/http-kernel/Exception/PreconditionFailedHttpException.php on line 17
[Mon Sep 22 21:22:04.124216 2025] [php:error] [pid 257:tid 257] [client 192.168.144.1:49100] PHP Fatal error: Uncaught Error: Call to undefined function Symfony\\Component\\Security\\Http\\EventListener\\trigger_deprecation() in /var/www/html/vendor/symfony/security-http/EventListener/RememberMeLogoutListener.php:19\nStack trace:\n#0 {main}\n thrown in /var/www/html/vendor/symfony/security-http/EventListener/RememberMeLogoutListener.php on line 19
[Mon Sep 22 21:25:00.575263 2025] [php:error] [pid 273:tid 273] [client 192.168.144.1:42772] PHP Fatal error: Uncaught Error: Class "Symfony\\Component\\HttpKernel\\Exception\\HttpException" not found in /var/www/html/vendor/symfony/http-kernel/Exception/UnsupportedMediaTypeHttpException.php:17\nStack trace:\n#0 {main}\n thrown in /var/www/html/vendor/symfony/http-kernel/Exception/UnsupportedMediaTypeHttpException.php on line 17
[Mon Sep 22 21:26:51.796315 2025] [php:error] [pid 277:tid 277] [client 192.168.144.1:46662] PHP Fatal error: Uncaught Error: Interface "Symfony\\Component\\EventDispatcher\\EventSubscriberInterface" not found in /var/www/html/vendor/symfony/security-http/EventListener/CsrfTokenClearingLogoutListener.php:23\nStack trace:\n#0 {main}\n thrown in /var/www/html/vendor/symfony/security-http/EventListener/CsrfTokenClearingLogoutListener.php on line 23
[Mon Sep 22 21:27:48.597244 2025] [php:error] [pid 279:tid 279] [client 192.168.144.1:34780] PHP Fatal error: Uncaught Error: Class "Symfony\\Component\\HttpKernel\\Bundle\\Bundle" not found in /var/www/html/vendor/doctrine/doctrine-migrations-bundle/src/DoctrineMigrationsBundle.php:13\nStack trace:\n#0 {main}\n thrown in /var/www/html/vendor/doctrine/doctrine-migrations-bundle/src/DoctrineMigrationsBundle.php on line 13
[Mon Sep 22 21:28:48.699232 2025] [php:error] [pid 281:tid 281] [client 192.168.144.1:57918] PHP Fatal error: Uncaught Error: Interface "Doctrine\\Common\\EventSubscriber" not found in /var/www/html/vendor/symfony/doctrine-bridge/SchemaListener/PdoCacheAdapterDoctrineSchemaSubscriber.php:26\nStack trace:\n#0 {main}\n thrown in /var/www/html/vendor/symfony/doctrine-bridge/SchemaListener/PdoCacheAdapterDoctrineSchemaSubscriber.php on line 26
[Mon Sep 22 21:29:53.215793 2025] [php:error] [pid 257:tid 257] [client 192.168.144.1:40128] PHP Fatal error: Uncaught Error: Interface "Symfony\\Component\\HttpFoundation\\Exception\\RequestExceptionInterface" not found in /var/www/html/vendor/symfony/http-foundation/Exception/JsonException.php:19\nStack trace:\n#0 {main}\n thrown in /var/www/html/vendor/symfony/http-foundation/Exception/JsonException.php on line 19
[Mon Sep 22 21:30:58.659653 2025] [php:error] [pid 251:tid 251] [client 192.168.144.1:51854] PHP Fatal error: Uncaught Error: Class "Symfony\\Component\\HttpKernel\\Exception\\HttpException" not found in /var/www/html/vendor/symfony/http-kernel/Exception/GoneHttpException.php:17\nStack trace:\n#0 {main}\n thrown in /var/www/html/vendor/symfony/http-kernel/Exception/GoneHttpException.php on line 17
[Mon Sep 22 21:34:56.973434 2025] [php:error] [pid 277:tid 277] [client 192.168.144.1:34452] PHP Fatal error: Uncaught Error: Interface "Symfony\\Component\\HttpFoundation\\Exception\\RequestExceptionInterface" not found in /var/www/html/vendor/symfony/http-foundation/Exception/ConflictingHeadersException.php:19\nStack trace:\n#0 {main}\n thrown in /var/www/html/vendor/symfony/http-foundation/Exception/ConflictingHeadersException.php on line 19
[Mon Sep 22 21:37:43.911886 2025] [php:error] [pid 257:tid 257] [client 192.168.144.1:37252] PHP Fatal error: Uncaught Error: Interface "phpDocumentor\\Reflection\\DocBlockFactoryInterface" not found in /var/www/html/vendor/phpdocumentor/reflection-docblock/src/DocBlockFactory.php:50\nStack trace:\n#0 {main}\n thrown in /var/www/html/vendor/phpdocumentor/reflection-docblock/src/DocBlockFactory.php on line 50
[Mon Sep 22 21:42:20.470318 2025] [php:error] [pid 277:tid 277] [client 192.168.144.1:47546] PHP Fatal error: Uncaught Error: Interface "Symfony\\Component\\HttpKernel\\Controller\\ArgumentValueResolverInterface" not found in /var/www/html/vendor/symfony/security-http/Controller/UserValueResolver.php:27\nStack trace:\n#0 {main}\n thrown in /var/www/html/vendor/symfony/security-http/Controller/UserValueResolver.php on line 27
